{"id":1305,"date":"2023-06-17T00:18:03","date_gmt":"2023-06-16T17:18:03","guid":{"rendered":"https:\/\/www.phivutabletennis.com\/?post_type=product&#038;p=1305"},"modified":"2023-06-19T22:43:14","modified_gmt":"2023-06-19T15:43:14","slug":"dai-bao-ve-khop-goi-loai-cung-phiten-supporter-knee_hard-type","status":"publish","type":"product","link":"https:\/\/www.phivutabletennis.com\/index.php\/product\/dai-bao-ve-khop-goi-loai-cung-phiten-supporter-knee_hard-type\/","title":{"rendered":"\u0110ai B\u1ea3o V\u1ec7 Kh\u1edbp G\u1ed1i (lo\u1ea1i c\u1ee9ng) &#8211; PHITEN SUPPORTER KNEE_HARD TYPE"},"content":{"rendered":"<p>\u0110ai b\u1ea3o v\u1ec7 \u0111\u1ea7u g\u1ed1i\u00a0AQUA TITANIUM Bandage Knee (lo\u1ea1i c\u1ee9ng). Ph\u1ea7n \u0111ai h\u1ed7 tr\u1ee3 \u0111\u01b0\u1ee3c l\u00e0m t\u1eeb ch\u1ea5t li\u1ec7u nylon\/polyrethane \u0111\u01b0\u1ee3c nh\u00fang v\u1edbi AQUA TITANIUM v\u00e0 AQUA PALLADIUM. S\u1ee9c c\u0103ng c\u1ee7a \u0111ai c\u00f3 th\u1ec3 \u0111i\u1ec1u ch\u1ec9nh d\u1ec5 d\u00e0ng v\u1edbi l\u1ef1c c\u0103ng nh\u1edd v\u00e0o ph\u1ea7n \u0111ai ph\u1ee5.<br \/>\n<strong>Ch\u1ea5t li\u1ec7u<\/strong>:\u00a0Th\u00e2n \u0111ai: 93% Nylon, 8% Polyurethane. L\u1edbp trong: 80% Nylon, 21% Polyester.<br \/>\n<strong>C\u00f4ng ngh\u1ec7<\/strong>:\u00a0AQUA-TITaniUM\u00ae v\u00e0 AQUA-PALLADIUM\u00ae<\/p>\n<p><strong>C\u00f4ng d\u1ee5ng<\/strong><br \/>\n&#8211; N\u1eb9p \u0111\u1ea7u g\u1ed1i k\u00e8m \u0111ai ph\u1ee5 ph\u00f9 h\u1ee3p, h\u1ed7 tr\u1ee3 v\u1eadn \u0111\u1ed9ng &amp; gi\u1ea3m \u0111au tuy\u1ec7t v\u1eddi<br \/>\n&#8211; S\u1eed d\u1ee5ng d\u00e2y \u0111eo \u0111ai linh ho\u1ea1t gi\u00fap th\u1eaft ch\u1eb7t v\u00e0 \u1ed5n \u0111\u1ecbnh kh\u1edbp g\u1ed1i<br \/>\n&#8211; \u0110ai h\u1ed7 tr\u1ee3 c\u00f3 th\u1ec3 th\u00e1o r\u1eddi<br \/>\n&#8211; Thi\u1ebft k\u1ebf t\u1ea1o s\u1ef1 tho\u1ea3i m\u00e1i m\u00e0 kh\u00f4ng c\u1ea3n tr\u1edf di chuy\u1ec3n.<br \/>\n&#8211; Th\u1ea5m h\u00fat m\u1ed3 h\u00f4i t\u1ed1t mang l\u1ea1i c\u1ea3m gi\u00e1c s\u1ea1ch s\u1ebd v\u00e0 tho\u1ea3i m\u00e1i.<br \/>\n&#8211; H\u1ed7 tr\u1ee3 ph\u1ee5c h\u1ed3i t\u1eeb vi\u00eam kh\u1edbp, vi\u00eam g\u00e2n, th\u1ea5p kh\u1edbp v\u00e0 c\u00e1c \u0111i\u1ec1u ki\u1ec7n v\u00e0 ch\u1ea5n th\u01b0\u01a1ng li\u00ean quan \u0111\u1ebfn \u0111\u1ea7u g\u1ed1i kh\u00e1c<br \/>\n&#8211; Gi\u00fap gi\u1ea3m \u0111au v\u00e0 h\u1ed7 tr\u1ee3 ph\u1ee5c h\u1ed3i sau nh\u1eefng thi\u1ec7t h\u1ea1i do ch\u01a1i c\u00e1c m\u00f4n th\u1ec3 thao nh\u01b0 tennis, b\u00f3ng r\u1ed5, b\u00f3ng chuy\u1ec1n, t\u1eadp t\u1ea1, golf v\u00e0 nhi\u1ec1u m\u00f4n kh\u00e1c.<\/p>\n<p><strong>Quy c\u00e1ch \u0111\u00f3ng g\u00f3i:\u00a0<\/strong>1 c\u00e1i\/h\u1ed9p<\/p>\n<p><strong>S\u1ea3n xu\u1ea5t t\u1ea1i Nh\u1eadt B\u1ea3n<\/strong><\/p>\n<p><strong>\u0110\u1ed1i t\u01b0\u1ee3ng s\u1eed d\u1ee5ng:<\/strong><\/p>\n<p>&#8211; H\u1ed7 tr\u1ee3 ph\u1ee5c h\u1ed3i sau ch\u1ea5n th\u01b0\u01a1ng \u0111\u1ea7u g\u1ed1i do th\u1ec3 thao nh\u01b0 tennis, b\u00f3ng r\u1ed5, b\u00f3ng chuy\u1ec1n, t\u1eadp t\u1ea1, golf,&#8230;<\/p>\n<p>&#8211; H\u1ed7 tr\u1ee3 ph\u1ee5c h\u1ed3i sau vi\u00eam kh\u1edbp, vi\u00eam g\u00e2n, th\u1ea5p kh\u1edbp v\u00e0 c\u00e1c t\u00ecnh tr\u1ea1ng v\u00e0 ch\u1ea5n th\u01b0\u01a1ng kh\u00e1c li\u00ean quan \u0111\u1ebfn \u0111\u1ea7u g\u1ed1i.<\/p>\n<p><a href=\"https:\/\/www.phivutabletennis.com\/wp-content\/uploads\/2023\/06\/iGMSLnjR4iz8Kgh4OX8hkYiAIfH8cX8uPR5RNKCf.jpeg\"><img loading=\"lazy\" decoding=\"async\" class=\"alignnone  wp-image-1458\" src=\"https:\/\/www.phivutabletennis.com\/wp-content\/uploads\/2023\/06\/iGMSLnjR4iz8Kgh4OX8hkYiAIfH8cX8uPR5RNKCf-199x300.jpeg\" alt=\"\" width=\"298\" height=\"449\" srcset=\"https:\/\/www.phivutabletennis.com\/wp-content\/uploads\/2023\/06\/iGMSLnjR4iz8Kgh4OX8hkYiAIfH8cX8uPR5RNKCf-199x300.jpeg 199w, https:\/\/www.phivutabletennis.com\/wp-content\/uploads\/2023\/06\/iGMSLnjR4iz8Kgh4OX8hkYiAIfH8cX8uPR5RNKCf-600x903.jpeg 600w, https:\/\/www.phivutabletennis.com\/wp-content\/uploads\/2023\/06\/iGMSLnjR4iz8Kgh4OX8hkYiAIfH8cX8uPR5RNKCf-681x1024.jpeg 681w, https:\/\/www.phivutabletennis.com\/wp-content\/uploads\/2023\/06\/iGMSLnjR4iz8Kgh4OX8hkYiAIfH8cX8uPR5RNKCf-768x1156.jpeg 768w, https:\/\/www.phivutabletennis.com\/wp-content\/uploads\/2023\/06\/iGMSLnjR4iz8Kgh4OX8hkYiAIfH8cX8uPR5RNKCf-1021x1536.jpeg 1021w, https:\/\/www.phivutabletennis.com\/wp-content\/uploads\/2023\/06\/iGMSLnjR4iz8Kgh4OX8hkYiAIfH8cX8uPR5RNKCf.jpeg 1361w\" sizes=\"auto, (max-width: 298px) 100vw, 298px\" \/><\/a> <a href=\"https:\/\/www.phivutabletennis.com\/wp-content\/uploads\/2023\/06\/L5zJrJ8TvydBmxw9sbxFHCBcWUBjluYJhr3RXJW5-1.jpeg\"><img loading=\"lazy\" decoding=\"async\" class=\"alignnone size-medium wp-image-1459\" src=\"https:\/\/www.phivutabletennis.com\/wp-content\/uploads\/2023\/06\/L5zJrJ8TvydBmxw9sbxFHCBcWUBjluYJhr3RXJW5-1-300x300.jpeg\" alt=\"\" width=\"300\" height=\"300\" srcset=\"https:\/\/www.phivutabletennis.com\/wp-content\/uploads\/2023\/06\/L5zJrJ8TvydBmxw9sbxFHCBcWUBjluYJhr3RXJW5-1-300x300.jpeg 300w, https:\/\/www.phivutabletennis.com\/wp-content\/uploads\/2023\/06\/L5zJrJ8TvydBmxw9sbxFHCBcWUBjluYJhr3RXJW5-1-100x100.jpeg 100w, https:\/\/www.phivutabletennis.com\/wp-content\/uploads\/2023\/06\/L5zJrJ8TvydBmxw9sbxFHCBcWUBjluYJhr3RXJW5-1-600x600.jpeg 600w, https:\/\/www.phivutabletennis.com\/wp-content\/uploads\/2023\/06\/L5zJrJ8TvydBmxw9sbxFHCBcWUBjluYJhr3RXJW5-1-1024x1024.jpeg 1024w, https:\/\/www.phivutabletennis.com\/wp-content\/uploads\/2023\/06\/L5zJrJ8TvydBmxw9sbxFHCBcWUBjluYJhr3RXJW5-1-150x150.jpeg 150w, https:\/\/www.phivutabletennis.com\/wp-content\/uploads\/2023\/06\/L5zJrJ8TvydBmxw9sbxFHCBcWUBjluYJhr3RXJW5-1-768x768.jpeg 768w, https:\/\/www.phivutabletennis.com\/wp-content\/uploads\/2023\/06\/L5zJrJ8TvydBmxw9sbxFHCBcWUBjluYJhr3RXJW5-1-1536x1536.jpeg 1536w, https:\/\/www.phivutabletennis.com\/wp-content\/uploads\/2023\/06\/L5zJrJ8TvydBmxw9sbxFHCBcWUBjluYJhr3RXJW5-1.jpeg 2048w\" sizes=\"auto, (max-width: 300px) 100vw, 300px\" \/><\/a> <a href=\"https:\/\/www.phivutabletennis.com\/wp-content\/uploads\/2023\/06\/Ry4yXpZxj0Mg1JYAYZPMSt10sf7INlnpFpfyxxIo.jpeg\"><img loading=\"lazy\" decoding=\"async\" class=\"alignnone size-medium wp-image-1460\" src=\"https:\/\/www.phivutabletennis.com\/wp-content\/uploads\/2023\/06\/Ry4yXpZxj0Mg1JYAYZPMSt10sf7INlnpFpfyxxIo-300x300.jpeg\" alt=\"\" width=\"300\" height=\"300\" srcset=\"https:\/\/www.phivutabletennis.com\/wp-content\/uploads\/2023\/06\/Ry4yXpZxj0Mg1JYAYZPMSt10sf7INlnpFpfyxxIo-300x300.jpeg 300w, https:\/\/www.phivutabletennis.com\/wp-content\/uploads\/2023\/06\/Ry4yXpZxj0Mg1JYAYZPMSt10sf7INlnpFpfyxxIo-100x100.jpeg 100w, https:\/\/www.phivutabletennis.com\/wp-content\/uploads\/2023\/06\/Ry4yXpZxj0Mg1JYAYZPMSt10sf7INlnpFpfyxxIo-600x600.jpeg 600w, https:\/\/www.phivutabletennis.com\/wp-content\/uploads\/2023\/06\/Ry4yXpZxj0Mg1JYAYZPMSt10sf7INlnpFpfyxxIo-1024x1024.jpeg 1024w, https:\/\/www.phivutabletennis.com\/wp-content\/uploads\/2023\/06\/Ry4yXpZxj0Mg1JYAYZPMSt10sf7INlnpFpfyxxIo-150x150.jpeg 150w, https:\/\/www.phivutabletennis.com\/wp-content\/uploads\/2023\/06\/Ry4yXpZxj0Mg1JYAYZPMSt10sf7INlnpFpfyxxIo-768x768.jpeg 768w, https:\/\/www.phivutabletennis.com\/wp-content\/uploads\/2023\/06\/Ry4yXpZxj0Mg1JYAYZPMSt10sf7INlnpFpfyxxIo-1536x1536.jpeg 1536w, https:\/\/www.phivutabletennis.com\/wp-content\/uploads\/2023\/06\/Ry4yXpZxj0Mg1JYAYZPMSt10sf7INlnpFpfyxxIo.jpeg 2048w\" sizes=\"auto, (max-width: 300px) 100vw, 300px\" \/><\/a> <a href=\"https:\/\/www.phivutabletennis.com\/wp-content\/uploads\/2023\/06\/WRjxLm3u6R7sfCgSOmnohz1HM44582q0iizwKrPS.jpeg\"><img loading=\"lazy\" decoding=\"async\" class=\"alignnone size-medium wp-image-1461\" src=\"https:\/\/www.phivutabletennis.com\/wp-content\/uploads\/2023\/06\/WRjxLm3u6R7sfCgSOmnohz1HM44582q0iizwKrPS-300x300.jpeg\" alt=\"\" width=\"300\" height=\"300\" srcset=\"https:\/\/www.phivutabletennis.com\/wp-content\/uploads\/2023\/06\/WRjxLm3u6R7sfCgSOmnohz1HM44582q0iizwKrPS-300x300.jpeg 300w, https:\/\/www.phivutabletennis.com\/wp-content\/uploads\/2023\/06\/WRjxLm3u6R7sfCgSOmnohz1HM44582q0iizwKrPS-100x100.jpeg 100w, https:\/\/www.phivutabletennis.com\/wp-content\/uploads\/2023\/06\/WRjxLm3u6R7sfCgSOmnohz1HM44582q0iizwKrPS-600x600.jpeg 600w, https:\/\/www.phivutabletennis.com\/wp-content\/uploads\/2023\/06\/WRjxLm3u6R7sfCgSOmnohz1HM44582q0iizwKrPS-1024x1024.jpeg 1024w, https:\/\/www.phivutabletennis.com\/wp-content\/uploads\/2023\/06\/WRjxLm3u6R7sfCgSOmnohz1HM44582q0iizwKrPS-150x150.jpeg 150w, https:\/\/www.phivutabletennis.com\/wp-content\/uploads\/2023\/06\/WRjxLm3u6R7sfCgSOmnohz1HM44582q0iizwKrPS-768x768.jpeg 768w, https:\/\/www.phivutabletennis.com\/wp-content\/uploads\/2023\/06\/WRjxLm3u6R7sfCgSOmnohz1HM44582q0iizwKrPS-1536x1536.jpeg 1536w, https:\/\/www.phivutabletennis.com\/wp-content\/uploads\/2023\/06\/WRjxLm3u6R7sfCgSOmnohz1HM44582q0iizwKrPS.jpeg 2048w\" sizes=\"auto, (max-width: 300px) 100vw, 300px\" \/><\/a><\/p>\n","protected":false},"excerpt":{"rendered":"<p>\u0110ai b\u1ea3o v\u1ec7 \u0111\u1ea7u g\u1ed1i\u00a0AQUA TITANIUM Bandage Knee (lo\u1ea1i c\u1ee9ng). Ph\u1ea7n \u0111ai h\u1ed7 tr\u1ee3 \u0111\u01b0\u1ee3c l\u00e0m t\u1eeb ch\u1ea5t li\u1ec7u nylon\/polyrethane \u0111\u01b0\u1ee3c nh\u00fang v\u1edbi AQUA TITANIUM v\u00e0 AQUA PALLADIUM. S\u1ee9c c\u0103ng c\u1ee7a \u0111ai c\u00f3 th\u1ec3 \u0111i\u1ec1u ch\u1ec9nh d\u1ec5 d\u00e0ng v\u1edbi l\u1ef1c c\u0103ng nh\u1edd v\u00e0o ph\u1ea7n \u0111ai ph\u1ee5. Ch\u1ea5t li\u1ec7u:\u00a0Th\u00e2n \u0111ai: 93% Nylon, 8% Polyurethane. L\u1edbp trong: [&hellip;]<\/p>\n","protected":false},"featured_media":1301,"comment_status":"open","ping_status":"closed","template":"","meta":{"_eb_attr":""},"product_cat":[95,100,92],"product_tag":[],"class_list":["post-1305","product","type-product","status-publish","has-post-thumbnail","hentry","product_cat-bang-dai-ho-tro","product_cat-dau-goi","product_cat-phiten"],"_links":{"self":[{"href":"https:\/\/www.phivutabletennis.com\/index.php\/wp-json\/wp\/v2\/product\/1305","targetHints":{"allow":["GET"]}}],"collection":[{"href":"https:\/\/www.phivutabletennis.com\/index.php\/wp-json\/wp\/v2\/product"}],"about":[{"href":"https:\/\/www.phivutabletennis.com\/index.php\/wp-json\/wp\/v2\/types\/product"}],"replies":[{"embeddable":true,"href":"https:\/\/www.phivutabletennis.com\/index.php\/wp-json\/wp\/v2\/comments?post=1305"}],"wp:featuredmedia":[{"embeddable":true,"href":"https:\/\/www.phivutabletennis.com\/index.php\/wp-json\/wp\/v2\/media\/1301"}],"wp:attachment":[{"href":"https:\/\/www.phivutabletennis.com\/index.php\/wp-json\/wp\/v2\/media?parent=1305"}],"wp:term":[{"taxonomy":"product_cat","embeddable":true,"href":"https:\/\/www.phivutabletennis.com\/index.php\/wp-json\/wp\/v2\/product_cat?post=1305"},{"taxonomy":"product_tag","embeddable":true,"href":"https:\/\/www.phivutabletennis.com\/index.php\/wp-json\/wp\/v2\/product_tag?post=1305"}],"curies":[{"name":"wp","href":"https:\/\/api.w.org\/{rel}","templated":true}]}}