{"id":1309,"date":"2023-06-17T00:19:16","date_gmt":"2023-06-16T17:19:16","guid":{"rendered":"https:\/\/www.phivutabletennis.com\/?post_type=product&#038;p=1309"},"modified":"2023-06-19T22:43:03","modified_gmt":"2023-06-19T15:43:03","slug":"dai-bao-ve-khop-goi-loai-vua-phiten-metax-supporter-knee_middle-type","status":"publish","type":"product","link":"https:\/\/www.phivutabletennis.com\/index.php\/product\/dai-bao-ve-khop-goi-loai-vua-phiten-metax-supporter-knee_middle-type\/","title":{"rendered":"\u0110ai B\u1ea3o V\u1ec7 Kh\u1edbp G\u1ed1i (lo\u1ea1i v\u1eeba)- PHITEN METAX SUPPORTER KNEE_MIDDLE TYPE"},"content":{"rendered":"<p><strong>\u0110ai B\u1ea3o V\u1ec7 Kh\u1edbp G\u1ed1i (lo\u1ea1i v\u1eeba)- PHITEN METAX SUPPORTER KNEE_MIDDLE TYPE<\/strong><\/p>\n<p>B\u0103ng b\u1ea3o v\u1ec7 \u0111\u1ea7u g\u1ed1i (lo\u1ea1i v\u1eeba) \u0111\u01b0\u1ee3c l\u00e0m t\u1eeb nylon\/polyarethane nh\u00fang v\u1edbi AQUA TITANIUM v\u00e0 AQUA PALLADIUM. D\u1ec5 s\u1eed d\u1ee5ng cho khu v\u1ef1c \u0111\u1ea7u g\u1ed1i v\u1edbi kh\u00f3a d\u00e1n Velcro. Ch\u00fa \u00fd: Kh\u00f4ng d\u00e1n qu\u00e1 ch\u1eb7t. Kh\u00f3a s\u1ebd bung ra khi b\u1ecb d\u00e1n qu\u00e1 ch\u1eb7t.<\/p>\n<p><strong>C\u00f4ng d\u1ee5ng<\/strong><br \/>\n&#8211; Gi\u00fap gi\u1ea3m \u0111au, c\u1ea3i thi\u1ec7n l\u01b0u th\u00f4ng m\u00e1u.<br \/>\n&#8211; Gi\u00fap gi\u1ea3m t\u00ecnh tr\u1ea1ng gi\u1eef n\u01b0\u1edbc v\u00e0 s\u01b0ng kh\u1edbp.<br \/>\n&#8211; Th\u1ea5m h\u00fat m\u1ed3 h\u00f4i cho c\u1ea3m gi\u00e1c s\u1ea1ch s\u1ebd v\u00e0 tho\u1ea3i m\u00e1i.<br \/>\n&#8211; Thi\u1ebft k\u1ebf kh\u00f4ng c\u1ea3n tr\u1edf di chuy\u1ec3n.<br \/>\n&#8211; Tho\u1ea3i m\u00e1i di chuy\u1ec3n m\u00e0 kh\u00f4ng lo l\u00e0m t\u1ed5n th\u01b0\u01a1ng do s\u1ef1 c\u0103ng th\u1eb3ng kh\u00f4ng c\u1ea7n thi\u1ebft tr\u00ean c\u00e1c c\u01a1 v\u00e0 d\u00e2y ch\u1eb1ng.<br \/>\n&#8211; \u0110\u01b0\u1ee3c thi\u1ebft k\u1ebf \u0111\u1ec3 \u1ed5n \u0111\u1ecbnh c\u00e1c kh\u1edbp c\u1ee7a b\u1ea1n, v\u00e0 n\u00e9n c\u00e1c c\u01a1 v\u00e0 d\u00e2y ch\u1eb1ng xung quanh \u0111\u1ec3 chuy\u1ec3n \u0111\u1ed9ng tho\u1ea3i m\u00e1i h\u01a1n.<br \/>\n&#8211; S\u1eed d\u1ee5ng \u0111\u01b0\u1ee3c cho c\u1ea3 b\u00ean tr\u00e1i v\u00e0 ph\u1ea3i.<br \/>\n<strong>Quy c\u00e1ch \u0111\u00f3ng g\u00f3i:<\/strong>\u00a01 c\u00e1i\/h\u1ed9p<\/p>\n<p><strong>Ch\u1ea5t li\u1ec7u:<\/strong>\u00a0Th\u00e2n ch\u00ednh: 93% Nylon, 8% Polyurethane, L\u1edbp b\u00ean trong: 80% Nylon, 21% Polyurethane<br \/>\n<strong>\u0110o k\u00edch c\u1ee1:<\/strong>\u00a0\u0110o chu vi ph\u1ea7n \u0111\u00f9i cao h\u01a1n 5cm so v\u1edbi b\u00e1nh ch\u00e8<br \/>\n<strong>C\u00f4ng ngh\u1ec7:<\/strong>\u00a0Metax<br \/>\n<strong>S\u1ea3n xu\u1ea5t t\u1ea1i Nh\u1eadt B\u1ea3n<\/strong><\/p>\n<p><strong>\u0110\u1ed1i t\u01b0\u1ee3ng s\u1eed d\u1ee5ng:<\/strong><\/p>\n<p>&#8211; Ng\u01b0\u1eddi \u0111au kh\u1edbp g\u1ed1i, tho\u00e1i h\u00f3a kh\u1edbp g\u1ed1i<\/p>\n<p>&#8211; Ng\u01b0\u1eddi l\u1edbn tu\u1ed5i \u0111au nh\u1ee9c kh\u1edbp g\u1ed1i khi tr\u1eddi l\u1ea1nh, l\u00ean xu\u1ed1ng c\u1ea7u thang<\/p>\n<p>&#8211; H\u1ed7 tr\u1ee3 b\u1ea3o v\u1ec7 kh\u1edbp g\u1ed1i, gi\u1ea3m ch\u1ea5n th\u01b0\u01a1ng cho ng\u01b0\u1eddi ch\u01a1i th\u1ec3 thao, v\u1eadn \u0111\u1ed9ng vi\u00ean th\u1ec3 thao.<\/p>\n","protected":false},"excerpt":{"rendered":"<p>\u0110ai B\u1ea3o V\u1ec7 Kh\u1edbp G\u1ed1i (lo\u1ea1i v\u1eeba)- PHITEN METAX SUPPORTER KNEE_MIDDLE TYPE B\u0103ng b\u1ea3o v\u1ec7 \u0111\u1ea7u g\u1ed1i (lo\u1ea1i v\u1eeba) \u0111\u01b0\u1ee3c l\u00e0m t\u1eeb nylon\/polyarethane nh\u00fang v\u1edbi AQUA TITANIUM v\u00e0 AQUA PALLADIUM. D\u1ec5 s\u1eed d\u1ee5ng cho khu v\u1ef1c \u0111\u1ea7u g\u1ed1i v\u1edbi kh\u00f3a d\u00e1n Velcro. Ch\u00fa \u00fd: Kh\u00f4ng d\u00e1n qu\u00e1 ch\u1eb7t. Kh\u00f3a s\u1ebd bung ra khi b\u1ecb d\u00e1n [&hellip;]<\/p>\n","protected":false},"featured_media":1307,"comment_status":"open","ping_status":"closed","template":"","meta":{"_eb_attr":""},"product_cat":[95,100,92],"product_tag":[],"class_list":["post-1309","product","type-product","status-publish","has-post-thumbnail","hentry","product_cat-bang-dai-ho-tro","product_cat-dau-goi","product_cat-phiten"],"_links":{"self":[{"href":"https:\/\/www.phivutabletennis.com\/index.php\/wp-json\/wp\/v2\/product\/1309","targetHints":{"allow":["GET"]}}],"collection":[{"href":"https:\/\/www.phivutabletennis.com\/index.php\/wp-json\/wp\/v2\/product"}],"about":[{"href":"https:\/\/www.phivutabletennis.com\/index.php\/wp-json\/wp\/v2\/types\/product"}],"replies":[{"embeddable":true,"href":"https:\/\/www.phivutabletennis.com\/index.php\/wp-json\/wp\/v2\/comments?post=1309"}],"wp:featuredmedia":[{"embeddable":true,"href":"https:\/\/www.phivutabletennis.com\/index.php\/wp-json\/wp\/v2\/media\/1307"}],"wp:attachment":[{"href":"https:\/\/www.phivutabletennis.com\/index.php\/wp-json\/wp\/v2\/media?parent=1309"}],"wp:term":[{"taxonomy":"product_cat","embeddable":true,"href":"https:\/\/www.phivutabletennis.com\/index.php\/wp-json\/wp\/v2\/product_cat?post=1309"},{"taxonomy":"product_tag","embeddable":true,"href":"https:\/\/www.phivutabletennis.com\/index.php\/wp-json\/wp\/v2\/product_tag?post=1309"}],"curies":[{"name":"wp","href":"https:\/\/api.w.org\/{rel}","templated":true}]}}