{"id":1354,"date":"2023-06-17T00:40:59","date_gmt":"2023-06-16T17:40:59","guid":{"rendered":"https:\/\/www.phivutabletennis.com\/?post_type=product&#038;p=1354"},"modified":"2023-06-19T22:39:18","modified_gmt":"2023-06-19T15:39:18","slug":"dai-bao-ve-lung-that-lung-loai-vua-phiten-supporter-waist-belt_middle-type","status":"publish","type":"product","link":"https:\/\/www.phivutabletennis.com\/index.php\/product\/dai-bao-ve-lung-that-lung-loai-vua-phiten-supporter-waist-belt_middle-type\/","title":{"rendered":"\u0110ai B\u1ea3o V\u1ec7 L\u01b0ng\/ Th\u1eaft L\u01b0ng (lo\u1ea1i v\u1eeba) &#8211; PHITEN SUPPORTER WAIST BELT_MIDDLE TYPE"},"content":{"rendered":"<p>\u0110ai b\u1ea3o v\u1ec7 l\u01b0ng (lo\u1ea1i v\u1eeba) t\u1ea1o s\u1ef1 tho\u1ea3i m\u00e1i, n\u0103ng \u0111\u1ed9ng v\u00e0 th\u00f4ng tho\u00e1ng, \u0111\u01b0\u1ee3c l\u00e0m t\u1eeb v\u1eadt li\u1ec7u l\u01b0\u1edbi nh\u1eb9 v\u00e0 \u0111\u01b0\u1ee3c trang b\u1ecb d\u00e2y \u0111ai an to\u00e0n c\u00f3 th\u1ec3 th\u00e1o l\u1eafp \u0111\u01b0\u1ee3c. Thanh nh\u1ef1a b\u1ec1n s\u1ebd mang \u0111\u1ebfn s\u1ef1 h\u1ed7 tr\u1ee3 cao cho v\u00f9ng th\u1eaft l\u01b0ng c\u1ee7a b\u1ea1n. C\u1ea5u tr\u00fac s\u1ee3i m\u1ecfng nh\u01b0ng b\u1ec1n ch\u1eafc gi\u00fap b\u1ea1n tho\u1ea3i m\u00e1i, linh ho\u1ea1t v\u00e0 th\u00f4ng tho\u00e1ng khi b\u1ea1n di chuy\u1ec3n.<br \/>\n<strong>C\u00f4ng ngh\u1ec7<\/strong>: AQUA TITANIUM v\u00e0 AQUA PALLADIUM<br \/>\n<strong>Ch\u1ea5t li\u1ec7u<\/strong>: Th\u00e2n \u0111ai (B\u1ec1 m\u1eb7t), khu v\u1ef1c trung t\u00e2m &#8211; Nylon 74%, Polyurethane 26%<br \/>\nTh\u00e2n \u0111ai (b\u1ec1 m\u1eb7t), c\u1ea3 2 m\u1eb7t: Nylon 100%.<br \/>\nTh\u00e2n \u0111ai (m\u1eb7t sau), khu v\u1ef1c trung t\u00e2m- Nylon 74%, Polyurethane 26%.<br \/>\nTh\u00e2n \u0111ai (m\u1eb7t sau), c\u1ea3 2 m\u1eb7t- Nylon 86%, Polyurethane 14%<br \/>\n\u0110ai h\u1ed7 tr\u1ee3 &#8211; Polyester 81%, Polyurethane 19%<br \/>\nKh\u00f3a d\u00e1n: Polyester 100%<br \/>\n<strong>S\u1ea3n xu\u1ea5t t\u1ea1i Nh\u1eadt B\u1ea3n.<\/strong><\/p>\n<p><strong>C\u00f4ng d\u1ee5ng<\/strong><br \/>\n\u0110ai thi\u1ebft k\u1ebf nh\u1eb9 v\u00e0 tho\u00e1ng kh\u00ed<br \/>\nH\u1ed7 tr\u1ee3 \u1ed5n \u0111\u1ecbnh c\u00e1c kh\u1edbp, n\u00e9n c\u00e1c c\u01a1 v\u00e0 g\u00e2n xung quanh \u0111\u1ec3 di chuy\u1ec3n tho\u1ea3i m\u00e1i h\u01a1n.<br \/>\nH\u1ea5p th\u1ee5 ch\u1ea5n th\u01b0\u01a1ng v\u00e0 c\u0103ng th\u1eb3ng \u1edf d\u00e2y ch\u1eb1ng<br \/>\nMang l\u1ea1i s\u1ef1 an t\u00e2m khi v\u1eadn \u0111\u1ed9ng m\u00e0 kh\u00f4ng ph\u1ea3i lo l\u1eafng l\u00e0m t\u1ed5n th\u01b0\u01a1ng do s\u1ef1 c\u0103ng th\u1eb3ng kh\u00f4ng c\u1ea7n thi\u1ebft tr\u00ean c\u00e1c c\u01a1 v\u00e0 d\u00e2y ch\u1eb1ng.<br \/>\nH\u1ea5p th\u1ee5 \u0111\u1ed9 \u1ea9m v\u00e0 m\u1ed3 h\u00f4i t\u1ed1t cho c\u1ea3m gi\u00e1c s\u1ea1ch s\u1ebd v\u00e0 tho\u1ea3i m\u00e1i.<br \/>\nT\u0103ng gi\u1ea3m \u0111\u1ed9 n\u00e9n b\u1eb1ng c\u00e1ch \u0111i\u1ec1u ch\u1ec9nh v\u00e0nh \u0111ai<br \/>\nGi\u00fap c\u1ea3i thi\u1ec7n l\u01b0u th\u00f4ng m\u00e1u<br \/>\nGi\u1ea3m \u0111au kh\u1edbp v\u00e0 c\u01a1 b\u1eafp; \u00a0h\u1ed7 tr\u1ee3 ph\u1ee5c h\u1ed3i t\u1eeb vi\u00eam kh\u1edbp, vi\u00eam g\u00e2n, th\u1ea5p kh\u1edbp v\u00e0 c\u00e1c \u0111i\u1ec1u ki\u1ec7n v\u00e0 ch\u1ea5n th\u01b0\u01a1ng kh\u00e1c<br \/>\nHo\u00e0n h\u1ea3o \u0111\u1ec3 s\u1eed d\u1ee5ng h\u00e0ng ng\u00e0y.<br \/>\n<strong>Quy c\u00e1ch \u0111\u00f3ng g\u00f3i: 1 c\u00e1i\/h\u1ed9p<\/strong><\/p>\n<p><strong>\u0110\u1ed1i t\u01b0\u1ee3ng s\u1eed d\u1ee5ng:<\/strong><\/p>\n<p>&#8211; D\u00e2n v\u0103n ph\u00f2ng b\u1ecb \u0111au l\u01b0ng, \u0111au c\u1ed9t s\u1ed1ng<\/p>\n<p>&#8211; Ng\u01b0\u1eddi \u0111au l\u01b0ng do ng\u1ed3i l\u00e2u, ng\u1ed3i sai t\u01b0 th\u1ebf<\/p>\n<p>&#8211; Ng\u01b0\u1eddi c\u1ea7n h\u1ed7 tr\u1ee3 ph\u1ee5c h\u1ed3i sau vi\u00eam kh\u1edbp, vi\u00eam g\u00e2n, th\u1ea5p kh\u1edbp v\u00e0 c\u00e1c b\u1ec7nh x\u01b0\u01a1ng ch\u1eadu kh\u00e1c, th\u1eaft l\u01b0ng v\u00e0 c\u00e1c ch\u1ea5n th\u01b0\u01a1ng li\u00ean quan \u0111\u1ebfn l\u01b0ng.<\/p>\n","protected":false},"excerpt":{"rendered":"<p>\u0110ai b\u1ea3o v\u1ec7 l\u01b0ng (lo\u1ea1i v\u1eeba) t\u1ea1o s\u1ef1 tho\u1ea3i m\u00e1i, n\u0103ng \u0111\u1ed9ng v\u00e0 th\u00f4ng tho\u00e1ng, \u0111\u01b0\u1ee3c l\u00e0m t\u1eeb v\u1eadt li\u1ec7u l\u01b0\u1edbi nh\u1eb9 v\u00e0 \u0111\u01b0\u1ee3c trang b\u1ecb d\u00e2y \u0111ai an to\u00e0n c\u00f3 th\u1ec3 th\u00e1o l\u1eafp \u0111\u01b0\u1ee3c. Thanh nh\u1ef1a b\u1ec1n s\u1ebd mang \u0111\u1ebfn s\u1ef1 h\u1ed7 tr\u1ee3 cao cho v\u00f9ng th\u1eaft l\u01b0ng c\u1ee7a b\u1ea1n. C\u1ea5u tr\u00fac s\u1ee3i m\u1ecfng [&hellip;]<\/p>\n","protected":false},"featured_media":1356,"comment_status":"open","ping_status":"closed","template":"","meta":{"_eb_attr":""},"product_cat":[95,101,92],"product_tag":[],"class_list":["post-1354","product","type-product","status-publish","has-post-thumbnail","hentry","product_cat-bang-dai-ho-tro","product_cat-lung","product_cat-phiten"],"_links":{"self":[{"href":"https:\/\/www.phivutabletennis.com\/index.php\/wp-json\/wp\/v2\/product\/1354","targetHints":{"allow":["GET"]}}],"collection":[{"href":"https:\/\/www.phivutabletennis.com\/index.php\/wp-json\/wp\/v2\/product"}],"about":[{"href":"https:\/\/www.phivutabletennis.com\/index.php\/wp-json\/wp\/v2\/types\/product"}],"replies":[{"embeddable":true,"href":"https:\/\/www.phivutabletennis.com\/index.php\/wp-json\/wp\/v2\/comments?post=1354"}],"wp:featuredmedia":[{"embeddable":true,"href":"https:\/\/www.phivutabletennis.com\/index.php\/wp-json\/wp\/v2\/media\/1356"}],"wp:attachment":[{"href":"https:\/\/www.phivutabletennis.com\/index.php\/wp-json\/wp\/v2\/media?parent=1354"}],"wp:term":[{"taxonomy":"product_cat","embeddable":true,"href":"https:\/\/www.phivutabletennis.com\/index.php\/wp-json\/wp\/v2\/product_cat?post=1354"},{"taxonomy":"product_tag","embeddable":true,"href":"https:\/\/www.phivutabletennis.com\/index.php\/wp-json\/wp\/v2\/product_tag?post=1354"}],"curies":[{"name":"wp","href":"https:\/\/api.w.org\/{rel}","templated":true}]}}