{"id":1856,"date":"2023-06-20T01:15:03","date_gmt":"2023-06-19T18:15:03","guid":{"rendered":"https:\/\/www.phivutabletennis.com\/?post_type=product&#038;p=1856"},"modified":"2023-06-27T20:16:56","modified_gmt":"2023-06-27T13:16:56","slug":"vong-co-phiten-rakuwa-mg","status":"publish","type":"product","link":"https:\/\/www.phivutabletennis.com\/index.php\/product\/vong-co-phiten-rakuwa-mg\/","title":{"rendered":"V\u00f2ng C\u1ed5 PHITEN RAKUWA MG"},"content":{"rendered":"<p>V\u00f2ng c\u1ed5 Phiten Rakuwa MG<br \/>\n<strong>M\u00f4 t\u1ea3 s\u1ea3n ph\u1ea9m<\/strong><br \/>\nV\u00f2ng c\u1ed5 Phiten Rakuwa MG \u0111\u01b0\u1ee3c s\u1eed d\u1ee5ng c\u00f4ng ngh\u1ec7 AQUA TITANIUM X10, c\u00f2n ch\u1ee9a th\u00eam th\u00e0nh ph\u1ea7n nam ch\u00e2m 50 mili Tesla ph\u1ea7n l\u1ed7i d\u00e2y b\u00ean trong, th\u00edch h\u1ee3p trong vi\u1ec7c gi\u1ea3m m\u1ec7t nh\u1ecdc khi l\u00e0m vi\u1ec7c v\u0103n ph\u00f2ng ho\u1eb7c ch\u01a1i th\u1ec3 thao<br \/>\nV\u00f2ng c\u1ed5 Phiten Rakuwa MG \u0111\u01b0\u1ee3c \u0111\u0103ng k\u00ed l\u00e0 m\u1ed9t thi\u1ebft b\u1ecb y t\u1ebf t\u1ea1i Nh\u1eadt B\u1ea3n (S\u1ed1 \u0111\u0103ng k\u00ed thi\u1ebft b\u1ecb: 224AGBZX00119000)<br \/>\n<strong>Ch\u1ea5t li\u1ec7u:\u00a0<\/strong>L\u00f5i d\u00e2y (nam ch\u00e2m, s\u1eaft t\u1eeb (50 militesla)), Ph\u1ea7n l\u00f5i d\u00e2y ngo\u00e0i (polyester) v\u00e0 Ph\u1ea7n kh\u00f3a (th\u00e9p kh\u00f4ng g\u1ec9, polyacetal)<br \/>\n<strong>C\u00f4ng ngh\u1ec7 v\u00e0 Ch\u1ea5t li\u1ec7u:\u00a0<\/strong>AQUA TITAN X10, H\u1ea1t tr\u00f2n MICRO TITANIUM<br \/>\n<strong>C\u00f4ng d\u1ee5ng:<\/strong><\/p>\n<p>&#8211; Gi\u00fap gi\u1ea3m b\u1edbt c\u0103ng th\u1eb3ng.<\/p>\n<p>&#8211; Gi\u00fap c\u1ea3i thi\u1ec7n l\u01b0u th\u00f4ng m\u00e1u.<\/p>\n<p>&#8211; T\u0103ng c\u01b0\u1eddng s\u1ee9c m\u1ea1nh v\u00e0 t\u00ednh linh ho\u1ea1t.<\/p>\n<p>&#8211; Gi\u00fap ng\u1ee7 ngon v\u00e0 ng\u1ee7 s\u00e2u h\u01a1n.<\/p>\n<p>&#8211; Gi\u1ea3m \u0111au c\u1ed5 vai g\u00e1y<\/p>\n<p>&#8211; H\u1ed7 tr\u1ee3 cho ng\u01b0\u1eddi ch\u01a1i th\u1ec3 thao ho\u1eb7c c\u00e1c ho\u1ea1t \u0111\u1ed9ng h\u00e0ng ng\u00e0y<\/p>\n<p>&#8211; Gi\u00fap th\u01b0 gi\u00e3n c\u01a1 b\u1eafp.<\/p>\n<p><strong>K\u00edch th\u01b0\u1edbc:\u00a0<\/strong>45cm,<br \/>\n<strong>L\u01b0u \u00fd<\/strong>:\u00a0B\u1ea3o qu\u1ea3n \u1edf n\u01a1i s\u1ea1ch v\u00e0 kh\u00f4 r\u00e1o&#8221;<br \/>\n<strong>Th\u01b0\u01a1ng hi\u1ec7u:<\/strong>\u00a0Phiten<br \/>\n<strong>S\u1ea3n xu\u1ea5t:<\/strong>\u00a0t\u1ea1i Nh\u1eadt B\u1ea3n<br \/>\n<strong>Quy c\u00e1ch \u0111\u00f3ng g\u00f3i:<\/strong>\u00a01 c\u00e1i\/h\u1ed9p<\/p>\n<p dir=\"ltr\"><strong>\u0110\u1ed1i t\u01b0\u1ee3ng s\u1eed d\u1ee5ng:<\/strong><\/p>\n<p dir=\"ltr\">&#8211; Ph\u00f9 h\u1ee3p cho m\u1ecdi l\u1ee9a tu\u1ed5i<\/p>\n<p dir=\"ltr\">&#8211; Ng\u01b0\u1eddi cao huy\u1ebft \u00e1p, huy\u1ebft \u00e1p kh\u00f4ng \u1ed5n \u0111\u1ecbnh<\/p>\n<p dir=\"ltr\">&#8211; Ng\u01b0\u1eddi m\u1eafc c\u00e1c ch\u1ee9ng \u0111au c\u1ed5 vai g\u00e1y<\/p>\n<p dir=\"ltr\">&#8211; Ng\u01b0\u1eddi m\u1ea5t ng\u1ee7, kh\u00f3 ng\u1ee7 hay gi\u1ea5c ng\u1ee7 kh\u00f4ng s\u00e2u<\/p>\n<p dir=\"ltr\">&#8211; Ng\u01b0\u1eddi ch\u01a1i th\u1ec3 thao, v\u1eadn \u0111\u1ed9ng vi\u00ean th\u1ec3 thao.<a href=\"https:\/\/www.phivutabletennis.com\/wp-content\/uploads\/2023\/06\/B8AEGe8gAfGlJWmUc2HV9deyw1CaCH6AEvFkMBro.jpeg\"><img loading=\"lazy\" decoding=\"async\" class=\"alignnone size-full wp-image-1859\" src=\"https:\/\/www.phivutabletennis.com\/wp-content\/uploads\/2023\/06\/B8AEGe8gAfGlJWmUc2HV9deyw1CaCH6AEvFkMBro.jpeg\" alt=\"\" width=\"896\" height=\"469\" srcset=\"https:\/\/www.phivutabletennis.com\/wp-content\/uploads\/2023\/06\/B8AEGe8gAfGlJWmUc2HV9deyw1CaCH6AEvFkMBro.jpeg 896w, https:\/\/www.phivutabletennis.com\/wp-content\/uploads\/2023\/06\/B8AEGe8gAfGlJWmUc2HV9deyw1CaCH6AEvFkMBro-600x314.jpeg 600w, https:\/\/www.phivutabletennis.com\/wp-content\/uploads\/2023\/06\/B8AEGe8gAfGlJWmUc2HV9deyw1CaCH6AEvFkMBro-300x157.jpeg 300w, https:\/\/www.phivutabletennis.com\/wp-content\/uploads\/2023\/06\/B8AEGe8gAfGlJWmUc2HV9deyw1CaCH6AEvFkMBro-768x402.jpeg 768w\" sizes=\"auto, (max-width: 896px) 100vw, 896px\" \/><\/a> <a href=\"https:\/\/www.phivutabletennis.com\/wp-content\/uploads\/2023\/06\/Ax918nSIJKsXKx52zgg9zoVCt99i4GWWfCvUZSCS.jpeg\"><img loading=\"lazy\" decoding=\"async\" class=\"alignnone size-full wp-image-1858\" src=\"https:\/\/www.phivutabletennis.com\/wp-content\/uploads\/2023\/06\/Ax918nSIJKsXKx52zgg9zoVCt99i4GWWfCvUZSCS.jpeg\" alt=\"\" width=\"896\" height=\"891\" srcset=\"https:\/\/www.phivutabletennis.com\/wp-content\/uploads\/2023\/06\/Ax918nSIJKsXKx52zgg9zoVCt99i4GWWfCvUZSCS.jpeg 896w, https:\/\/www.phivutabletennis.com\/wp-content\/uploads\/2023\/06\/Ax918nSIJKsXKx52zgg9zoVCt99i4GWWfCvUZSCS-100x100.jpeg 100w, https:\/\/www.phivutabletennis.com\/wp-content\/uploads\/2023\/06\/Ax918nSIJKsXKx52zgg9zoVCt99i4GWWfCvUZSCS-600x597.jpeg 600w, https:\/\/www.phivutabletennis.com\/wp-content\/uploads\/2023\/06\/Ax918nSIJKsXKx52zgg9zoVCt99i4GWWfCvUZSCS-300x298.jpeg 300w, https:\/\/www.phivutabletennis.com\/wp-content\/uploads\/2023\/06\/Ax918nSIJKsXKx52zgg9zoVCt99i4GWWfCvUZSCS-150x150.jpeg 150w, https:\/\/www.phivutabletennis.com\/wp-content\/uploads\/2023\/06\/Ax918nSIJKsXKx52zgg9zoVCt99i4GWWfCvUZSCS-768x764.jpeg 768w\" sizes=\"auto, (max-width: 896px) 100vw, 896px\" \/><\/a> <a href=\"https:\/\/www.phivutabletennis.com\/wp-content\/uploads\/2023\/06\/yuH7Fg3VYakZiOl12gVg4QVgFi5wmv4vgL34J3jA.jpeg\"><img loading=\"lazy\" decoding=\"async\" class=\"alignnone size-full wp-image-1860\" src=\"https:\/\/www.phivutabletennis.com\/wp-content\/uploads\/2023\/06\/yuH7Fg3VYakZiOl12gVg4QVgFi5wmv4vgL34J3jA.jpeg\" alt=\"\" width=\"896\" height=\"1118\" srcset=\"https:\/\/www.phivutabletennis.com\/wp-content\/uploads\/2023\/06\/yuH7Fg3VYakZiOl12gVg4QVgFi5wmv4vgL34J3jA.jpeg 896w, https:\/\/www.phivutabletennis.com\/wp-content\/uploads\/2023\/06\/yuH7Fg3VYakZiOl12gVg4QVgFi5wmv4vgL34J3jA-600x749.jpeg 600w, https:\/\/www.phivutabletennis.com\/wp-content\/uploads\/2023\/06\/yuH7Fg3VYakZiOl12gVg4QVgFi5wmv4vgL34J3jA-240x300.jpeg 240w, https:\/\/www.phivutabletennis.com\/wp-content\/uploads\/2023\/06\/yuH7Fg3VYakZiOl12gVg4QVgFi5wmv4vgL34J3jA-821x1024.jpeg 821w, https:\/\/www.phivutabletennis.com\/wp-content\/uploads\/2023\/06\/yuH7Fg3VYakZiOl12gVg4QVgFi5wmv4vgL34J3jA-768x958.jpeg 768w\" sizes=\"auto, (max-width: 896px) 100vw, 896px\" \/><\/a> <a href=\"https:\/\/www.phivutabletennis.com\/wp-content\/uploads\/2023\/06\/WlDeMtpJzTx1YNe3G66ze2fRlw1ntbYQ3hWCUFcT.jpeg\"><img loading=\"lazy\" decoding=\"async\" class=\"alignnone size-full wp-image-1855\" src=\"https:\/\/www.phivutabletennis.com\/wp-content\/uploads\/2023\/06\/WlDeMtpJzTx1YNe3G66ze2fRlw1ntbYQ3hWCUFcT.jpeg\" alt=\"\" width=\"896\" height=\"604\" srcset=\"https:\/\/www.phivutabletennis.com\/wp-content\/uploads\/2023\/06\/WlDeMtpJzTx1YNe3G66ze2fRlw1ntbYQ3hWCUFcT.jpeg 896w, https:\/\/www.phivutabletennis.com\/wp-content\/uploads\/2023\/06\/WlDeMtpJzTx1YNe3G66ze2fRlw1ntbYQ3hWCUFcT-600x404.jpeg 600w, https:\/\/www.phivutabletennis.com\/wp-content\/uploads\/2023\/06\/WlDeMtpJzTx1YNe3G66ze2fRlw1ntbYQ3hWCUFcT-300x202.jpeg 300w, https:\/\/www.phivutabletennis.com\/wp-content\/uploads\/2023\/06\/WlDeMtpJzTx1YNe3G66ze2fRlw1ntbYQ3hWCUFcT-768x518.jpeg 768w\" sizes=\"auto, (max-width: 896px) 100vw, 896px\" \/><\/a><\/p>\n","protected":false},"excerpt":{"rendered":"<p>V\u00f2ng c\u1ed5 Phiten Rakuwa MG M\u00f4 t\u1ea3 s\u1ea3n ph\u1ea9m V\u00f2ng c\u1ed5 Phiten Rakuwa MG \u0111\u01b0\u1ee3c s\u1eed d\u1ee5ng c\u00f4ng ngh\u1ec7 AQUA TITANIUM X10, c\u00f2n ch\u1ee9a th\u00eam th\u00e0nh ph\u1ea7n nam ch\u00e2m 50 mili Tesla ph\u1ea7n l\u1ed7i d\u00e2y b\u00ean trong, th\u00edch h\u1ee3p trong vi\u1ec7c gi\u1ea3m m\u1ec7t nh\u1ecdc khi l\u00e0m vi\u1ec7c v\u0103n ph\u00f2ng ho\u1eb7c ch\u01a1i th\u1ec3 thao V\u00f2ng c\u1ed5 [&hellip;]<\/p>\n","protected":false},"featured_media":1861,"comment_status":"open","ping_status":"closed","template":"","meta":{"_eb_attr":""},"product_cat":[92,122,112],"product_tag":[],"class_list":["post-1856","product","type-product","status-publish","has-post-thumbnail","hentry","product_cat-phiten","product_cat-vong-tay-rakuwa-mg-series","product_cat-vong-co"],"_links":{"self":[{"href":"https:\/\/www.phivutabletennis.com\/index.php\/wp-json\/wp\/v2\/product\/1856","targetHints":{"allow":["GET"]}}],"collection":[{"href":"https:\/\/www.phivutabletennis.com\/index.php\/wp-json\/wp\/v2\/product"}],"about":[{"href":"https:\/\/www.phivutabletennis.com\/index.php\/wp-json\/wp\/v2\/types\/product"}],"replies":[{"embeddable":true,"href":"https:\/\/www.phivutabletennis.com\/index.php\/wp-json\/wp\/v2\/comments?post=1856"}],"wp:featuredmedia":[{"embeddable":true,"href":"https:\/\/www.phivutabletennis.com\/index.php\/wp-json\/wp\/v2\/media\/1861"}],"wp:attachment":[{"href":"https:\/\/www.phivutabletennis.com\/index.php\/wp-json\/wp\/v2\/media?parent=1856"}],"wp:term":[{"taxonomy":"product_cat","embeddable":true,"href":"https:\/\/www.phivutabletennis.com\/index.php\/wp-json\/wp\/v2\/product_cat?post=1856"},{"taxonomy":"product_tag","embeddable":true,"href":"https:\/\/www.phivutabletennis.com\/index.php\/wp-json\/wp\/v2\/product_tag?post=1856"}],"curies":[{"name":"wp","href":"https:\/\/api.w.org\/{rel}","templated":true}]}}