{"id":1943,"date":"2023-06-20T01:59:09","date_gmt":"2023-06-19T18:59:09","guid":{"rendered":"https:\/\/www.phivutabletennis.com\/?post_type=product&#038;p=1943"},"modified":"2023-06-27T20:22:10","modified_gmt":"2023-06-27T13:22:10","slug":"vong-co-phiten-rakuwa-necklace-extreme-v-type","status":"publish","type":"product","link":"https:\/\/www.phivutabletennis.com\/index.php\/product\/vong-co-phiten-rakuwa-necklace-extreme-v-type\/","title":{"rendered":"V\u00f2ng c\u1ed5 PHITEN RAKUWA NECKLACE EXTREME V TYPE"},"content":{"rendered":"<p>V\u00f2ng c\u1ed5 Phiten Rakuwa extreme v-type<br \/>\n<strong>M\u00f4 t\u1ea3 s\u1ea3n ph\u1ea9m:<\/strong><\/p>\n<p>Thi\u1ebft k\u1ebf m\u1eb7t d\u00e2y chuy\u1ec1n kim lo\u1ea1i h\u00ecnh ch\u1eef V \u0111\u1ea7y thu h\u00fat! \u0110\u01b0\u1ee3c y\u00eau th\u00edch b\u1edfi c\u00e1c v\u1eadn \u0111\u1ed9ng vi\u00ean d\u00e0nh nhi\u1ec1u ng\u00e0y t\u1eadp luy\u1ec7n, d\u01b0\u1edbi \u00e1nh m\u1eb7t tr\u1eddi gay g\u1eaft v\u00ec n\u00f3 gi\u00fap l\u01b0u th\u00f4ng m\u00e1u t\u1ed1t h\u01a1n, t\u0103ng c\u01b0\u1eddng s\u1ee9c m\u1ea1nh v\u00e0 s\u1ef1 linh ho\u1ea1t v\u00e0 gi\u00fap gi\u1ea5c ng\u1ee7 s\u00e2u h\u01a1n.Gi\u00fap th\u01b0 gi\u00e3n c\u01a1 th\u1ec3 v\u00e0 gi\u1ea3m \u0111au vai v\u00e0 c\u1ed5. \u0110\u1ed1i v\u1edbi nh\u1eefng c\u00f4ng vi\u1ec7c ng\u1ed3i tr\u01b0\u1edbc m\u00e1y t\u00ednh c\u1ea3 ng\u00e0y khi\u1ebfn b\u1ea1n \u0111au n\u1eeda \u0111\u1ea7u li\u00ean t\u1ee5c &#8211; ho\u1eb7c ph\u1ea3i l\u00e0m vi\u1ec7c theo ca- nh\u01b0 l\u00e0m ca \u0111\u00eam, \u0111\u00e2y l\u00e0 m\u1ed9t gi\u1ea3i ph\u00e1p tuy\u1ec7t v\u1eddi gi\u00fap gi\u1ea3m \u0111au v\u00e0 ph\u1ee5c h\u1ed3i gi\u1ea5c ng\u1ee7 c\u1ee7a b\u1ea1n. V\u00f2ng c\u1ed5 Rakuwa Extreme ho\u00e0n h\u1ea3o gi\u00fap gi\u1ea3m \u0111au n\u1eeda \u0111\u1ea7u, t\u0103ng c\u01b0\u1eddng l\u01b0u th\u00f4ng c\u01a1 th\u1ec3 v\u00e0 gi\u1ea3m \u0111au &#8211; \u0111\u1eb7c bi\u1ec7t l\u00e0 \u1edf v\u00f9ng c\u1ed5 v\u00e0 vai.<br \/>\n<strong>Ch\u1ea5t li\u1ec7u:<\/strong>\u00a0D\u00e2y (Polyester, Polyester lame), L\u00f5i b\u00ean trong (Elastomer), Kh\u00f3a (Polyacetal).<br \/>\n<strong>C\u00f4ng ngh\u1ec7:\u00a0<\/strong>C\u00f4ng ngh\u1ec7 Metax \u0111\u01b0\u1ee3c c\u1ea5p b\u1eb1ng s\u00e1ng ch\u1ebf<\/p>\n<p><strong>C\u00f4ng d\u1ee5ng:<\/strong><br \/>\n&#8211; C\u1ea3i thi\u1ec7n l\u01b0u th\u00f4ng m\u00e1u gi\u00fap b\u1ea1n c\u00f3 gi\u1ea5c ng\u1ee7 s\u00e2u v\u00e0 ngon h\u01a1n<\/p>\n<p>&#8211; Gi\u1ea3m \u0111au vai g\u00e1y c\u1ed5<\/p>\n<p>&#8211; H\u1ed7 tr\u1ee3 khi ch\u01a1i th\u1ec3 thao ho\u1eb7c c\u00e1c ho\u1ea1t \u0111\u1ed9ng h\u00e0ng ng\u00e0y<\/p>\n<p>&#8211; Gi\u1ea3m c\u0103ng th\u1eb3ng, m\u1ec7t m\u1ecfi<\/p>\n<p>&#8211; Gi\u00fap th\u01b0 gi\u00e3n c\u01a1 b\u1eafp, gi\u1ea3m \u0111au c\u01a1<\/p>\n<p><strong>L\u01b0u \u00fd<\/strong>:\u00a0Mang h\u1eb1ng ng\u00e0y<br \/>\n<strong>K\u00edch th\u01b0\u1edbc:<\/strong>\u00a050cm.<br \/>\n<strong>M\u00e0u s\u1eafc:<\/strong>\u00a0\u0110en-\u0110\u1ecf<br \/>\n<strong>Th\u01b0\u01a1ng hi\u1ec7u:<\/strong>\u00a0Phiten<br \/>\n<strong>Xu\u1ea5t x\u1ee9<\/strong>:\u00a0Nh\u1eadt B\u1ea3n<\/p>\n<p dir=\"ltr\"><strong>\u0110\u1ed1i t\u01b0\u1ee3ng s\u1eed d\u1ee5ng:<\/strong><\/p>\n<p dir=\"ltr\">&#8211; Ph\u00f9 h\u1ee3p cho m\u1ecdi l\u1ee9a tu\u1ed5i<\/p>\n<p dir=\"ltr\">&#8211; Ng\u01b0\u1eddi cao huy\u1ebft \u00e1p, huy\u1ebft \u00e1p kh\u00f4ng \u1ed5n \u0111\u1ecbnh<\/p>\n<p dir=\"ltr\">&#8211; Ng\u01b0\u1eddi m\u1eafc c\u00e1c ch\u1ee9ng \u0111au c\u1ed5 vai g\u00e1y<\/p>\n<p dir=\"ltr\">&#8211; Ng\u01b0\u1eddi m\u1ea5t ng\u1ee7, kh\u00f3 ng\u1ee7 hay gi\u1ea5c ng\u1ee7 kh\u00f4ng s\u00e2u<\/p>\n<p dir=\"ltr\">&#8211;\u00a0Ng\u01b0\u1eddi b\u1ecb \u0111au m\u1ecfi do l\u00e0m vi\u1ec7c v\u0103n ph\u00f2ng, ng\u1ed3i l\u00e2u ho\u1eb7c \u00edt v\u1eadn \u0111\u1ed9ng<\/p>\n<p dir=\"ltr\">&#8211; Ng\u01b0\u1eddi ch\u01a1i th\u1ec3 thao, v\u1eadn \u0111\u1ed9ng vi\u00ean th\u1ec3 thao.<a href=\"https:\/\/www.phivutabletennis.com\/wp-content\/uploads\/2023\/06\/q0k585pR9XgSWGcsae7LMgIL9MuEHr97infyfx75.jpeg\"><img loading=\"lazy\" decoding=\"async\" class=\"alignnone size-full wp-image-1949\" src=\"https:\/\/www.phivutabletennis.com\/wp-content\/uploads\/2023\/06\/q0k585pR9XgSWGcsae7LMgIL9MuEHr97infyfx75.jpeg\" alt=\"\" width=\"896\" height=\"523\" srcset=\"https:\/\/www.phivutabletennis.com\/wp-content\/uploads\/2023\/06\/q0k585pR9XgSWGcsae7LMgIL9MuEHr97infyfx75.jpeg 896w, https:\/\/www.phivutabletennis.com\/wp-content\/uploads\/2023\/06\/q0k585pR9XgSWGcsae7LMgIL9MuEHr97infyfx75-600x350.jpeg 600w, https:\/\/www.phivutabletennis.com\/wp-content\/uploads\/2023\/06\/q0k585pR9XgSWGcsae7LMgIL9MuEHr97infyfx75-300x175.jpeg 300w, https:\/\/www.phivutabletennis.com\/wp-content\/uploads\/2023\/06\/q0k585pR9XgSWGcsae7LMgIL9MuEHr97infyfx75-768x448.jpeg 768w\" sizes=\"auto, (max-width: 896px) 100vw, 896px\" \/><\/a> <a href=\"https:\/\/www.phivutabletennis.com\/wp-content\/uploads\/2023\/06\/anmEllPyVljUmNb0pN5Nx2kjR0vNguG4ZkxKoVvO.jpeg\"><img loading=\"lazy\" decoding=\"async\" class=\"alignnone size-full wp-image-1945\" src=\"https:\/\/www.phivutabletennis.com\/wp-content\/uploads\/2023\/06\/anmEllPyVljUmNb0pN5Nx2kjR0vNguG4ZkxKoVvO.jpeg\" alt=\"\" width=\"896\" height=\"440\" srcset=\"https:\/\/www.phivutabletennis.com\/wp-content\/uploads\/2023\/06\/anmEllPyVljUmNb0pN5Nx2kjR0vNguG4ZkxKoVvO.jpeg 896w, https:\/\/www.phivutabletennis.com\/wp-content\/uploads\/2023\/06\/anmEllPyVljUmNb0pN5Nx2kjR0vNguG4ZkxKoVvO-600x295.jpeg 600w, https:\/\/www.phivutabletennis.com\/wp-content\/uploads\/2023\/06\/anmEllPyVljUmNb0pN5Nx2kjR0vNguG4ZkxKoVvO-300x147.jpeg 300w, https:\/\/www.phivutabletennis.com\/wp-content\/uploads\/2023\/06\/anmEllPyVljUmNb0pN5Nx2kjR0vNguG4ZkxKoVvO-768x377.jpeg 768w\" sizes=\"auto, (max-width: 896px) 100vw, 896px\" \/><\/a> <a href=\"https:\/\/www.phivutabletennis.com\/wp-content\/uploads\/2023\/06\/OJCeJ6vjAYKsCk1j08kfsX2gDXVBMgPqsjrx4px8.jpeg\"><img loading=\"lazy\" decoding=\"async\" class=\"alignnone size-full wp-image-1948\" src=\"https:\/\/www.phivutabletennis.com\/wp-content\/uploads\/2023\/06\/OJCeJ6vjAYKsCk1j08kfsX2gDXVBMgPqsjrx4px8.jpeg\" alt=\"\" width=\"896\" height=\"897\" srcset=\"https:\/\/www.phivutabletennis.com\/wp-content\/uploads\/2023\/06\/OJCeJ6vjAYKsCk1j08kfsX2gDXVBMgPqsjrx4px8.jpeg 896w, https:\/\/www.phivutabletennis.com\/wp-content\/uploads\/2023\/06\/OJCeJ6vjAYKsCk1j08kfsX2gDXVBMgPqsjrx4px8-300x300.jpeg 300w, https:\/\/www.phivutabletennis.com\/wp-content\/uploads\/2023\/06\/OJCeJ6vjAYKsCk1j08kfsX2gDXVBMgPqsjrx4px8-100x100.jpeg 100w, https:\/\/www.phivutabletennis.com\/wp-content\/uploads\/2023\/06\/OJCeJ6vjAYKsCk1j08kfsX2gDXVBMgPqsjrx4px8-600x601.jpeg 600w, https:\/\/www.phivutabletennis.com\/wp-content\/uploads\/2023\/06\/OJCeJ6vjAYKsCk1j08kfsX2gDXVBMgPqsjrx4px8-150x150.jpeg 150w, https:\/\/www.phivutabletennis.com\/wp-content\/uploads\/2023\/06\/OJCeJ6vjAYKsCk1j08kfsX2gDXVBMgPqsjrx4px8-768x769.jpeg 768w\" sizes=\"auto, (max-width: 896px) 100vw, 896px\" \/><\/a> <a href=\"https:\/\/www.phivutabletennis.com\/wp-content\/uploads\/2023\/06\/wfSqzVKztErViiwFV7oUokyDSIV1xJ9jQJFBKbm7.jpeg\"><img loading=\"lazy\" decoding=\"async\" class=\"alignnone size-full wp-image-1952\" src=\"https:\/\/www.phivutabletennis.com\/wp-content\/uploads\/2023\/06\/wfSqzVKztErViiwFV7oUokyDSIV1xJ9jQJFBKbm7.jpeg\" alt=\"\" width=\"896\" height=\"771\" srcset=\"https:\/\/www.phivutabletennis.com\/wp-content\/uploads\/2023\/06\/wfSqzVKztErViiwFV7oUokyDSIV1xJ9jQJFBKbm7.jpeg 896w, https:\/\/www.phivutabletennis.com\/wp-content\/uploads\/2023\/06\/wfSqzVKztErViiwFV7oUokyDSIV1xJ9jQJFBKbm7-600x516.jpeg 600w, https:\/\/www.phivutabletennis.com\/wp-content\/uploads\/2023\/06\/wfSqzVKztErViiwFV7oUokyDSIV1xJ9jQJFBKbm7-300x258.jpeg 300w, https:\/\/www.phivutabletennis.com\/wp-content\/uploads\/2023\/06\/wfSqzVKztErViiwFV7oUokyDSIV1xJ9jQJFBKbm7-768x661.jpeg 768w\" sizes=\"auto, (max-width: 896px) 100vw, 896px\" \/><\/a><\/p>\n","protected":false},"excerpt":{"rendered":"<p>V\u00f2ng c\u1ed5 Phiten Rakuwa extreme v-type M\u00f4 t\u1ea3 s\u1ea3n ph\u1ea9m: Thi\u1ebft k\u1ebf m\u1eb7t d\u00e2y chuy\u1ec1n kim lo\u1ea1i h\u00ecnh ch\u1eef V \u0111\u1ea7y thu h\u00fat! \u0110\u01b0\u1ee3c y\u00eau th\u00edch b\u1edfi c\u00e1c v\u1eadn \u0111\u1ed9ng vi\u00ean d\u00e0nh nhi\u1ec1u ng\u00e0y t\u1eadp luy\u1ec7n, d\u01b0\u1edbi \u00e1nh m\u1eb7t tr\u1eddi gay g\u1eaft v\u00ec n\u00f3 gi\u00fap l\u01b0u th\u00f4ng m\u00e1u t\u1ed1t h\u01a1n, t\u0103ng c\u01b0\u1eddng s\u1ee9c m\u1ea1nh v\u00e0 [&hellip;]<\/p>\n","protected":false},"featured_media":1944,"comment_status":"open","ping_status":"closed","template":"","meta":{"_eb_attr":""},"product_cat":[126,92,112],"product_tag":[],"class_list":["post-1943","product","type-product","status-publish","has-post-thumbnail","hentry","product_cat-vong-tay-extreme-series","product_cat-phiten","product_cat-vong-co"],"_links":{"self":[{"href":"https:\/\/www.phivutabletennis.com\/index.php\/wp-json\/wp\/v2\/product\/1943","targetHints":{"allow":["GET"]}}],"collection":[{"href":"https:\/\/www.phivutabletennis.com\/index.php\/wp-json\/wp\/v2\/product"}],"about":[{"href":"https:\/\/www.phivutabletennis.com\/index.php\/wp-json\/wp\/v2\/types\/product"}],"replies":[{"embeddable":true,"href":"https:\/\/www.phivutabletennis.com\/index.php\/wp-json\/wp\/v2\/comments?post=1943"}],"wp:featuredmedia":[{"embeddable":true,"href":"https:\/\/www.phivutabletennis.com\/index.php\/wp-json\/wp\/v2\/media\/1944"}],"wp:attachment":[{"href":"https:\/\/www.phivutabletennis.com\/index.php\/wp-json\/wp\/v2\/media?parent=1943"}],"wp:term":[{"taxonomy":"product_cat","embeddable":true,"href":"https:\/\/www.phivutabletennis.com\/index.php\/wp-json\/wp\/v2\/product_cat?post=1943"},{"taxonomy":"product_tag","embeddable":true,"href":"https:\/\/www.phivutabletennis.com\/index.php\/wp-json\/wp\/v2\/product_tag?post=1943"}],"curies":[{"name":"wp","href":"https:\/\/api.w.org\/{rel}","templated":true}]}}