{"id":1957,"date":"2023-06-20T02:02:25","date_gmt":"2023-06-19T19:02:25","guid":{"rendered":"https:\/\/www.phivutabletennis.com\/?post_type=product&#038;p=1957"},"modified":"2023-06-20T02:02:25","modified_gmt":"2023-06-19T19:02:25","slug":"vong-co-phiten-freeasy-rakuwa-necklace-wire","status":"publish","type":"product","link":"https:\/\/www.phivutabletennis.com\/index.php\/product\/vong-co-phiten-freeasy-rakuwa-necklace-wire\/","title":{"rendered":"V\u00f2ng C\u1ed5 &#8211; PHITEN freeasy RAKUWA NECKLACE WIRE"},"content":{"rendered":"<h3><strong>V\u00f2ng C\u1ed5 Phiten Freeasy Rakuwa Wire<\/strong><\/h3>\n<p><strong>\u0110\u1eb7c \u0111i\u1ec3m<\/strong><br \/>\n&#8211; Mang l\u1ea1i c\u1ea3m gi\u00e1c d\u1ec5 ch\u1ecbu khi \u0111eo<br \/>\n&#8211; V\u1eadt li\u1ec7u nh\u1eb9 c\u00f3 m\u00e0u ng\u1ecdc trai \u0111\u01b0\u1ee3c l\u00e0m t\u1eeb s\u1ee3i cotton n\u00e9n<br \/>\n&#8211; Ch\u1ea5t li\u1ec7u c\u1ef1c nh\u1eb9 v\u1edbi tone m\u00e0u ng\u1ecdc trai l\u00e0m b\u1eb1ng b\u00f4ng n\u00e9n<br \/>\n&#8211; Nh\u1eb9 nh\u00e0ng, m\u1ec1m m\u1ea1i v\u00e0 b\u00f3ng lo\u00e1ng, v\u1edbi k\u1ebft c\u1ea5u \u1ea5m v\u00e0 \u0111\u1ed9c \u0111\u00e1o<br \/>\n&#8211; S\u1eed d\u1ee5ng d\u00e2y kim lo\u1ea1i thay cho d\u00e2y th\u01b0\u1eddng<br \/>\n&#8211; S\u1ef1 k\u1ebft h\u1ee3p gi\u1eefa d\u00e2y kim lo\u1ea1i v\u00e0 ng\u1ecdc trai gi\u00fap b\u1ea1n d\u1ec5 d\u00e0ng \u0111eo trong c\u1ea3 d\u1ecbp th\u00f4ng th\u01b0\u1eddng v\u00e0 trang tr\u1ecdng.<\/p>\n<p><strong>C\u00f4ng d\u1ee5ng:<\/strong><br \/>\n&#8211; C\u1ea3i thi\u1ec7n l\u01b0u th\u00f4ng m\u00e1u gi\u00fap b\u1ea1n c\u00f3 gi\u1ea5c ng\u1ee7 s\u00e2u v\u00e0 ngon h\u01a1n.<\/p>\n<p>&#8211; Gi\u1ea3m \u0111au c\u1ed5 vai g\u00e1y.<\/p>\n<p>&#8211; H\u1ed7 tr\u1ee3 khi ch\u01a1i th\u1ec3 thao ho\u1eb7c c\u00e1c ho\u1ea1t \u0111\u1ed9ng h\u00e0ng ng\u00e0y.<\/p>\n<p>&#8211; Nh\u1edd t\u00e1c \u0111\u1ed9ng t\u1eeb t\u00ednh gi\u00fap ph\u00f2ng ch\u1ed1ng t\u0103ng huy\u1ebft \u00e1p, \u0111\u1ed9t qu\u1ef5<\/p>\n<p>&#8211; Gi\u1ea3m c\u0103ng th\u1eb3ng, m\u1ec7t m\u1ecfi<\/p>\n<p>&#8211; Gi\u00fap th\u01b0 gi\u00e3n c\u01a1 b\u1eafp, gi\u1ea3m \u0111au c\u01a1<\/p>\n<p><strong>C\u00f4ng ngh\u1ec7:\u00a0<\/strong>Aqua Gold<\/p>\n<p><strong>Ch\u1ea5t li\u1ec7u:<\/strong><\/p>\n<p>Th\u00e9p kh\u00f4ng g\u1ec9<br \/>\nS\u1ee3i cotton<\/p>\n<p><strong>B\u1ea3o h\u00e0nh:<\/strong>\u00a06 th\u00e1ng<\/p>\n<p><strong>N\u01a1i s\u1ea3n xu\u1ea5t:\u00a0<\/strong>China<\/p>\n<p>Tuy nhi\u00ean, s\u1ea3n ph\u1ea9m ho\u00e0n thi\u1ec7n \u0111\u01b0\u1ee3c g\u1eedi l\u1ea1i Nh\u1eadt \u0111\u1ec3 ki\u1ec3m tra v\u1ec1 ch\u1ea5t l\u01b0\u1ee3ng v\u00e0 b\u1ed5 sung c\u00f4ng ngh\u1ec7<\/p>\n<p dir=\"ltr\"><strong>\u0110\u1ed1i t\u01b0\u1ee3ng s\u1eed d\u1ee5ng:<\/strong><\/p>\n<p dir=\"ltr\">&#8211; Ph\u00f9 h\u1ee3p cho m\u1ecdi l\u1ee9a tu\u1ed5i<\/p>\n<p dir=\"ltr\">&#8211; Ng\u01b0\u1eddi cao huy\u1ebft \u00e1p, huy\u1ebft \u00e1p kh\u00f4ng \u1ed5n \u0111\u1ecbnh<\/p>\n<p dir=\"ltr\">&#8211; Ng\u01b0\u1eddi m\u1eafc c\u00e1c ch\u1ee9ng \u0111au c\u1ed5 vai g\u00e1y<\/p>\n<p dir=\"ltr\">&#8211; Ng\u01b0\u1eddi m\u1ea5t ng\u1ee7, kh\u00f3 ng\u1ee7 hay gi\u1ea5c ng\u1ee7 kh\u00f4ng s\u00e2u<\/p>\n<p dir=\"ltr\">&#8211;\u00a0Ng\u01b0\u1eddi b\u1ecb \u0111au m\u1ecfi do l\u00e0m vi\u1ec7c v\u0103n ph\u00f2ng, ng\u1ed3i l\u00e2u ho\u1eb7c \u00edt v\u1eadn \u0111\u1ed9ng<\/p>\n<p dir=\"ltr\">&#8211; Ng\u01b0\u1eddi ch\u01a1i th\u1ec3 thao, v\u1eadn \u0111\u1ed9ng vi\u00ean th\u1ec3 thao.<\/p>\n","protected":false},"excerpt":{"rendered":"<p>V\u00f2ng C\u1ed5 Phiten Freeasy Rakuwa Wire \u0110\u1eb7c \u0111i\u1ec3m &#8211; Mang l\u1ea1i c\u1ea3m gi\u00e1c d\u1ec5 ch\u1ecbu khi \u0111eo &#8211; V\u1eadt li\u1ec7u nh\u1eb9 c\u00f3 m\u00e0u ng\u1ecdc trai \u0111\u01b0\u1ee3c l\u00e0m t\u1eeb s\u1ee3i cotton n\u00e9n &#8211; Ch\u1ea5t li\u1ec7u c\u1ef1c nh\u1eb9 v\u1edbi tone m\u00e0u ng\u1ecdc trai l\u00e0m b\u1eb1ng b\u00f4ng n\u00e9n &#8211; Nh\u1eb9 nh\u00e0ng, m\u1ec1m m\u1ea1i v\u00e0 b\u00f3ng lo\u00e1ng, v\u1edbi k\u1ebft [&hellip;]<\/p>\n","protected":false},"featured_media":1959,"comment_status":"open","ping_status":"closed","template":"","meta":{"_eb_attr":""},"product_cat":[92,112],"product_tag":[],"class_list":["post-1957","product","type-product","status-publish","has-post-thumbnail","hentry","product_cat-phiten","product_cat-vong-co"],"_links":{"self":[{"href":"https:\/\/www.phivutabletennis.com\/index.php\/wp-json\/wp\/v2\/product\/1957","targetHints":{"allow":["GET"]}}],"collection":[{"href":"https:\/\/www.phivutabletennis.com\/index.php\/wp-json\/wp\/v2\/product"}],"about":[{"href":"https:\/\/www.phivutabletennis.com\/index.php\/wp-json\/wp\/v2\/types\/product"}],"replies":[{"embeddable":true,"href":"https:\/\/www.phivutabletennis.com\/index.php\/wp-json\/wp\/v2\/comments?post=1957"}],"wp:featuredmedia":[{"embeddable":true,"href":"https:\/\/www.phivutabletennis.com\/index.php\/wp-json\/wp\/v2\/media\/1959"}],"wp:attachment":[{"href":"https:\/\/www.phivutabletennis.com\/index.php\/wp-json\/wp\/v2\/media?parent=1957"}],"wp:term":[{"taxonomy":"product_cat","embeddable":true,"href":"https:\/\/www.phivutabletennis.com\/index.php\/wp-json\/wp\/v2\/product_cat?post=1957"},{"taxonomy":"product_tag","embeddable":true,"href":"https:\/\/www.phivutabletennis.com\/index.php\/wp-json\/wp\/v2\/product_tag?post=1957"}],"curies":[{"name":"wp","href":"https:\/\/api.w.org\/{rel}","templated":true}]}}