{"id":1983,"date":"2023-06-20T02:11:50","date_gmt":"2023-06-19T19:11:50","guid":{"rendered":"https:\/\/www.phivutabletennis.com\/?post_type=product&#038;p=1983"},"modified":"2023-06-27T20:22:52","modified_gmt":"2023-06-27T13:22:52","slug":"vong-co-phiten-rakuwa-necklace-extreme-square","status":"publish","type":"product","link":"https:\/\/www.phivutabletennis.com\/index.php\/product\/vong-co-phiten-rakuwa-necklace-extreme-square\/","title":{"rendered":"V\u00f2ng C\u1ed5 PHITEN RAKUWA NECKLACE EXTREME SQUARE"},"content":{"rendered":"<p><strong>V\u00f2ng c\u1ed5 Phiten Rakuwa Extreme Square<\/strong><br \/>\n<strong>M\u00f4 t\u1ea3 s\u1ea3n ph\u1ea9m :<\/strong><\/p>\n<p>V\u00f2ng c\u1ed5 Phiten Rakuwa Necklace Extreme Square v\u1edbi thi\u1ebft k\u1ebf m\u1eb7t d\u00e2y chuy\u1ec1n b\u1ea3n vu\u00f4ng \u0111\u1ea7y phong c\u00e1ch! Ch\u1ed1ng n\u01b0\u1edbc t\u1ed1t. \u0110\u01b0\u1ee3c y\u00eau th\u00edch b\u1edfi c\u00e1c v\u1eadn \u0111\u1ed9ng vi\u00ean d\u00e0nh nhi\u1ec1u ng\u00e0y t\u1eadp luy\u1ec7n, d\u01b0\u1edbi \u00e1nh m\u1eb7t tr\u1eddi gay g\u1eaft v\u00ec n\u00f3 gi\u00fap l\u01b0u th\u00f4ng m\u00e1u t\u1ed1t h\u01a1n, t\u0103ng c\u01b0\u1eddng s\u1ee9c m\u1ea1nh v\u00e0 s\u1ef1 linh ho\u1ea1t v\u00e0 gi\u00fap gi\u1ea5c ng\u1ee7 s\u00e2u h\u01a1n. Gi\u00fap th\u01b0 gi\u00e3n c\u01a1 th\u1ec3 v\u00e0 gi\u1ea3m \u0111au vai v\u00e0 c\u1ed5 \u0110\u1ed1i v\u1edbi nh\u1eefng c\u00f4ng vi\u1ec7c ng\u1ed3i tr\u01b0\u1edbc m\u00e1y t\u00ednh c\u1ea3 ng\u00e0y khi\u1ebfn b\u1ea1n \u0111au n\u1eeda \u0111\u1ea7u li\u00ean t\u1ee5c &#8211; ho\u1eb7c ph\u1ea3i l\u00e0m vi\u1ec7c theo ca- nh\u01b0 l\u00e0m ca \u0111\u00eam, \u0111\u00e2y l\u00e0 m\u1ed9t gi\u1ea3i ph\u00e1p tuy\u1ec7t v\u1eddi gi\u00fap gi\u1ea3m \u0111au v\u00e0 ph\u1ee5c h\u1ed3i gi\u1ea5c ng\u1ee7 c\u1ee7a b\u1ea1n. V\u00f2ng c\u1ed5 Rakuwa Extreme ho\u00e0n h\u1ea3o gi\u00fap gi\u1ea3m \u0111au n\u1eeda \u0111\u1ea7u, t\u0103ng c\u01b0\u1eddng l\u01b0u th\u00f4ng c\u01a1 th\u1ec3 v\u00e0 gi\u1ea3m \u0111au &#8211; \u0111\u1eb7c bi\u1ec7t l\u00e0 \u1edf v\u00f9ng c\u1ed5 v\u00e0 vai g\u00e1y.<br \/>\n<strong>Ch\u1ea5t li\u1ec7u:<\/strong>\u00a0Th\u00e2n (Silicone, Polyacetal), M\u1eb7t d\u00e2y chuy\u1ec1n (nh\u00f4m, silicone, th\u00e9p kh\u00f4ng g\u1ec9)<br \/>\n<strong>C\u00f4ng ngh\u1ec7:\u00a0<\/strong>Metax<br \/>\n<strong>C\u00f4ng d\u1ee5ng:<\/strong><\/p>\n<p dir=\"ltr\">&#8211; C\u1ea3i thi\u1ec7n l\u01b0u th\u00f4ng m\u00e1u gi\u00fap b\u1ea1n c\u00f3 gi\u1ea5c ng\u1ee7 s\u00e2u v\u00e0 ngon h\u01a1n<\/p>\n<p dir=\"ltr\">&#8211; Gi\u1ea3m \u0111au vai g\u00e1y c\u1ed5<\/p>\n<p dir=\"ltr\">&#8211; H\u1ed7 tr\u1ee3 khi ch\u01a1i th\u1ec3 thao ho\u1eb7c c\u00e1c ho\u1ea1t \u0111\u1ed9ng h\u00e0ng ng\u00e0y<\/p>\n<p dir=\"ltr\">&#8211; Nh\u1edd t\u00e1c \u0111\u1ed9ng t\u1eeb t\u00ednh gi\u00fap ph\u00f2ng ch\u1ed1ng t\u0103ng huy\u1ebft \u00e1p, \u0111\u1ed9t qu\u1ef5<\/p>\n<p dir=\"ltr\">&#8211; Gi\u00fap th\u01b0 gi\u00e3n c\u01a1 b\u1eafp, gi\u1ea3m \u0111au c\u01a1<\/p>\n<p><strong>L\u01b0u \u00fd:<\/strong>\u00a0Khuy\u1ebfn kh\u00edch \u0111eo h\u00e0ng ng\u00e0y<br \/>\n<strong>K\u00edch th\u01b0\u1edbc:\u00a0<\/strong>45cm v\u00e0 50cm.<br \/>\n<strong>M\u00e0u s\u1eafc:<\/strong>\u00a0\u0110en<br \/>\n<strong>Xu\u1ea5t x\u1ee9:\u00a0<\/strong>Phillipines<\/p>\n<p dir=\"ltr\"><strong>\u0110\u1ed1i t\u01b0\u1ee3ng s\u1eed d\u1ee5ng:<\/strong><\/p>\n<p dir=\"ltr\">&#8211; Ph\u00f9 h\u1ee3p cho m\u1ecdi l\u1ee9a tu\u1ed5i<\/p>\n<p dir=\"ltr\">&#8211; Ng\u01b0\u1eddi cao huy\u1ebft \u00e1p, huy\u1ebft \u00e1p kh\u00f4ng \u1ed5n \u0111\u1ecbnh<\/p>\n<p dir=\"ltr\">&#8211; Ng\u01b0\u1eddi m\u1eafc c\u00e1c ch\u1ee9ng \u0111au c\u1ed5 vai g\u00e1y<\/p>\n<p dir=\"ltr\">&#8211; Ng\u01b0\u1eddi m\u1ea5t ng\u1ee7, kh\u00f3 ng\u1ee7 hay gi\u1ea5c ng\u1ee7 kh\u00f4ng s\u00e2u<\/p>\n<p dir=\"ltr\">&#8211;\u00a0Ng\u01b0\u1eddi ch\u01a1i th\u1ec3 thao, v\u1eadn \u0111\u1ed9ng vi\u00ean th\u1ec3 thao.<a href=\"https:\/\/www.phivutabletennis.com\/wp-content\/uploads\/2023\/06\/q0k585pR9XgSWGcsae7LMgIL9MuEHr97infyfx75.jpeg\"><img loading=\"lazy\" decoding=\"async\" class=\"alignnone size-full wp-image-1949\" src=\"https:\/\/www.phivutabletennis.com\/wp-content\/uploads\/2023\/06\/q0k585pR9XgSWGcsae7LMgIL9MuEHr97infyfx75.jpeg\" alt=\"\" width=\"896\" height=\"523\" srcset=\"https:\/\/www.phivutabletennis.com\/wp-content\/uploads\/2023\/06\/q0k585pR9XgSWGcsae7LMgIL9MuEHr97infyfx75.jpeg 896w, https:\/\/www.phivutabletennis.com\/wp-content\/uploads\/2023\/06\/q0k585pR9XgSWGcsae7LMgIL9MuEHr97infyfx75-600x350.jpeg 600w, https:\/\/www.phivutabletennis.com\/wp-content\/uploads\/2023\/06\/q0k585pR9XgSWGcsae7LMgIL9MuEHr97infyfx75-300x175.jpeg 300w, https:\/\/www.phivutabletennis.com\/wp-content\/uploads\/2023\/06\/q0k585pR9XgSWGcsae7LMgIL9MuEHr97infyfx75-768x448.jpeg 768w\" sizes=\"auto, (max-width: 896px) 100vw, 896px\" \/><\/a> <a href=\"https:\/\/www.phivutabletennis.com\/wp-content\/uploads\/2023\/06\/Dnh33LFkXLFRpukaJfONq0DvkgNXa3BbEfPONHKL.jpeg\"><img loading=\"lazy\" decoding=\"async\" class=\"alignnone size-full wp-image-1987\" src=\"https:\/\/www.phivutabletennis.com\/wp-content\/uploads\/2023\/06\/Dnh33LFkXLFRpukaJfONq0DvkgNXa3BbEfPONHKL.jpeg\" alt=\"\" width=\"896\" height=\"896\" srcset=\"https:\/\/www.phivutabletennis.com\/wp-content\/uploads\/2023\/06\/Dnh33LFkXLFRpukaJfONq0DvkgNXa3BbEfPONHKL.jpeg 896w, https:\/\/www.phivutabletennis.com\/wp-content\/uploads\/2023\/06\/Dnh33LFkXLFRpukaJfONq0DvkgNXa3BbEfPONHKL-300x300.jpeg 300w, https:\/\/www.phivutabletennis.com\/wp-content\/uploads\/2023\/06\/Dnh33LFkXLFRpukaJfONq0DvkgNXa3BbEfPONHKL-100x100.jpeg 100w, https:\/\/www.phivutabletennis.com\/wp-content\/uploads\/2023\/06\/Dnh33LFkXLFRpukaJfONq0DvkgNXa3BbEfPONHKL-600x600.jpeg 600w, https:\/\/www.phivutabletennis.com\/wp-content\/uploads\/2023\/06\/Dnh33LFkXLFRpukaJfONq0DvkgNXa3BbEfPONHKL-150x150.jpeg 150w, https:\/\/www.phivutabletennis.com\/wp-content\/uploads\/2023\/06\/Dnh33LFkXLFRpukaJfONq0DvkgNXa3BbEfPONHKL-768x768.jpeg 768w\" sizes=\"auto, (max-width: 896px) 100vw, 896px\" \/><\/a> <a href=\"https:\/\/www.phivutabletennis.com\/wp-content\/uploads\/2023\/06\/HiimA6083dWJxxOEEcAnRuxwzlCXf0220TJzTceJ.jpeg\"><img loading=\"lazy\" decoding=\"async\" class=\"alignnone size-full wp-image-1989\" src=\"https:\/\/www.phivutabletennis.com\/wp-content\/uploads\/2023\/06\/HiimA6083dWJxxOEEcAnRuxwzlCXf0220TJzTceJ.jpeg\" alt=\"\" width=\"896\" height=\"592\" srcset=\"https:\/\/www.phivutabletennis.com\/wp-content\/uploads\/2023\/06\/HiimA6083dWJxxOEEcAnRuxwzlCXf0220TJzTceJ.jpeg 896w, https:\/\/www.phivutabletennis.com\/wp-content\/uploads\/2023\/06\/HiimA6083dWJxxOEEcAnRuxwzlCXf0220TJzTceJ-600x396.jpeg 600w, https:\/\/www.phivutabletennis.com\/wp-content\/uploads\/2023\/06\/HiimA6083dWJxxOEEcAnRuxwzlCXf0220TJzTceJ-300x198.jpeg 300w, https:\/\/www.phivutabletennis.com\/wp-content\/uploads\/2023\/06\/HiimA6083dWJxxOEEcAnRuxwzlCXf0220TJzTceJ-768x507.jpeg 768w\" sizes=\"auto, (max-width: 896px) 100vw, 896px\" \/><\/a> <a href=\"https:\/\/www.phivutabletennis.com\/wp-content\/uploads\/2023\/06\/QIRFoUnX8mZ5SQVKbr4HMZLXPwat9ohmdiNmdCxI.jpeg\"><img loading=\"lazy\" decoding=\"async\" class=\"alignnone size-full wp-image-1990\" src=\"https:\/\/www.phivutabletennis.com\/wp-content\/uploads\/2023\/06\/QIRFoUnX8mZ5SQVKbr4HMZLXPwat9ohmdiNmdCxI.jpeg\" alt=\"\" width=\"896\" height=\"771\" srcset=\"https:\/\/www.phivutabletennis.com\/wp-content\/uploads\/2023\/06\/QIRFoUnX8mZ5SQVKbr4HMZLXPwat9ohmdiNmdCxI.jpeg 896w, https:\/\/www.phivutabletennis.com\/wp-content\/uploads\/2023\/06\/QIRFoUnX8mZ5SQVKbr4HMZLXPwat9ohmdiNmdCxI-600x516.jpeg 600w, https:\/\/www.phivutabletennis.com\/wp-content\/uploads\/2023\/06\/QIRFoUnX8mZ5SQVKbr4HMZLXPwat9ohmdiNmdCxI-300x258.jpeg 300w, https:\/\/www.phivutabletennis.com\/wp-content\/uploads\/2023\/06\/QIRFoUnX8mZ5SQVKbr4HMZLXPwat9ohmdiNmdCxI-768x661.jpeg 768w\" sizes=\"auto, (max-width: 896px) 100vw, 896px\" \/><\/a><\/p>\n","protected":false},"excerpt":{"rendered":"<p>V\u00f2ng c\u1ed5 Phiten Rakuwa Extreme Square M\u00f4 t\u1ea3 s\u1ea3n ph\u1ea9m : V\u00f2ng c\u1ed5 Phiten Rakuwa Necklace Extreme Square v\u1edbi thi\u1ebft k\u1ebf m\u1eb7t d\u00e2y chuy\u1ec1n b\u1ea3n vu\u00f4ng \u0111\u1ea7y phong c\u00e1ch! Ch\u1ed1ng n\u01b0\u1edbc t\u1ed1t. \u0110\u01b0\u1ee3c y\u00eau th\u00edch b\u1edfi c\u00e1c v\u1eadn \u0111\u1ed9ng vi\u00ean d\u00e0nh nhi\u1ec1u ng\u00e0y t\u1eadp luy\u1ec7n, d\u01b0\u1edbi \u00e1nh m\u1eb7t tr\u1eddi gay g\u1eaft v\u00ec n\u00f3 gi\u00fap l\u01b0u [&hellip;]<\/p>\n","protected":false},"featured_media":1988,"comment_status":"open","ping_status":"closed","template":"","meta":{"_eb_attr":""},"product_cat":[126,92,112],"product_tag":[],"class_list":["post-1983","product","type-product","status-publish","has-post-thumbnail","hentry","product_cat-vong-tay-extreme-series","product_cat-phiten","product_cat-vong-co"],"_links":{"self":[{"href":"https:\/\/www.phivutabletennis.com\/index.php\/wp-json\/wp\/v2\/product\/1983","targetHints":{"allow":["GET"]}}],"collection":[{"href":"https:\/\/www.phivutabletennis.com\/index.php\/wp-json\/wp\/v2\/product"}],"about":[{"href":"https:\/\/www.phivutabletennis.com\/index.php\/wp-json\/wp\/v2\/types\/product"}],"replies":[{"embeddable":true,"href":"https:\/\/www.phivutabletennis.com\/index.php\/wp-json\/wp\/v2\/comments?post=1983"}],"wp:featuredmedia":[{"embeddable":true,"href":"https:\/\/www.phivutabletennis.com\/index.php\/wp-json\/wp\/v2\/media\/1988"}],"wp:attachment":[{"href":"https:\/\/www.phivutabletennis.com\/index.php\/wp-json\/wp\/v2\/media?parent=1983"}],"wp:term":[{"taxonomy":"product_cat","embeddable":true,"href":"https:\/\/www.phivutabletennis.com\/index.php\/wp-json\/wp\/v2\/product_cat?post=1983"},{"taxonomy":"product_tag","embeddable":true,"href":"https:\/\/www.phivutabletennis.com\/index.php\/wp-json\/wp\/v2\/product_tag?post=1983"}],"curies":[{"name":"wp","href":"https:\/\/api.w.org\/{rel}","templated":true}]}}