{"id":2018,"date":"2023-06-20T02:24:05","date_gmt":"2023-06-19T19:24:05","guid":{"rendered":"https:\/\/www.phivutabletennis.com\/?post_type=product&#038;p=2018"},"modified":"2023-06-27T20:23:48","modified_gmt":"2023-06-27T13:23:48","slug":"vong-co-pphiten-rakuwa-necklace-wire-extreme","status":"publish","type":"product","link":"https:\/\/www.phivutabletennis.com\/index.php\/product\/vong-co-pphiten-rakuwa-necklace-wire-extreme\/","title":{"rendered":"V\u00f2ng C\u1ed5 PPHITEN RAKUWA NECKLACE WIRE EXTREME"},"content":{"rendered":"<p>V\u00f2ng c\u1ed5 Phien Rakuwa Necklace Wire Extreme v\u1edbi thi\u1ebft k\u1ebf cao c\u1ea5p\u00a0v\u1edbi ch\u1ea5t li\u1ec7u si\u00eau\u00a0nh\u1eb9 mang \u0111\u1ebfn tr\u1ea3i nghi\u1ec7m tuy\u1ec7t v\u1eddi!\u00a0C\u1ea3i thi\u1ec7n l\u01b0u l\u01b0\u1ee3ng m\u00e1u v\u00e0 t\u0103ng c\u01b0\u1eddng hi\u1ec7u su\u1ea5t. \u0110\u01b0\u1ee3c y\u00eau th\u00edch b\u1edfi c\u00e1c v\u1eadn \u0111\u1ed9ng vi\u00ean d\u00e0nh c\u1ea3 ng\u00e0y \u0111\u1ec3 t\u1eadp luy\u1ec7n. Kh\u00f4ng th\u1ea5m n\u01b0\u1edbc v\u00e0 m\u1ed3 h\u00f4i.<br \/>\n<strong>C\u00f4ng ngh\u1ec7:\u00a0<\/strong>C\u00f4ng ngh\u1ec7 Metax \u0111\u01b0\u1ee3c c\u1ea5p b\u1eb1ng s\u00e1ng ch\u1ebf.<br \/>\n<strong>G\u1ee3i \u00fd s\u1eed d\u1ee5ng<\/strong><br \/>\n&#8211; Gi\u00fap gi\u1ea3m b\u1edbt c\u0103ng th\u1eb3ng li\u00ean t\u1ee5c.<br \/>\n&#8211; Gi\u00fap c\u1ea3i thi\u1ec7n l\u01b0u th\u00f4ng m\u00e1u.<br \/>\n&#8211; T\u0103ng c\u01b0\u1eddng s\u1ee9c m\u1ea1nh v\u00e0 s\u1ef1 linh ho\u1ea1t c\u01a1 b\u1eafp.<br \/>\n&#8211; Gi\u00fap gi\u1ea3m \u0111au ho\u1eb7c \u0111au nh\u1ee9c.<br \/>\n&#8211; Tuy\u1ec7t v\u1eddi cho th\u1ec3 thao ho\u1eb7c c\u00e1c ho\u1ea1t \u0111\u1ed9ng h\u00e0ng ng\u00e0y.<\/p>\n<p><strong>Ch\u1ea5t li\u1ec7u<\/strong>: Th\u00e2n (th\u00e9p kh\u00f4ng g\u1ec9, nylon), Kh\u00f3a (nh\u00f4m, urethane).<br \/>\nK\u00edch th\u01b0\u1edbc: 40cm v\u00e0 50cm.<\/p>\n<p><strong>B\u1ea3o h\u00e0nh:\u00a0<\/strong>6 th\u00e1ng<br \/>\n<strong>S\u1ea3n xu\u1ea5t t\u1ea1i Nh\u1eadt B\u1ea3n.<\/strong><\/p>\n<p dir=\"ltr\"><strong>\u0110\u1ed1i t\u01b0\u1ee3ng s\u1eed d\u1ee5ng:<\/strong><\/p>\n<p dir=\"ltr\">&#8211; Ph\u00f9 h\u1ee3p cho m\u1ecdi l\u1ee9a tu\u1ed5i<\/p>\n<p dir=\"ltr\">&#8211; Ng\u01b0\u1eddi cao huy\u1ebft \u00e1p, huy\u1ebft \u00e1p kh\u00f4ng \u1ed5n \u0111\u1ecbnh<\/p>\n<p dir=\"ltr\">&#8211; Ng\u01b0\u1eddi m\u1eafc c\u00e1c ch\u1ee9ng \u0111au c\u1ed5 vai g\u00e1y<\/p>\n<p dir=\"ltr\">&#8211; Ng\u01b0\u1eddi m\u1ea5t ng\u1ee7, kh\u00f3 ng\u1ee7 hay gi\u1ea5c ng\u1ee7 kh\u00f4ng s\u00e2u<\/p>\n<p dir=\"ltr\">&#8211;\u00a0Ng\u01b0\u1eddi ch\u01a1i th\u1ec3 thao, v\u1eadn \u0111\u1ed9ng vi\u00ean th\u1ec3 thao.<a href=\"https:\/\/www.phivutabletennis.com\/wp-content\/uploads\/2023\/06\/q0k585pR9XgSWGcsae7LMgIL9MuEHr97infyfx75.jpeg\"><img loading=\"lazy\" decoding=\"async\" class=\"alignnone size-full wp-image-1949\" src=\"https:\/\/www.phivutabletennis.com\/wp-content\/uploads\/2023\/06\/q0k585pR9XgSWGcsae7LMgIL9MuEHr97infyfx75.jpeg\" alt=\"\" width=\"896\" height=\"523\" srcset=\"https:\/\/www.phivutabletennis.com\/wp-content\/uploads\/2023\/06\/q0k585pR9XgSWGcsae7LMgIL9MuEHr97infyfx75.jpeg 896w, https:\/\/www.phivutabletennis.com\/wp-content\/uploads\/2023\/06\/q0k585pR9XgSWGcsae7LMgIL9MuEHr97infyfx75-600x350.jpeg 600w, https:\/\/www.phivutabletennis.com\/wp-content\/uploads\/2023\/06\/q0k585pR9XgSWGcsae7LMgIL9MuEHr97infyfx75-300x175.jpeg 300w, https:\/\/www.phivutabletennis.com\/wp-content\/uploads\/2023\/06\/q0k585pR9XgSWGcsae7LMgIL9MuEHr97infyfx75-768x448.jpeg 768w\" sizes=\"auto, (max-width: 896px) 100vw, 896px\" \/><\/a> <a href=\"https:\/\/www.phivutabletennis.com\/wp-content\/uploads\/2023\/06\/hLw6mqwmUCuAg0Zg7ka8BZZZiMUHrwI49oKF6oB7.jpeg\"><img loading=\"lazy\" decoding=\"async\" class=\"alignnone size-full wp-image-2022\" src=\"https:\/\/www.phivutabletennis.com\/wp-content\/uploads\/2023\/06\/hLw6mqwmUCuAg0Zg7ka8BZZZiMUHrwI49oKF6oB7.jpeg\" alt=\"\" width=\"896\" height=\"440\" srcset=\"https:\/\/www.phivutabletennis.com\/wp-content\/uploads\/2023\/06\/hLw6mqwmUCuAg0Zg7ka8BZZZiMUHrwI49oKF6oB7.jpeg 896w, https:\/\/www.phivutabletennis.com\/wp-content\/uploads\/2023\/06\/hLw6mqwmUCuAg0Zg7ka8BZZZiMUHrwI49oKF6oB7-600x295.jpeg 600w, https:\/\/www.phivutabletennis.com\/wp-content\/uploads\/2023\/06\/hLw6mqwmUCuAg0Zg7ka8BZZZiMUHrwI49oKF6oB7-300x147.jpeg 300w, https:\/\/www.phivutabletennis.com\/wp-content\/uploads\/2023\/06\/hLw6mqwmUCuAg0Zg7ka8BZZZiMUHrwI49oKF6oB7-768x377.jpeg 768w\" sizes=\"auto, (max-width: 896px) 100vw, 896px\" \/><\/a> <a href=\"https:\/\/www.phivutabletennis.com\/wp-content\/uploads\/2023\/06\/g050BRh3tsv3GhWUYLbMMCB2Baf4ei6ta6mEfPm5.jpeg\"><img loading=\"lazy\" decoding=\"async\" class=\"alignnone size-full wp-image-2021\" src=\"https:\/\/www.phivutabletennis.com\/wp-content\/uploads\/2023\/06\/g050BRh3tsv3GhWUYLbMMCB2Baf4ei6ta6mEfPm5.jpeg\" alt=\"\" width=\"896\" height=\"896\" srcset=\"https:\/\/www.phivutabletennis.com\/wp-content\/uploads\/2023\/06\/g050BRh3tsv3GhWUYLbMMCB2Baf4ei6ta6mEfPm5.jpeg 896w, https:\/\/www.phivutabletennis.com\/wp-content\/uploads\/2023\/06\/g050BRh3tsv3GhWUYLbMMCB2Baf4ei6ta6mEfPm5-300x300.jpeg 300w, https:\/\/www.phivutabletennis.com\/wp-content\/uploads\/2023\/06\/g050BRh3tsv3GhWUYLbMMCB2Baf4ei6ta6mEfPm5-100x100.jpeg 100w, https:\/\/www.phivutabletennis.com\/wp-content\/uploads\/2023\/06\/g050BRh3tsv3GhWUYLbMMCB2Baf4ei6ta6mEfPm5-600x600.jpeg 600w, https:\/\/www.phivutabletennis.com\/wp-content\/uploads\/2023\/06\/g050BRh3tsv3GhWUYLbMMCB2Baf4ei6ta6mEfPm5-150x150.jpeg 150w, https:\/\/www.phivutabletennis.com\/wp-content\/uploads\/2023\/06\/g050BRh3tsv3GhWUYLbMMCB2Baf4ei6ta6mEfPm5-768x768.jpeg 768w\" sizes=\"auto, (max-width: 896px) 100vw, 896px\" \/><\/a> <a href=\"https:\/\/www.phivutabletennis.com\/wp-content\/uploads\/2023\/06\/ngHpgsyUJkhmjr7QWCDOCAKjVWn7DePcxHvDdazV.jpeg\"><img loading=\"lazy\" decoding=\"async\" class=\"alignnone size-full wp-image-2017\" src=\"https:\/\/www.phivutabletennis.com\/wp-content\/uploads\/2023\/06\/ngHpgsyUJkhmjr7QWCDOCAKjVWn7DePcxHvDdazV.jpeg\" alt=\"\" width=\"896\" height=\"771\" srcset=\"https:\/\/www.phivutabletennis.com\/wp-content\/uploads\/2023\/06\/ngHpgsyUJkhmjr7QWCDOCAKjVWn7DePcxHvDdazV.jpeg 896w, https:\/\/www.phivutabletennis.com\/wp-content\/uploads\/2023\/06\/ngHpgsyUJkhmjr7QWCDOCAKjVWn7DePcxHvDdazV-600x516.jpeg 600w, https:\/\/www.phivutabletennis.com\/wp-content\/uploads\/2023\/06\/ngHpgsyUJkhmjr7QWCDOCAKjVWn7DePcxHvDdazV-300x258.jpeg 300w, https:\/\/www.phivutabletennis.com\/wp-content\/uploads\/2023\/06\/ngHpgsyUJkhmjr7QWCDOCAKjVWn7DePcxHvDdazV-768x661.jpeg 768w\" sizes=\"auto, (max-width: 896px) 100vw, 896px\" \/><\/a><\/p>\n","protected":false},"excerpt":{"rendered":"<p>V\u00f2ng c\u1ed5 Phien Rakuwa Necklace Wire Extreme v\u1edbi thi\u1ebft k\u1ebf cao c\u1ea5p\u00a0v\u1edbi ch\u1ea5t li\u1ec7u si\u00eau\u00a0nh\u1eb9 mang \u0111\u1ebfn tr\u1ea3i nghi\u1ec7m tuy\u1ec7t v\u1eddi!\u00a0C\u1ea3i thi\u1ec7n l\u01b0u l\u01b0\u1ee3ng m\u00e1u v\u00e0 t\u0103ng c\u01b0\u1eddng hi\u1ec7u su\u1ea5t. \u0110\u01b0\u1ee3c y\u00eau th\u00edch b\u1edfi c\u00e1c v\u1eadn \u0111\u1ed9ng vi\u00ean d\u00e0nh c\u1ea3 ng\u00e0y \u0111\u1ec3 t\u1eadp luy\u1ec7n. Kh\u00f4ng th\u1ea5m n\u01b0\u1edbc v\u00e0 m\u1ed3 h\u00f4i. C\u00f4ng ngh\u1ec7:\u00a0C\u00f4ng ngh\u1ec7 Metax \u0111\u01b0\u1ee3c [&hellip;]<\/p>\n","protected":false},"featured_media":2020,"comment_status":"open","ping_status":"closed","template":"","meta":{"_eb_attr":""},"product_cat":[126,92,112],"product_tag":[],"class_list":["post-2018","product","type-product","status-publish","has-post-thumbnail","hentry","product_cat-vong-tay-extreme-series","product_cat-phiten","product_cat-vong-co"],"_links":{"self":[{"href":"https:\/\/www.phivutabletennis.com\/index.php\/wp-json\/wp\/v2\/product\/2018","targetHints":{"allow":["GET"]}}],"collection":[{"href":"https:\/\/www.phivutabletennis.com\/index.php\/wp-json\/wp\/v2\/product"}],"about":[{"href":"https:\/\/www.phivutabletennis.com\/index.php\/wp-json\/wp\/v2\/types\/product"}],"replies":[{"embeddable":true,"href":"https:\/\/www.phivutabletennis.com\/index.php\/wp-json\/wp\/v2\/comments?post=2018"}],"wp:featuredmedia":[{"embeddable":true,"href":"https:\/\/www.phivutabletennis.com\/index.php\/wp-json\/wp\/v2\/media\/2020"}],"wp:attachment":[{"href":"https:\/\/www.phivutabletennis.com\/index.php\/wp-json\/wp\/v2\/media?parent=2018"}],"wp:term":[{"taxonomy":"product_cat","embeddable":true,"href":"https:\/\/www.phivutabletennis.com\/index.php\/wp-json\/wp\/v2\/product_cat?post=2018"},{"taxonomy":"product_tag","embeddable":true,"href":"https:\/\/www.phivutabletennis.com\/index.php\/wp-json\/wp\/v2\/product_tag?post=2018"}],"curies":[{"name":"wp","href":"https:\/\/api.w.org\/{rel}","templated":true}]}}