{"id":2063,"date":"2023-06-20T20:06:10","date_gmt":"2023-06-20T13:06:10","guid":{"rendered":"https:\/\/www.phivutabletennis.com\/?post_type=product&#038;p=2063"},"modified":"2023-06-27T20:25:09","modified_gmt":"2023-06-27T13:25:09","slug":"vong-co-phiten-rakuwa-necklace-extreme-crystal-touch","status":"publish","type":"product","link":"https:\/\/www.phivutabletennis.com\/index.php\/product\/vong-co-phiten-rakuwa-necklace-extreme-crystal-touch\/","title":{"rendered":"V\u00f2ng C\u1ed5 &#8211; PHITEN RAKUWA NECKLACE EXTREME CRYSTAL TOUCH"},"content":{"rendered":"<p>V\u00f2ng c\u1ed5 \u0111\u01b0\u1ee3c l\u00e0m b\u1eb1ng c\u00f4ng ngh\u1ec7 Metax, mang l\u1ea1i hi\u1ec7u qu\u1ea3 cao khi s\u1eed d\u1ee5ng. \u0110\u01b0\u1ee3c gia c\u00f4ng tr\u00f4ng gi\u1ed1ng nh\u01b0 nh\u1eefng vi\u00ean \u0111\u00e1 t\u1ef1 nhi\u00ean, c\u00f3 \u0111\u1ed9 trong su\u1ed1t, mang l\u1ea1i c\u1ea3m gi\u00e1c sang tr\u1ecdng khi \u0111eo<\/p>\n<p><strong>\u0110\u1eb7c \u0111i\u1ec3m s\u1ea3n ph\u1ea9m:<\/strong><\/p>\n<p>Nh\u1eb9, ch\u1ed1ng n\u01b0\u1edbc \u0110\u01b0\u1ee3c khuy\u1ebfn ngh\u1ecb \u0111eo h\u00e0ng ng\u00e0y v\u00e0 khi ch\u01a1i th\u1ec3 thao<\/p>\n<p>D\u00e2y bu\u1ed9c b\u1eb1ng nh\u00f4m gi\u00fap d\u1ec5 d\u00e0ng \u0111eo v\u00e0 th\u00e1o ra ch\u1ec9 v\u1edbi m\u1ed9t l\u1ea7n ch\u1ea1m<\/p>\n<p>Mang l\u1ea1i c\u1ea3m gi\u00e1c d\u1ec5 ch\u1ecbu khi \u0111eo v\u00e0 b\u1ec1n n\u00ean r\u1ea5t th\u00edch h\u1ee3p cho c\u00e1c ho\u1ea1t \u0111\u1ed9ng th\u1ec3 thao<\/p>\n<p><strong>C\u00f4ng d\u1ee5ng:<\/strong><\/p>\n<p>Gi\u1ea3m c\u0103ng th\u1eb3ng<br \/>\nC\u1ea3i thi\u1ec7n l\u01b0u th\u00f4ng m\u00e1u<br \/>\nC\u1ea3i thi\u1ec7n l\u01b0u l\u01b0\u1ee3ng m\u00e1u v\u00e0 n\u00e2ng cao hi\u1ec7u su\u1ea5t<br \/>\nGi\u1ea3m \u0111au, nh\u1ee9c, m\u1ecfi c\u01a1<br \/>\nH\u1ed7 tr\u1ee3 v\u1eadn \u0111\u1ed9ng t\u1ed1t cho c\u00e1c ho\u1ea1t \u0111\u1ed9ng th\u1ec3 thao ho\u1eb7c h\u00e0ng ng\u00e0y<\/p>\n<p><strong>Ch\u1ea5t li\u1ec7u:<\/strong><\/p>\n<p>H\u1ea1t Acrylic<br \/>\nD\u00e2y l\u00e0m b\u1eb1ng th\u00e9p kh\u00f4ng g\u1ec9, Nylon<br \/>\nCh\u1ed1t g\u00e0i l\u00e0m b\u1eb1ng nh\u00f4m, Urethane, Acrylic<\/p>\n<p><strong>C\u00f4ng ngh\u1ec7:<\/strong><\/p>\n<p>C\u00f4ng ngh\u1ec7 Metax<\/p>\n<p><strong>H\u01b0\u1edbng d\u1eabn b\u1ea3o qu\u1ea3n:<\/strong><\/p>\n<p>\u0110eo h\u00e0ng ng\u00e0y<br \/>\nC\u00f3 th\u1ec3 ti\u1ebfp x\u00fac v\u1edbi n\u01b0\u1edbc m\u00e0 kh\u00f4ng b\u1ecb m\u1ea5t t\u00e1c d\u1ee5ng<\/p>\n<p><strong>B\u1ea3o h\u00e0nh:<\/strong><\/p>\n<p>B\u1ea3o h\u00e0nh 6 th\u00e1ng k\u1ec3 t\u1eeb ng\u00e0y thanh to\u00e1n, \u00e1p d\u1ee5ng cho s\u1ea3n ph\u1ea9m l\u1ed7i do nh\u00e0 s\u1ea3n xu\u1ea5t<br \/>\nB\u1ea3o h\u00e0nh s\u1ebd t\u1ef1 \u0111\u1ed9ng \u0111\u01b0\u1ee3c t\u1ea1o trong t\u00e0i kho\u1ea3n c\u1ee7a b\u1ea1n<br \/>\nKh\u00f4ng c\u1ea7n \u0111\u0103ng k\u00fd<\/p>\n<p><strong>N\u01a1i s\u1ea3n xu\u1ea5t:\u00a0<\/strong><\/p>\n<p>S\u1ea3n xu\u1ea5t t\u1ea1i Nh\u1eadt B\u1ea3n<\/p>\n<p dir=\"ltr\"><strong>\u0110\u1ed1i t\u01b0\u1ee3ng s\u1eed d\u1ee5ng:<\/strong><\/p>\n<p dir=\"ltr\">&#8211; Ph\u00f9 h\u1ee3p cho m\u1ecdi l\u1ee9a tu\u1ed5i<\/p>\n<p dir=\"ltr\">&#8211; Ng\u01b0\u1eddi cao huy\u1ebft \u00e1p, huy\u1ebft \u00e1p kh\u00f4ng \u1ed5n \u0111\u1ecbnh<\/p>\n<p dir=\"ltr\">&#8211; Ng\u01b0\u1eddi m\u1eafc c\u00e1c ch\u1ee9ng \u0111au c\u1ed5 vai g\u00e1y<\/p>\n<p dir=\"ltr\">&#8211; Ng\u01b0\u1eddi m\u1ea5t ng\u1ee7, kh\u00f3 ng\u1ee7 hay gi\u1ea5c ng\u1ee7 kh\u00f4ng s\u00e2u<\/p>\n<p dir=\"ltr\">&#8211;\u00a0Ng\u01b0\u1eddi ch\u01a1i th\u1ec3 thao, v\u1eadn \u0111\u1ed9ng vi\u00ean th\u1ec3 thao.<\/p>\n","protected":false},"excerpt":{"rendered":"<p>V\u00f2ng c\u1ed5 \u0111\u01b0\u1ee3c l\u00e0m b\u1eb1ng c\u00f4ng ngh\u1ec7 Metax, mang l\u1ea1i hi\u1ec7u qu\u1ea3 cao khi s\u1eed d\u1ee5ng. \u0110\u01b0\u1ee3c gia c\u00f4ng tr\u00f4ng gi\u1ed1ng nh\u01b0 nh\u1eefng vi\u00ean \u0111\u00e1 t\u1ef1 nhi\u00ean, c\u00f3 \u0111\u1ed9 trong su\u1ed1t, mang l\u1ea1i c\u1ea3m gi\u00e1c sang tr\u1ecdng khi \u0111eo \u0110\u1eb7c \u0111i\u1ec3m s\u1ea3n ph\u1ea9m: Nh\u1eb9, ch\u1ed1ng n\u01b0\u1edbc \u0110\u01b0\u1ee3c khuy\u1ebfn ngh\u1ecb \u0111eo h\u00e0ng ng\u00e0y v\u00e0 khi ch\u01a1i [&hellip;]<\/p>\n","protected":false},"featured_media":2065,"comment_status":"open","ping_status":"closed","template":"","meta":{"_eb_attr":""},"product_cat":[126,92,112],"product_tag":[],"class_list":["post-2063","product","type-product","status-publish","has-post-thumbnail","hentry","product_cat-vong-tay-extreme-series","product_cat-phiten","product_cat-vong-co"],"_links":{"self":[{"href":"https:\/\/www.phivutabletennis.com\/index.php\/wp-json\/wp\/v2\/product\/2063","targetHints":{"allow":["GET"]}}],"collection":[{"href":"https:\/\/www.phivutabletennis.com\/index.php\/wp-json\/wp\/v2\/product"}],"about":[{"href":"https:\/\/www.phivutabletennis.com\/index.php\/wp-json\/wp\/v2\/types\/product"}],"replies":[{"embeddable":true,"href":"https:\/\/www.phivutabletennis.com\/index.php\/wp-json\/wp\/v2\/comments?post=2063"}],"wp:featuredmedia":[{"embeddable":true,"href":"https:\/\/www.phivutabletennis.com\/index.php\/wp-json\/wp\/v2\/media\/2065"}],"wp:attachment":[{"href":"https:\/\/www.phivutabletennis.com\/index.php\/wp-json\/wp\/v2\/media?parent=2063"}],"wp:term":[{"taxonomy":"product_cat","embeddable":true,"href":"https:\/\/www.phivutabletennis.com\/index.php\/wp-json\/wp\/v2\/product_cat?post=2063"},{"taxonomy":"product_tag","embeddable":true,"href":"https:\/\/www.phivutabletennis.com\/index.php\/wp-json\/wp\/v2\/product_tag?post=2063"}],"curies":[{"name":"wp","href":"https:\/\/api.w.org\/{rel}","templated":true}]}}