{"id":2066,"date":"2023-06-20T20:08:05","date_gmt":"2023-06-20T13:08:05","guid":{"rendered":"https:\/\/www.phivutabletennis.com\/?post_type=product&#038;p=2066"},"modified":"2023-06-27T20:25:18","modified_gmt":"2023-06-27T13:25:18","slug":"vong-co-phiten-crystal-necklace_gradation-with-morion-455cm","status":"publish","type":"product","link":"https:\/\/www.phivutabletennis.com\/index.php\/product\/vong-co-phiten-crystal-necklace_gradation-with-morion-455cm\/","title":{"rendered":"V\u00f2ng C\u1ed5 &#8211; PHITEN CRYSTAL NECKLACE_GRADATION WITH MORION 45+5CM"},"content":{"rendered":"<p>V\u00f2ng c\u1ed5 Phiten \u0111\u01b0\u1ee3c thi\u1ebft k\u1ebf chu\u1ed7i h\u1ea1t m\u00e0u pha l\u00ea l\u1ea5p l\u00e1nh, sang tr\u1ecdng, d\u1ecbu d\u00e0ng v\u1edbi l\u00e0n da v\u00e0 ch\u1ed1ng n\u01b0\u1edbc mang \u0111\u1ebfn s\u1ef1 tho\u1ea3i m\u00e1i khi v\u1eadn \u0111\u1ed9ng.<\/p>\n<p>T\u1eebng h\u1ea1t v\u1edbi k\u00edch th\u01b0\u1edbc nh\u1ecf nh\u1eafn mang l\u1ea1i s\u1ef1 h\u1ea5p d\u1eabn c\u00f9ng v\u1edbi \u00e1nh m\u00e0u \u0111a s\u1eafc d\u01b0\u1edbi \u00e1nh s\u00e1ng<\/p>\n<p><strong>Th\u00e0nh ph\u1ea7n:<\/strong>\u00a0100% pha l\u00ea tinh khi\u1ebft, tinh tan nguy\u00ean ch\u1ea5t v\u00e0 th\u00e9p kh\u00f4ng g\u1ec9<\/p>\n<p><strong>C\u00f4ng d\u1ee5ng:<\/strong>\u00a0D\u00f9ng l\u00e0m trang s\u1ee9c v\u00e0 \u0111\u1eb7c bi\u1ec7t v\u1edbi nh\u1eefng l\u1ee3i \u00edch cho s\u1ee9c kh\u1ecfe:<\/p>\n<p>&#8211; Gi\u00fap gi\u1ea3m b\u1edbt c\u0103ng th\u1eb3ng li\u00ean t\u1ee5c.<br \/>\n&#8211; Gi\u00fap c\u1ea3i thi\u1ec7n l\u01b0u th\u00f4ng m\u00e1u.<br \/>\n&#8211; T\u0103ng c\u01b0\u1eddng s\u1ee9c m\u1ea1nh v\u00e0 t\u00ednh linh ho\u1ea1t.<br \/>\n&#8211; Gi\u00fap gi\u1ea3m \u0111au.<br \/>\n&#8211; Tuy\u1ec7t v\u1eddi cho th\u1ec3 thao ho\u1eb7c c\u00e1c ho\u1ea1t \u0111\u1ed9ng h\u00e0ng ng\u00e0y.<br \/>\n&#8211; Gi\u00fap th\u01b0 gi\u00e3n c\u01a1 b\u1eafp c\u1ee9ng.<\/p>\n<p><strong>Th\u01b0\u01a1ng hi\u1ec7u:\u00a0<\/strong>Phiten<\/p>\n<p><strong>S\u1ea3n xu\u1ea5t t\u1ea1i:<\/strong>\u00a0Nh\u1eadt b\u1ea3n<\/p>\n<p dir=\"ltr\">&#8211; Ph\u00f9 h\u1ee3p cho m\u1ecdi l\u1ee9a tu\u1ed5i<\/p>\n<p dir=\"ltr\">&#8211; Ng\u01b0\u1eddi cao huy\u1ebft \u00e1p, huy\u1ebft \u00e1p kh\u00f4ng \u1ed5n \u0111\u1ecbnh<\/p>\n<p dir=\"ltr\">&#8211; Ng\u01b0\u1eddi m\u1eafc c\u00e1c ch\u1ee9ng \u0111au c\u1ed5 vai g\u00e1y<\/p>\n<p dir=\"ltr\">&#8211; Ng\u01b0\u1eddi m\u1ea5t ng\u1ee7, kh\u00f3 ng\u1ee7 hay gi\u1ea5c ng\u1ee7 kh\u00f4ng s\u00e2u.<\/p>\n","protected":false},"excerpt":{"rendered":"<p>V\u00f2ng c\u1ed5 Phiten \u0111\u01b0\u1ee3c thi\u1ebft k\u1ebf chu\u1ed7i h\u1ea1t m\u00e0u pha l\u00ea l\u1ea5p l\u00e1nh, sang tr\u1ecdng, d\u1ecbu d\u00e0ng v\u1edbi l\u00e0n da v\u00e0 ch\u1ed1ng n\u01b0\u1edbc mang \u0111\u1ebfn s\u1ef1 tho\u1ea3i m\u00e1i khi v\u1eadn \u0111\u1ed9ng. T\u1eebng h\u1ea1t v\u1edbi k\u00edch th\u01b0\u1edbc nh\u1ecf nh\u1eafn mang l\u1ea1i s\u1ef1 h\u1ea5p d\u1eabn c\u00f9ng v\u1edbi \u00e1nh m\u00e0u \u0111a s\u1eafc d\u01b0\u1edbi \u00e1nh s\u00e1ng Th\u00e0nh ph\u1ea7n:\u00a0100% pha [&hellip;]<\/p>\n","protected":false},"featured_media":2071,"comment_status":"open","ping_status":"closed","template":"","meta":{"_eb_attr":""},"product_cat":[92,127,112],"product_tag":[],"class_list":["post-2066","product","type-product","status-publish","has-post-thumbnail","hentry","product_cat-phiten","product_cat-titanium-crystal","product_cat-vong-co"],"_links":{"self":[{"href":"https:\/\/www.phivutabletennis.com\/index.php\/wp-json\/wp\/v2\/product\/2066","targetHints":{"allow":["GET"]}}],"collection":[{"href":"https:\/\/www.phivutabletennis.com\/index.php\/wp-json\/wp\/v2\/product"}],"about":[{"href":"https:\/\/www.phivutabletennis.com\/index.php\/wp-json\/wp\/v2\/types\/product"}],"replies":[{"embeddable":true,"href":"https:\/\/www.phivutabletennis.com\/index.php\/wp-json\/wp\/v2\/comments?post=2066"}],"wp:featuredmedia":[{"embeddable":true,"href":"https:\/\/www.phivutabletennis.com\/index.php\/wp-json\/wp\/v2\/media\/2071"}],"wp:attachment":[{"href":"https:\/\/www.phivutabletennis.com\/index.php\/wp-json\/wp\/v2\/media?parent=2066"}],"wp:term":[{"taxonomy":"product_cat","embeddable":true,"href":"https:\/\/www.phivutabletennis.com\/index.php\/wp-json\/wp\/v2\/product_cat?post=2066"},{"taxonomy":"product_tag","embeddable":true,"href":"https:\/\/www.phivutabletennis.com\/index.php\/wp-json\/wp\/v2\/product_tag?post=2066"}],"curies":[{"name":"wp","href":"https:\/\/api.w.org\/{rel}","templated":true}]}}