{"id":2078,"date":"2023-06-20T20:24:13","date_gmt":"2023-06-20T13:24:13","guid":{"rendered":"https:\/\/www.phivutabletennis.com\/?post_type=product&#038;p=2078"},"modified":"2023-06-27T20:25:48","modified_gmt":"2023-06-27T13:25:48","slug":"vong-tay-phiten-titanium-bracelet-hard-coat-2022aw-model-20-5cm-2","status":"publish","type":"product","link":"https:\/\/www.phivutabletennis.com\/index.php\/product\/vong-tay-phiten-titanium-bracelet-hard-coat-2022aw-model-20-5cm-2\/","title":{"rendered":"V\u00f2ng Tay &#8211; PHITEN TITANIUM BRACELET HARD COAT 2022AW MODEL 20.5CM"},"content":{"rendered":"<p>V\u00f2ng tay\u00a0 Phiten Titanium Hard Coat 2022AW Model ch\u1ee9a 100% Titanium nguy\u00ean ch\u1ea5t v\u00e0 v\u1edbi C\u00f4ng ngh\u1ec7 AquaTitan\u00ae ti\u00ean ti\u1ebfn nh\u1ea5t. \u0110\u01b0\u1ee3c\u00a0ph\u1ee7 m\u1ed9t l\u1edbp s\u01a1n c\u1ee9ng l\u00ean b\u1ec1 m\u1eb7t gi\u00fap gi\u1eef \u0111\u01b0\u1ee3c \u0111\u1ed9 s\u00e1ng b\u00f3ng v\u00e0 b\u1ec1n m\u00e0u c\u1ee7a v\u00f2ng tay. Thi\u1ebft k\u1ebf \u0111\u01a1n gi\u1ea3n, d\u1ec5 d\u00e0ng ph\u1ed1i h\u1ee3p v\u1edbi b\u1ea5t k\u1ef3 lo\u1ea1i trang ph\u1ee5c n\u00e0o.<\/p>\n<p>Th\u01b0\u01a1ng hi\u1ec7u: Phiten<\/p>\n<p>Xu\u1ea5t x\u1ee9: Trung Qu\u1ed1c<\/p>\n<p dir=\"ltr\"><strong>C\u00f4ng d\u1ee5ng:<\/strong><\/p>\n<p dir=\"ltr\">&#8211; Gi\u00fap gi\u1ea3m c\u1ee9ng c\u01a1 v\u00e0 \u0111au nh\u1ee9c \u1edf c\u1ed5 tay, c\u00e1nh tay v\u00e0 b\u00e0n tay<br \/>\n&#8211; Gi\u00fap c\u1ea3i thi\u1ec7n l\u01b0u th\u00f4ng m\u00e1u.<br \/>\n&#8211; Gi\u1ea3m b\u1edbt s\u1ef1 m\u1ec7t m\u1ecfi v\u00e0 kh\u00f3 ch\u1ecbu c\u1ee7a c\u01a1 b\u1eafp sau khi ch\u01a1i th\u1ec3 thao ho\u1eb7c v\u1eadn \u0111\u1ed9ng li\u00ean t\u1ee5c.<\/p>\n<p dir=\"ltr\"><strong>\u0110\u1ed1i t\u01b0\u1ee3ng s\u1eed d\u1ee5ng:<\/strong><\/p>\n<p dir=\"ltr\">&#8211; Ph\u00f9 h\u1ee3p cho m\u1ecdi l\u1ee9a tu\u1ed5i<\/p>\n<p dir=\"ltr\">&#8211; Ng\u01b0\u1eddi ch\u01a1i th\u1ec3 thao hay v\u1eadn \u0111\u1ed9ng vi\u00ean chuy\u00ean nghi\u1ec7p<\/p>\n<p dir=\"ltr\">&#8211; Ng\u01b0\u1eddi l\u00e0m vi\u1ec7c v\u0103n ph\u00f2ng, g\u00f5 m\u00e1y t\u00ednh nhi\u1ec1u ho\u1eb7c d\u00f9ng tay n\u00e2ng v\u1eadt n\u1eb7ng<\/p>\n<p dir=\"ltr\">&#8211; Ng\u01b0\u1eddi cao huy\u1ebft \u00e1p, huy\u1ebft \u00e1p kh\u00f4ng \u1ed5n \u0111\u1ecbnh<\/p>\n<p dir=\"ltr\">&#8211; Ng\u01b0\u1eddi m\u1ea5t ng\u1ee7, kh\u00f3 ng\u1ee7 hay gi\u1ea5c ng\u1ee7 kh\u00f4ng s\u00e2u.<\/p>\n","protected":false},"excerpt":{"rendered":"<p>V\u00f2ng tay\u00a0 Phiten Titanium Hard Coat 2022AW Model ch\u1ee9a 100% Titanium nguy\u00ean ch\u1ea5t v\u00e0 v\u1edbi C\u00f4ng ngh\u1ec7 AquaTitan\u00ae ti\u00ean ti\u1ebfn nh\u1ea5t. \u0110\u01b0\u1ee3c\u00a0ph\u1ee7 m\u1ed9t l\u1edbp s\u01a1n c\u1ee9ng l\u00ean b\u1ec1 m\u1eb7t gi\u00fap gi\u1eef \u0111\u01b0\u1ee3c \u0111\u1ed9 s\u00e1ng b\u00f3ng v\u00e0 b\u1ec1n m\u00e0u c\u1ee7a v\u00f2ng tay. Thi\u1ebft k\u1ebf \u0111\u01a1n gi\u1ea3n, d\u1ec5 d\u00e0ng ph\u1ed1i h\u1ee3p v\u1edbi b\u1ea5t k\u1ef3 lo\u1ea1i trang ph\u1ee5c [&hellip;]<\/p>\n","protected":false},"featured_media":2083,"comment_status":"open","ping_status":"closed","template":"","meta":{"_eb_attr":""},"product_cat":[92,127,113],"product_tag":[],"class_list":["post-2078","product","type-product","status-publish","has-post-thumbnail","hentry","product_cat-phiten","product_cat-titanium-crystal","product_cat-vong-tay"],"_links":{"self":[{"href":"https:\/\/www.phivutabletennis.com\/index.php\/wp-json\/wp\/v2\/product\/2078","targetHints":{"allow":["GET"]}}],"collection":[{"href":"https:\/\/www.phivutabletennis.com\/index.php\/wp-json\/wp\/v2\/product"}],"about":[{"href":"https:\/\/www.phivutabletennis.com\/index.php\/wp-json\/wp\/v2\/types\/product"}],"replies":[{"embeddable":true,"href":"https:\/\/www.phivutabletennis.com\/index.php\/wp-json\/wp\/v2\/comments?post=2078"}],"wp:featuredmedia":[{"embeddable":true,"href":"https:\/\/www.phivutabletennis.com\/index.php\/wp-json\/wp\/v2\/media\/2083"}],"wp:attachment":[{"href":"https:\/\/www.phivutabletennis.com\/index.php\/wp-json\/wp\/v2\/media?parent=2078"}],"wp:term":[{"taxonomy":"product_cat","embeddable":true,"href":"https:\/\/www.phivutabletennis.com\/index.php\/wp-json\/wp\/v2\/product_cat?post=2078"},{"taxonomy":"product_tag","embeddable":true,"href":"https:\/\/www.phivutabletennis.com\/index.php\/wp-json\/wp\/v2\/product_tag?post=2078"}],"curies":[{"name":"wp","href":"https:\/\/api.w.org\/{rel}","templated":true}]}}