{"id":2126,"date":"2023-06-21T23:31:33","date_gmt":"2023-06-21T16:31:33","guid":{"rendered":"https:\/\/www.phivutabletennis.com\/?post_type=product&#038;p=2126"},"modified":"2023-06-21T23:31:33","modified_gmt":"2023-06-21T16:31:33","slug":"vong-tay-phiten-rakuwa-bracelet-metax-shield","status":"publish","type":"product","link":"https:\/\/www.phivutabletennis.com\/index.php\/product\/vong-tay-phiten-rakuwa-bracelet-metax-shield\/","title":{"rendered":"V\u00f2ng Tay &#8211; PHITEN RAKUWA BRACELET METAX SHIELD"},"content":{"rendered":"<p><strong>S\u1ea2N PH\u1ea8M NG\u1eeaNG KINH DOANH<\/strong><\/p>\n<p>V\u00f2ng \u0111eo tay phiten Rakuwa METAX Shield v\u1edbi ba nam ch\u00e2m<\/p>\n<p>V\u00f2ng \u0111eo tay c\u00f3 k\u00edch th\u01b0\u1edbc 17 &#8211; 23,5 cm v\u1edbi 3 nam ch\u00e2m. M\u1ed9t chi\u1ebfc v\u00f2ng \u0111eo tay Rakuwa hi\u1ec7n \u0111\u1ea1i \u0111\u01b0\u1ee3c k\u1ebft n\u1ed1i v\u1edbi c\u00f4ng ngh\u1ec7 METAX \u0111\u1ed9c \u0111\u00e1o k\u1ebft h\u1ee3p v\u1edbi li\u1ec7u ph\u00e1p t\u1eeb tr\u01b0\u1eddng.<\/p>\n<p>V\u1ebb ngo\u00e0i g\u00f3c c\u1ea1nh c\u00f9ng v\u1edbi nh\u1eefng l\u1ee3i \u00edch v\u1ec1 s\u1ee9c kh\u1ecfe khi\u1ebfn n\u00f3 tr\u1edf n\u00ean kh\u00e1c bi\u1ec7t so v\u1edbi b\u1ea5t k\u1ef3 chi\u1ebfc v\u00f2ng ph\u1ee5 ki\u1ec7n n\u00e0o b\u1ea1n t\u1eebng \u0111eo.<\/p>\n<p>Chi\u1ec1u d\u00e0i c\u1ee7a v\u00f2ng tay c\u00f3 th\u1ec3 \u0111\u01b0\u1ee3c c\u1eaft m\u1ed9t c\u00e1ch d\u1ec5 d\u00e0ng v\u00e0 ri\u00eang l\u1ebb. Ch\u0103m s\u00f3c: N\u00ean l\u1ea5y v\u00f2ng tay \u0111\u1ec3 t\u1eafm. N\u00f3 c\u00f3 th\u1ec3 \u0111\u01b0\u1ee3c l\u00e0m s\u1ea1ch (n\u1ebfu c\u1ea7n) v\u1edbi \u00edt ch\u1ea5t t\u1ea9y r\u1eeda nh\u1eb9. Hi\u1ec7u qu\u1ea3 c\u1ee7a c\u00f4ng ngh\u1ec7 Phiten do \u0111\u00f3 kh\u00f4ng b\u1ecb m\u1ea5t \u0111i.<\/p>\n<p>&#8211; Kh\u00f3a: D\u00e2y kim lo\u1ea1i; silicone<\/p>\n<p>&#8211; Ph\u1ea7n gi\u1eefa: th\u00e9p kh\u00f4ng g\u1ec9 gi\u00fap t\u0103ng c\u01b0\u1eddng n\u0103ng l\u01b0\u1ee3ng, th\u01b0 gi\u00e3n khi l\u00e0m vi\u1ec7c m\u00e1y t\u00ednh, trong th\u1ec3 thao v\u00e0 cu\u1ed9c s\u1ed1ng h\u00e0ng ng\u00e0y<\/p>\n<p dir=\"ltr\"><strong>\u0110\u1ed1i t\u01b0\u1ee3ng s\u1eed d\u1ee5ng:<\/strong><\/p>\n<p dir=\"ltr\">&#8211; Ph\u00f9 h\u1ee3p cho m\u1ecdi l\u1ee9a tu\u1ed5i<\/p>\n<p dir=\"ltr\">&#8211; Ng\u01b0\u1eddi ch\u01a1i th\u1ec3 thao hay v\u1eadn \u0111\u1ed9ng vi\u00ean chuy\u00ean nghi\u1ec7p<\/p>\n<p dir=\"ltr\">&#8211; Ng\u01b0\u1eddi l\u00e0m vi\u1ec7c v\u0103n ph\u00f2ng, g\u00f5 m\u00e1y t\u00ednh nhi\u1ec1u ho\u1eb7c d\u00f9ng tay n\u00e2ng v\u1eadt n\u1eb7ng<\/p>\n<p dir=\"ltr\">&#8211; Ng\u01b0\u1eddi cao huy\u1ebft \u00e1p, huy\u1ebft \u00e1p kh\u00f4ng \u1ed5n \u0111\u1ecbnh<\/p>\n<p dir=\"ltr\">&#8211; Ng\u01b0\u1eddi m\u1ea5t ng\u1ee7, kh\u00f3 ng\u1ee7 hay gi\u1ea5c ng\u1ee7 kh\u00f4ng s\u00e2u.<\/p>\n","protected":false},"excerpt":{"rendered":"<p>S\u1ea2N PH\u1ea8M NG\u1eeaNG KINH DOANH V\u00f2ng \u0111eo tay phiten Rakuwa METAX Shield v\u1edbi ba nam ch\u00e2m V\u00f2ng \u0111eo tay c\u00f3 k\u00edch th\u01b0\u1edbc 17 &#8211; 23,5 cm v\u1edbi 3 nam ch\u00e2m. M\u1ed9t chi\u1ebfc v\u00f2ng \u0111eo tay Rakuwa hi\u1ec7n \u0111\u1ea1i \u0111\u01b0\u1ee3c k\u1ebft n\u1ed1i v\u1edbi c\u00f4ng ngh\u1ec7 METAX \u0111\u1ed9c \u0111\u00e1o k\u1ebft h\u1ee3p v\u1edbi li\u1ec7u ph\u00e1p t\u1eeb tr\u01b0\u1eddng. V\u1ebb [&hellip;]<\/p>\n","protected":false},"featured_media":2129,"comment_status":"open","ping_status":"closed","template":"","meta":{"_eb_attr":""},"product_cat":[92,113],"product_tag":[],"class_list":["post-2126","product","type-product","status-publish","has-post-thumbnail","hentry","product_cat-phiten","product_cat-vong-tay"],"_links":{"self":[{"href":"https:\/\/www.phivutabletennis.com\/index.php\/wp-json\/wp\/v2\/product\/2126","targetHints":{"allow":["GET"]}}],"collection":[{"href":"https:\/\/www.phivutabletennis.com\/index.php\/wp-json\/wp\/v2\/product"}],"about":[{"href":"https:\/\/www.phivutabletennis.com\/index.php\/wp-json\/wp\/v2\/types\/product"}],"replies":[{"embeddable":true,"href":"https:\/\/www.phivutabletennis.com\/index.php\/wp-json\/wp\/v2\/comments?post=2126"}],"wp:featuredmedia":[{"embeddable":true,"href":"https:\/\/www.phivutabletennis.com\/index.php\/wp-json\/wp\/v2\/media\/2129"}],"wp:attachment":[{"href":"https:\/\/www.phivutabletennis.com\/index.php\/wp-json\/wp\/v2\/media?parent=2126"}],"wp:term":[{"taxonomy":"product_cat","embeddable":true,"href":"https:\/\/www.phivutabletennis.com\/index.php\/wp-json\/wp\/v2\/product_cat?post=2126"},{"taxonomy":"product_tag","embeddable":true,"href":"https:\/\/www.phivutabletennis.com\/index.php\/wp-json\/wp\/v2\/product_tag?post=2126"}],"curies":[{"name":"wp","href":"https:\/\/api.w.org\/{rel}","templated":true}]}}