{"id":2275,"date":"2023-06-22T00:29:51","date_gmt":"2023-06-21T17:29:51","guid":{"rendered":"https:\/\/www.phivutabletennis.com\/?post_type=product&#038;p=2275"},"modified":"2024-09-13T22:38:36","modified_gmt":"2024-09-13T15:38:36","slug":"lot-giay-phiten-metax-insole_cup-type","status":"publish","type":"product","link":"https:\/\/www.phivutabletennis.com\/index.php\/product\/lot-giay-phiten-metax-insole_cup-type\/","title":{"rendered":"L\u00f3t Gi\u00e0y &#8211; PHITEN METAX INSOLE_CUP TYPE"},"content":{"rendered":"<div class=\"row quan-color-size\">\n<div class=\"col-md-4\">\n<div>S\u1ed1 l\u01b0\u1ee3ng<\/div>\n<div class=\"quality quantity input-group-quantity buttons_added\"><button class=\"btn-number btn-minus minus\" disabled=\"disabled\" type=\"button\" data-type=\"minus\"><i class=\"icon-minus\"><\/i><\/button><input id=\"qty\" class=\"input-number input-quantity input-text qty text\" max=\"15\" min=\"1\" name=\"qty\" type=\"text\" value=\"1\" \/><button class=\"btn-number btn-plus plus\" type=\"button\" data-type=\"plus\"><i class=\"icon-plus\"><\/i><\/button><\/div>\n<\/div>\n<div class=\"col-md-4\">\n<div class=\"item\">\n<div class=\"title\">Size:<\/div>\n<p><select class=\"selectpicker select attributes\" title=\"\" data-id=\"4\"><option value=\"S056\">26.5-28cm<\/option><option selected=\"selected\" value=\"S060\">24.5-26cm<\/option><option selected=\"selected\" value=\"S060\">22.5-24cm<\/option><\/select><\/div>\n<\/div>\n<div class=\"col-md-4\">\n<div class=\"item\">\n<div class=\"title\">M\u00e0u s\u1eafc:<\/div>\n<p><select class=\"selectpicker select attributes\" title=\"\" data-id=\"5\"><option selected=\"selected\" value=\"C001\">\u0110en<\/option><\/select><\/div>\n<\/div>\n<\/div>\n<div class=\"item\"><\/div>\n<div class=\"product-desc desc\">\n<p><strong>L\u00f3t Gi\u00e0y Phiten Metax_Cup Type (1 \u0111\u00f4i)<\/strong><\/p>\n<p>\u0110\u1ebf l\u00f3t gi\u00e0y v\u1edbi thi\u1ebft k\u1ebf h\u1ed7 tr\u1ee3 v\u00f2m ch\u00e2n ba chi\u1ec1u, h\u1ed7 tr\u1ee3 t\u1ed1i \u01b0u cho c\u00e1c ho\u1ea1t \u0111\u1ed9ng th\u1ec3 thao c\u1ee7a b\u1ea1n.<br \/>\nL\u00f3t Gi\u00e0y Phiten Metax_Cup Type v\u1edbi b\u1ed9 gi\u1ea3m s\u00f3c k\u00e9p cho c\u00e1c khu v\u1ef1c th\u01b0\u1eddng va ch\u1ea1m m\u1ea1nh v\u00e0 t\u1ea1o c\u00e1c \u0111\u01b0\u1eddng vi\u1ec1n cho b\u00e0n ch\u00e2n mang \u0111\u1ebfn s\u1ef1 tho\u1ea3i m\u00e1i v\u01b0\u1ee3t tr\u1ed9i.<\/p>\n<p><strong>C\u00f4ng ngh\u1ec7:<\/strong>\u00a0Metax<\/p>\n<p><strong>C\u00f4ng d\u1ee5ng:<\/strong><\/p>\n<p>&#8211; Mang \u0111\u1ebfn s\u1ef1 nh\u1eb9 nh\u00e0ng, th\u01b0 gi\u00e3n cho \u0111\u00f4i ch\u00e2n khi ch\u1ea1y b\u1ed9, \u0111i b\u1ed9.<\/p>\n<p>&#8211; Gi\u1ea3m m\u1ecfi b\u00e0n ch\u00e2n v\u00e0 ng\u0103n ng\u1eeba ch\u1ea5n th\u01b0\u01a1ng \u0111\u1ea7u g\u1ed1i.<\/p>\n<p>&#8211; Gi\u00fap gi\u1ea3m \u0111au nh\u1ee9c v\u00f9ng g\u00f3t ch\u00e2n, b\u00e0n ch\u00e2n.<\/p>\n<p>&#8211; Gi\u00fap ng\u0103n ng\u1eeba tho\u00e1i h\u00f3a kh\u1edbp g\u1ed1i khi \u0111i b\u1ed9 v\u00e0 t\u1eadp th\u1ec3 d\u1ee5c.<\/p>\n<p><strong>H\u01b0\u1edbng d\u1eabn s\u1eed d\u1ee5ng:<\/strong><\/p>\n<p>Ki\u1ec3m tra k\u00edch th\u01b0\u1edbc c\u1ee7a \u0111\u1ebf v\u1edbi gi\u00e0y d\u00e9p c\u1ee7a b\u1ea1n. N\u1ebfu c\u1ea7n, h\u00e3y \u0111i\u1ec1u ch\u1ec9nh k\u00edch th\u01b0\u1edbc c\u1ee7a L\u00f3t th\u1ec3 thao Phiten b\u1eb1ng c\u00e1ch c\u1eaft t\u1ec9a v\u00f9ng ng\u00f3n ch\u00e2n. C\u00e1c c\u1ea1nh c\u00f3 th\u1ec3 \u0111\u01b0\u1ee3c c\u1eaft khi c\u1ea7n thi\u1ebft. Khuy\u1ebfn c\u00e1o r\u1eb1ng c\u1ea3 hai lo\u1ea1i l\u00f3t \u0111\u01b0\u1ee3c s\u1eed d\u1ee5ng c\u00f9ng m\u1ed9t l\u00fac.<br \/>\nM\u00e0u s\u1eafc: M\u00e0u \u0111en<\/p>\n<p><strong>K\u00edch th\u01b0\u1edbc:<\/strong><\/p>\n<p>S (22.5 \u2013 24.0 cm)<br \/>\nM (24.5-26.0 cm)<br \/>\nL (26.5-28.0cm)<\/p>\n<p><strong>Ch\u1ea5t li\u1ec7u:<\/strong><br \/>\nBody \u2013 Ethylene vinyl acetate<br \/>\nSurface fabric \u2013 Polyester<br \/>\nShock-absorbing pad \u2013 Polyvinyl chloride<\/p>\n<p><strong>\u0110\u1ed1i t\u01b0\u1ee3ng s\u1eed d\u1ee5ng:<\/strong><\/p>\n<p>&#8211; D\u00e0nh cho ng\u01b0\u1eddi ch\u01a1i th\u1ec3 thao, v\u1eadn \u0111\u1ed9ng vi\u00ean th\u1ec3 thao<\/p>\n<p>&#8211; Ng\u01b0\u1eddi th\u01b0\u1eddng xuy\u00ean \u0111i b\u1ed9 \u0111au nh\u1ee9c b\u00e0n ch\u00e2n, g\u00f3t ch\u00e2n<\/p>\n<p>&#8211; Ng\u01b0\u1eddi g\u1eb7p c\u00e1c v\u1ea5n \u0111\u1ec1 v\u1ec1 b\u00e0n ch\u00e2n b\u1eb9t, v\u00f2m cao, v\u00f2m th\u1ea5p,&#8230;<\/p>\n<\/div>\n","protected":false},"excerpt":{"rendered":"<p>S\u1ed1 l\u01b0\u1ee3ng Size: 26.5-28cm24.5-26cm22.5-24cm M\u00e0u s\u1eafc: \u0110en L\u00f3t Gi\u00e0y Phiten Metax_Cup Type (1 \u0111\u00f4i) \u0110\u1ebf l\u00f3t gi\u00e0y v\u1edbi thi\u1ebft k\u1ebf h\u1ed7 tr\u1ee3 v\u00f2m ch\u00e2n ba chi\u1ec1u, h\u1ed7 tr\u1ee3 t\u1ed1i \u01b0u cho c\u00e1c ho\u1ea1t \u0111\u1ed9ng th\u1ec3 thao c\u1ee7a b\u1ea1n. L\u00f3t Gi\u00e0y Phiten Metax_Cup Type v\u1edbi b\u1ed9 gi\u1ea3m s\u00f3c k\u00e9p cho c\u00e1c khu v\u1ef1c th\u01b0\u1eddng va ch\u1ea1m [&hellip;]<\/p>\n","protected":false},"featured_media":2276,"comment_status":"open","ping_status":"closed","template":"","meta":{"_eb_attr":""},"product_cat":[121,92,115],"product_tag":[],"class_list":["post-2275","product","type-product","status-publish","has-post-thumbnail","hentry","product_cat-lot-giay","product_cat-phiten","product_cat-trang-phuc"],"_links":{"self":[{"href":"https:\/\/www.phivutabletennis.com\/index.php\/wp-json\/wp\/v2\/product\/2275","targetHints":{"allow":["GET"]}}],"collection":[{"href":"https:\/\/www.phivutabletennis.com\/index.php\/wp-json\/wp\/v2\/product"}],"about":[{"href":"https:\/\/www.phivutabletennis.com\/index.php\/wp-json\/wp\/v2\/types\/product"}],"replies":[{"embeddable":true,"href":"https:\/\/www.phivutabletennis.com\/index.php\/wp-json\/wp\/v2\/comments?post=2275"}],"wp:featuredmedia":[{"embeddable":true,"href":"https:\/\/www.phivutabletennis.com\/index.php\/wp-json\/wp\/v2\/media\/2276"}],"wp:attachment":[{"href":"https:\/\/www.phivutabletennis.com\/index.php\/wp-json\/wp\/v2\/media?parent=2275"}],"wp:term":[{"taxonomy":"product_cat","embeddable":true,"href":"https:\/\/www.phivutabletennis.com\/index.php\/wp-json\/wp\/v2\/product_cat?post=2275"},{"taxonomy":"product_tag","embeddable":true,"href":"https:\/\/www.phivutabletennis.com\/index.php\/wp-json\/wp\/v2\/product_tag?post=2275"}],"curies":[{"name":"wp","href":"https:\/\/api.w.org\/{rel}","templated":true}]}}