{"id":2299,"date":"2023-06-22T00:41:35","date_gmt":"2023-06-21T17:41:35","guid":{"rendered":"https:\/\/www.phivutabletennis.com\/?post_type=product&#038;p=2299"},"modified":"2023-06-24T05:46:42","modified_gmt":"2023-06-23T22:46:42","slug":"tat-vo-the-thao-loai-co-cao-2-doi-phiten-sport-socks-semi-long-2pairs","status":"publish","type":"product","link":"https:\/\/www.phivutabletennis.com\/index.php\/product\/tat-vo-the-thao-loai-co-cao-2-doi-phiten-sport-socks-semi-long-2pairs\/","title":{"rendered":"T\u1ea5t\/ V\u1edb Th\u1ec3 Thao (lo\u1ea1i c\u1ed5 cao &#8211; 2 \u0111\u00f4i) &#8211; PHITEN SPORT SOCKS SEMI LONG (2PAIRS)"},"content":{"rendered":"<div class=\"row quan-color-size\">\n<div class=\"col-md-4\">\n<div>S\u1ed1 l\u01b0\u1ee3ng<\/div>\n<div class=\"quality quantity input-group-quantity buttons_added\"><button class=\"btn-number btn-minus minus\" disabled=\"disabled\" type=\"button\" data-type=\"minus\"><i class=\"icon-minus\"><\/i><\/button><input id=\"qty\" class=\"input-number input-quantity input-text qty text\" max=\"13\" min=\"1\" name=\"qty\" type=\"text\" value=\"1\" \/><button class=\"btn-number btn-plus plus\" type=\"button\" data-type=\"plus\"><i class=\"icon-plus\"><\/i><\/button><\/div>\n<\/div>\n<div class=\"col-md-4\">\n<div class=\"item\">\n<div class=\"title\">Size:<\/div>\n<p><select class=\"selectpicker select attributes\" title=\"\" data-id=\"4\"><option value=\"S042\">25cm<\/option><option selected=\"selected\" value=\"S043\">27cm<\/option><\/select><\/div>\n<\/div>\n<div class=\"col-md-4\">\n<div class=\"item\">\n<div class=\"title\">M\u00e0u s\u1eafc:<\/div>\n<p><select class=\"selectpicker select attributes\" title=\"\" data-id=\"5\"><option value=\"C001\">\u0110en<\/option><option selected=\"selected\" value=\"C002\">Tr\u1eafng<\/option><\/select><\/div>\n<\/div>\n<\/div>\n<div class=\"item\"><\/div>\n<div class=\"product-desc desc\">\n<p><strong>M\u00f4 t\u1ea3 s\u1ea3n ph\u1ea9m:<\/strong><\/p>\n<p>&#8211; S\u1ea3n ph\u1ea9m d\u00e0nh cho nam &amp; n\u1eef.<\/p>\n<p>&#8211; \u0110\u01b0\u1ee3c thi\u1ebft k\u1ebf cho ng\u01b0\u1eddi ch\u1ea1y b\u1ed9 ho\u1eb7c tham gia c\u00e1c m\u00f4n th\u1ec3 thao.<\/p>\n<p>&#8211; H\u1ed7 tr\u1ee3 cho m\u1eaft c\u00e1 ch\u00e2n, h\u1ea5p th\u1ee5 m\u1ed3 h\u00f4i kh\u00f4 nhanh.<\/p>\n<p>&#8211; Ph\u00f9 h\u1ee3p cho c\u00e1c v\u1eadn \u0111\u1ed9ng vi\u00ean<\/p>\n<p>&#8211; D\u00e0nh cho ng\u01b0\u1eddi \u0111\u1ee9ng l\u00e2u ho\u1eb7c \u0111i b\u1ed9 nhi\u1ec1u.<\/p>\n<p><strong>C\u00f4ng ngh\u1ec7:\u00a0<\/strong>C\u00f4ng ngh\u1ec7 AQUA TITAN c\u1ee7a Phiten \u0111\u00e3 \u0111\u01b0\u1ee3c ch\u1ee9ng minh l\u00e0 mang l\u1ea1i nhi\u1ec1u l\u1ee3i \u00edch cho s\u1ee9c kh\u1ecfe.<\/p>\n<p><strong>C\u00f4ng d\u1ee5ng:<\/strong><br \/>\n&#8211; N\u00e2ng l\u00f2ng b\u00e0n ch\u00e2n, t\u1ea1o h\u00ecnh v\u00f2m gi\u00fap gi\u1ea3m s\u1ee9c n\u1eb7ng khi di chuy\u1ec3n.<\/p>\n<p>&#8211; H\u1ea5p th\u1ee5 l\u1ef1c t\u00e1c \u0111\u1ed9ng v\u00e0o l\u00f2ng b\u00e0n ch\u00e2n v\u00e0 \u0111\u1ea7u ng\u00f3n ch\u00e2n v\u1edbi ch\u1ea5t li\u1ec7u v\u1ea3i Pile.<\/p>\n<p>&#8211; H\u1ed7 tr\u1ee3 gi\u1ea3m \u0111au b\u00e0n ch\u00e2n, g\u00f3t ch\u00e2n cho c\u00e1c v\u1eadn \u0111\u1ed9ng vi\u00ean v\u00e0 ng\u01b0\u1eddi ch\u1ea1y b\u1ed9 th\u01b0\u1eddng xuy\u00ean.<br \/>\n&#8211; Nhanh kh\u00f4 v\u1edbi kh\u1ea3 n\u0103ng th\u1ea5m h\u00fat m\u1ed3 h\u00f4i t\u1ed1t t\u1ea1o c\u1ea3m gi\u00e1c s\u1ea1ch s\u1ebd v\u00e0 tho\u1ea3i m\u00e1i.<br \/>\n&#8211; C\u00f3 t\u00e1c d\u1ee5ng kh\u00e1ng khu\u1ea9n.<br \/>\n&#8211; Gi\u1ea3m c\u0103ng th\u1eb3ng cho b\u00e0n ch\u00e2n.<br \/>\n&#8211; C\u1ea3m nh\u1eadn s\u1ef1 nh\u1eb9 nh\u00e0ng c\u1ee7a \u0111\u00f4i ch\u00e2n trong qu\u00e1 tr\u00ecnh ch\u1ea1y b\u1ed9.<br \/>\n&#8211; S\u1ea3n ph\u1ea9m \u0111\u01b0\u1ee3c th\u00eau logo Phiten.<br \/>\n<strong>H\u01b0\u1edbng d\u1eabn s\u1eed d\u1ee5ng:<\/strong><br \/>\nMang nh\u01b0 v\u1edb b\u00ecnh th\u01b0\u1eddng, k\u1ebft h\u1ee3p v\u1edbi gi\u00e0y t\u00e2y, gi\u00e0y th\u1ec3 thao,&#8230;<br \/>\n<strong>L\u01b0u \u00fd:<\/strong>\u00a0Kh\u00f4ng \u0111\u01b0\u1ee3c T\u1ea8Y TR\u1eaeNG. Gi\u1eb7t v\u1edbi n\u01b0\u1edbc \u1ea5m, kh\u00f4ng d\u00f9ng ch\u1ebf \u0111\u1ed9 v\u1eaft c\u1ef1c kh\u00f4. \u0110\u1ed1i v\u1edbi v\u1edb m\u00e0u tr\u1eafng, kh\u00f4ng d\u00f9ng b\u1ed9t gi\u1eb7t c\u00f3 \u00e1nh s\u00e1ng hu\u1ef3nh quang.<br \/>\n<strong>Ch\u1ea5t li\u1ec7u:<\/strong><br \/>\n&#8211; Coton<br \/>\n&#8211; Polyester<br \/>\n<strong>C\u00e1ch b\u1ea3o qu\u1ea3n:<\/strong><br \/>\n&#8211; Gi\u1eb7t tay ho\u1eb7c m\u00e1y gi\u1eb7t c\u00f3 l\u01b0\u1edbi gi\u1eb7t<br \/>\n<strong>M\u00e0u s\u1eafc:<\/strong><br \/>\n&#8211; 2 c\u1eb7p t\u1ea5t\/ v\u1edb c\u00f9ng m\u00e0u tr\u1eafng\/ \u0111en<br \/>\n<strong>B\u1ea3o h\u00e0nh:<\/strong>\u00a0Kh\u00f4ng \u00e1p d\u1ee5ng<\/p>\n<p><strong>S\u1ea3n xu\u1ea5t t\u1ea1i Trung Qu\u1ed1c<\/strong><\/p>\n<p>Tuy nhi\u00ean, s\u1ea3n ph\u1ea9m \u0111\u01b0\u1ee3c g\u1eedi l\u1ea1i Phiten Japan \u0111\u1ec3 x\u1eed l\u00fd c\u00f4ng ngh\u1ec7 c\u1ee7a h\u00e3ng<br \/>\nTh\u01b0\u01a1ng hi\u1ec7u Phiten<a href=\"https:\/\/www.phivutabletennis.com\/wp-content\/uploads\/2023\/06\/33-1.jpeg\"><img loading=\"lazy\" decoding=\"async\" class=\"alignnone size-full wp-image-2302\" src=\"https:\/\/www.phivutabletennis.com\/wp-content\/uploads\/2023\/06\/33-1.jpeg\" alt=\"\" width=\"730\" height=\"632\" srcset=\"https:\/\/www.phivutabletennis.com\/wp-content\/uploads\/2023\/06\/33-1.jpeg 730w, https:\/\/www.phivutabletennis.com\/wp-content\/uploads\/2023\/06\/33-1-600x519.jpeg 600w, https:\/\/www.phivutabletennis.com\/wp-content\/uploads\/2023\/06\/33-1-300x260.jpeg 300w\" sizes=\"auto, (max-width: 730px) 100vw, 730px\" \/><\/a> <a href=\"https:\/\/www.phivutabletennis.com\/wp-content\/uploads\/2023\/06\/34-1.jpeg\"><img loading=\"lazy\" decoding=\"async\" class=\"alignnone size-full wp-image-2303\" src=\"https:\/\/www.phivutabletennis.com\/wp-content\/uploads\/2023\/06\/34-1.jpeg\" alt=\"\" width=\"730\" height=\"949\" srcset=\"https:\/\/www.phivutabletennis.com\/wp-content\/uploads\/2023\/06\/34-1.jpeg 730w, https:\/\/www.phivutabletennis.com\/wp-content\/uploads\/2023\/06\/34-1-600x780.jpeg 600w, https:\/\/www.phivutabletennis.com\/wp-content\/uploads\/2023\/06\/34-1-231x300.jpeg 231w\" sizes=\"auto, (max-width: 730px) 100vw, 730px\" \/><\/a> <a href=\"https:\/\/www.phivutabletennis.com\/wp-content\/uploads\/2023\/06\/35-1.jpeg\"><img loading=\"lazy\" decoding=\"async\" class=\"alignnone size-full wp-image-2304\" src=\"https:\/\/www.phivutabletennis.com\/wp-content\/uploads\/2023\/06\/35-1.jpeg\" alt=\"\" width=\"730\" height=\"534\" srcset=\"https:\/\/www.phivutabletennis.com\/wp-content\/uploads\/2023\/06\/35-1.jpeg 730w, https:\/\/www.phivutabletennis.com\/wp-content\/uploads\/2023\/06\/35-1-600x439.jpeg 600w, https:\/\/www.phivutabletennis.com\/wp-content\/uploads\/2023\/06\/35-1-300x219.jpeg 300w\" sizes=\"auto, (max-width: 730px) 100vw, 730px\" \/><\/a><\/p>\n<\/div>\n","protected":false},"excerpt":{"rendered":"<p>S\u1ed1 l\u01b0\u1ee3ng Size: 25cm27cm M\u00e0u s\u1eafc: \u0110enTr\u1eafng M\u00f4 t\u1ea3 s\u1ea3n ph\u1ea9m: &#8211; S\u1ea3n ph\u1ea9m d\u00e0nh cho nam &amp; n\u1eef. &#8211; \u0110\u01b0\u1ee3c thi\u1ebft k\u1ebf cho ng\u01b0\u1eddi ch\u1ea1y b\u1ed9 ho\u1eb7c tham gia c\u00e1c m\u00f4n th\u1ec3 thao. &#8211; H\u1ed7 tr\u1ee3 cho m\u1eaft c\u00e1 ch\u00e2n, h\u1ea5p th\u1ee5 m\u1ed3 h\u00f4i kh\u00f4 nhanh. &#8211; Ph\u00f9 h\u1ee3p cho c\u00e1c v\u1eadn \u0111\u1ed9ng vi\u00ean [&hellip;]<\/p>\n","protected":false},"featured_media":2300,"comment_status":"open","ping_status":"closed","template":"","meta":{"_eb_attr":""},"product_cat":[92,120,115],"product_tag":[],"class_list":["post-2299","product","type-product","status-publish","has-post-thumbnail","hentry","product_cat-phiten","product_cat-tat-vo","product_cat-trang-phuc"],"_links":{"self":[{"href":"https:\/\/www.phivutabletennis.com\/index.php\/wp-json\/wp\/v2\/product\/2299","targetHints":{"allow":["GET"]}}],"collection":[{"href":"https:\/\/www.phivutabletennis.com\/index.php\/wp-json\/wp\/v2\/product"}],"about":[{"href":"https:\/\/www.phivutabletennis.com\/index.php\/wp-json\/wp\/v2\/types\/product"}],"replies":[{"embeddable":true,"href":"https:\/\/www.phivutabletennis.com\/index.php\/wp-json\/wp\/v2\/comments?post=2299"}],"wp:featuredmedia":[{"embeddable":true,"href":"https:\/\/www.phivutabletennis.com\/index.php\/wp-json\/wp\/v2\/media\/2300"}],"wp:attachment":[{"href":"https:\/\/www.phivutabletennis.com\/index.php\/wp-json\/wp\/v2\/media?parent=2299"}],"wp:term":[{"taxonomy":"product_cat","embeddable":true,"href":"https:\/\/www.phivutabletennis.com\/index.php\/wp-json\/wp\/v2\/product_cat?post=2299"},{"taxonomy":"product_tag","embeddable":true,"href":"https:\/\/www.phivutabletennis.com\/index.php\/wp-json\/wp\/v2\/product_tag?post=2299"}],"curies":[{"name":"wp","href":"https:\/\/api.w.org\/{rel}","templated":true}]}}