{"id":2337,"date":"2023-06-22T00:57:05","date_gmt":"2023-06-21T17:57:05","guid":{"rendered":"https:\/\/www.phivutabletennis.com\/?post_type=product&#038;p=2337"},"modified":"2023-06-24T05:45:28","modified_gmt":"2023-06-23T22:45:28","slug":"tat-vo-xo-ngon-co-ngan-phiten-5-toe-socks-socking-racer-regular","status":"publish","type":"product","link":"https:\/\/www.phivutabletennis.com\/index.php\/product\/tat-vo-xo-ngon-co-ngan-phiten-5-toe-socks-socking-racer-regular\/","title":{"rendered":"T\u1ea5t\/ V\u1edb X\u1ecf Ng\u00f3n (c\u1ed5 ng\u1eafn) &#8211; PHITEN 5-TOE SOCKS (SOCKING) RACER REGULAR"},"content":{"rendered":"<div class=\"row quan-color-size\">\n<div class=\"col-md-4\">\n<div>S\u1ed1 l\u01b0\u1ee3ng<\/div>\n<div class=\"quality quantity input-group-quantity buttons_added\"><button class=\"btn-number btn-minus minus\" disabled=\"disabled\" type=\"button\" data-type=\"minus\"><i class=\"icon-minus\"><\/i><\/button><input id=\"qty\" class=\"input-number input-quantity input-text qty text\" max=\"7\" min=\"1\" name=\"qty\" type=\"text\" value=\"1\" \/><button class=\"btn-number btn-plus plus\" type=\"button\" data-type=\"plus\"><i class=\"icon-plus\"><\/i><\/button><\/div>\n<\/div>\n<div class=\"col-md-4\">\n<div class=\"item\">\n<div class=\"title\">Size:<\/div>\n<p><select class=\"selectpicker select attributes\" title=\"\" data-id=\"4\"><option value=\"S017\">25-27cm<\/option><option value=\"S035\">27-29cm<\/option><option selected=\"selected\" value=\"S037\">23-25cm<\/option><\/select><\/div>\n<\/div>\n<div class=\"col-md-4\">\n<div class=\"item\">\n<div class=\"title\">M\u00e0u s\u1eafc:<\/div>\n<p><select class=\"selectpicker select attributes\" title=\"\" data-id=\"5\"><option selected=\"selected\" value=\"C001\">\u0110en<\/option><\/select><\/div>\n<\/div>\n<\/div>\n<div class=\"item\"><\/div>\n<div class=\"product-desc desc\">\n<p><strong>M\u00d4 T\u1ea2<\/strong>:<\/p>\n<p>&#8211; M\u00e0u s\u1eafc:<\/p>\n<p>+\u0110en\/\u0111\u1ecf<\/p>\n<p>&#8211; H\u00ecnh d\u00e1ng: V\u1edb c\u1ed5 th\u1ea5p<\/p>\n<p>&#8211; K\u00edch th\u01b0\u1edbc: 3 size<\/p>\n<p>23-25cm: t\u01b0\u01a1ng \u0111\u01b0\u01a1ng size 36-38 Vi\u1ec7t Nam<\/p>\n<p>25-27cm: t\u01b0\u01a1ng \u0111\u01b0\u01a1ng size 39-41 Vi\u1ec7t Nam<\/p>\n<p>27-29cm: t\u01b0\u01a1ng \u0111\u01b0\u01a1ng size 41-44 Vi\u1ec7t Nam<\/p>\n<p>&#8211; S\u1ed1 l\u01b0\u1ee3ng: 1 \u0111\u00f4i trong m\u1ed9t b\u1ecbch<\/p>\n<p>&#8211; Form v\u1eeba, k b\u00f3 s\u00e1t<\/p>\n<p><strong>C\u00d4NG D\u1ee4NG<\/strong>:<\/p>\n<p>&#8211; V\u1edb PHITEN 5-TOE\u00a0SOCKS (SOCKING) REGULAR l\u00e0 d\u00f2ng d\u00e0nh ri\u00eang cho ch\u1ea1y b\u1ed9, n\u00ean s\u1ee3i v\u1ea3i h\u00fat \u1ea9m c\u1ef1c nhanh, gi\u00fap ch\u00e2n lu\u00f4n kh\u00f4 r\u00e1o. Tinh th\u1ec3 b\u1ea1c kh\u1eed khu\u1ea9n, lo\u1ea1i tr\u1eeb m\u00f9i h\u00f4i ch\u00e2n kh\u00f3 ch\u1ecbu, v\u1ea3i len d\u1ec7t t\u1ea1o \u0111\u1ed9 \u00eam, m\u1ec1m m\u1ea1i, d\u1ec5 ch\u1ecbu<\/p>\n<p>&#8211; Ch\u1ed1ng l\u1ec7ch b\u00e0n ch\u00e2n, tr\u1eadt s\u01a1 mi, \u0111\u1ed9 b\u00e1m cao v\u1edbi 5 ng\u00f3n t\u00e1ch bi\u1ec7t.<\/p>\n<p>&#8211; H\u1ed7 tr\u1ecd v\u00f2m ch\u00e2n:\u00a0\u00a0n\u00e2ng cao v\u00f2m ch\u00e2n tr\u00e1nh nh\u1ee9c m\u1ecfi, \u00ea ch\u00e2n khi \u0111\u1ee9ng th\u1eb3ng, \u0111\u1ee9ng l\u00e2u \u0111\u1ed3ng th\u1eddi gi\u1ea3m \u0111\u1ed9 \u1ea3nh h\u01b0\u1edfng l\u00fac va ch\u1ea1m, h\u1ea1n ch\u1ebf kh\u1ea3 n\u0103ng ch\u1ea5n th\u01b0\u01a1ng.<\/p>\n<p>&#8211; H\u1ed7 tr\u1ee3 m\u1eaft c\u00e1 ch\u00e2n: B\u1ea3o v\u1ec7 v\u00e0 c\u1ed1 \u0111\u1ecbnh m\u1eaft c\u00e1 ch\u00e2n, tr\u00e1nh m\u1eaft c\u00e1 ch\u00e2n b\u1ecb xo\u1eafn qu\u00e1 xa so v\u1edbi v\u1ecb tr\u00ed b\u00ecnh th\u01b0\u1eddng. N\u00e2ng cao v\u00e0 gi\u00fap chuy\u1ec3n \u0111\u1ed9ng l\u00f9i, ti\u1ebfn uy\u1ec3n chuy\u1ec3n h\u01a1n.<\/p>\n<p>&#8211; \u0110\u01b0\u1ee3c th\u1ea5m\u00a0m\u1ed9t l\u01b0\u1ee3ng titan g\u1ea5p 10 l\u1ea7n b\u00ecnh th\u01b0\u1eddng, c\u1ea3i thi\u1ec7n l\u01b0u th\u00f4ng m\u00e1u huy\u1ebft, t\u0103ng hi\u1ec7u su\u1ea5t\u00a0l\u00e0m vi\u1ec7c c\u1ee7a ch\u00e2n, ph\u00e1t huy t\u00e1c d\u1ee5ng nhanh v\u00e0 r\u00f5 r\u1ec7t.<\/p>\n<p><strong>C\u00d4NG NGH\u1ec6<\/strong>:<\/p>\n<p>C\u00f4ng ngh\u1ec7 Aqua Titan X10<\/p>\n<p><strong>NGUY\u00caN LI\u1ec6U<\/strong>:<\/p>\n<p>Cotton<br \/>\nNylon<br \/>\nPolyester<\/p>\n<p><strong>H\u01af\u1edaNG D\u1eaaN S\u1eec D\u1ee4NG<\/strong>:<\/p>\n<p>Mang nh\u01b0 v\u1edb b\u00ecnh th\u01b0\u1eddng, chuy\u00ean d\u1ee5ng cho runner\u00a0v\u00e0 c\u00e1c m\u00f4n th\u1ec3 thao kh\u00e1c,\u00a0k\u1ebft h\u1ee3p v\u1edbi gi\u00e0y t\u00e2y c\u0169ng r\u1ea5t ph\u00f9 h\u1ee3p<\/p>\n<p>L\u01b0u \u00fd: Kh\u00f4ng \u0111\u01b0\u1ee3c T\u1ea8Y TR\u1eaeNG. Gi\u1eb7t v\u1edbi n\u01b0\u1edbc \u1ea5m, kh\u00f4ng d\u00f9ng ch\u1ebf \u0111\u1ed9 v\u1eaft c\u1ef1c kh\u00f4. \u0110\u1ed1i v\u1edbi v\u1edb m\u00e0u tr\u1eafng, kh\u00f4ng d\u00f9ng b\u1ed9t gi\u1eb7t c\u00f3 \u00e1nh s\u00e1ng hu\u1ef3nh quang.<\/p>\n<\/div>\n","protected":false},"excerpt":{"rendered":"<p>S\u1ed1 l\u01b0\u1ee3ng Size: 25-27cm27-29cm23-25cm M\u00e0u s\u1eafc: \u0110en M\u00d4 T\u1ea2: &#8211; M\u00e0u s\u1eafc: +\u0110en\/\u0111\u1ecf &#8211; H\u00ecnh d\u00e1ng: V\u1edb c\u1ed5 th\u1ea5p &#8211; K\u00edch th\u01b0\u1edbc: 3 size 23-25cm: t\u01b0\u01a1ng \u0111\u01b0\u01a1ng size 36-38 Vi\u1ec7t Nam 25-27cm: t\u01b0\u01a1ng \u0111\u01b0\u01a1ng size 39-41 Vi\u1ec7t Nam 27-29cm: t\u01b0\u01a1ng \u0111\u01b0\u01a1ng size 41-44 Vi\u1ec7t Nam &#8211; S\u1ed1 l\u01b0\u1ee3ng: 1 \u0111\u00f4i trong m\u1ed9t b\u1ecbch &#8211; Form [&hellip;]<\/p>\n","protected":false},"featured_media":2338,"comment_status":"open","ping_status":"closed","template":"","meta":{"_eb_attr":""},"product_cat":[92,120,115],"product_tag":[],"class_list":["post-2337","product","type-product","status-publish","has-post-thumbnail","hentry","product_cat-phiten","product_cat-tat-vo","product_cat-trang-phuc"],"_links":{"self":[{"href":"https:\/\/www.phivutabletennis.com\/index.php\/wp-json\/wp\/v2\/product\/2337","targetHints":{"allow":["GET"]}}],"collection":[{"href":"https:\/\/www.phivutabletennis.com\/index.php\/wp-json\/wp\/v2\/product"}],"about":[{"href":"https:\/\/www.phivutabletennis.com\/index.php\/wp-json\/wp\/v2\/types\/product"}],"replies":[{"embeddable":true,"href":"https:\/\/www.phivutabletennis.com\/index.php\/wp-json\/wp\/v2\/comments?post=2337"}],"wp:featuredmedia":[{"embeddable":true,"href":"https:\/\/www.phivutabletennis.com\/index.php\/wp-json\/wp\/v2\/media\/2338"}],"wp:attachment":[{"href":"https:\/\/www.phivutabletennis.com\/index.php\/wp-json\/wp\/v2\/media?parent=2337"}],"wp:term":[{"taxonomy":"product_cat","embeddable":true,"href":"https:\/\/www.phivutabletennis.com\/index.php\/wp-json\/wp\/v2\/product_cat?post=2337"},{"taxonomy":"product_tag","embeddable":true,"href":"https:\/\/www.phivutabletennis.com\/index.php\/wp-json\/wp\/v2\/product_tag?post=2337"}],"curies":[{"name":"wp","href":"https:\/\/api.w.org\/{rel}","templated":true}]}}