{"id":2690,"date":"2023-06-29T20:28:02","date_gmt":"2023-06-29T13:28:02","guid":{"rendered":"https:\/\/www.phivutabletennis.com\/?post_type=product&#038;p=2690"},"modified":"2024-09-20T00:01:08","modified_gmt":"2024-09-19T17:01:08","slug":"fan-zhendong-alc","status":"publish","type":"product","link":"https:\/\/www.phivutabletennis.com\/index.php\/product\/fan-zhendong-alc\/","title":{"rendered":"FAN ZHENDONG ALC"},"content":{"rendered":"<div><strong>C\u1ed0T V\u1ee2T FAN ZHENDONG ALC\u00a0<\/strong><\/div>\n<div><strong>S\u1ea3n xu\u1ea5t t\u1ea1i Nh\u1eadt B\u1ea3n\u00a0<\/strong><\/div>\n<div>C\u1ea5u tr\u00fac s\u1ee3i ALC \u0111\u01b0\u1ee3c V\u0110V Fan Zhendong v\u00e0 nhi\u1ec1u tay v\u1ee3t h\u00e0ng \u0111\u1ea7u tr\u00ean th\u1ebf gi\u1edbi s\u1eed d\u1ee5ng.<\/div>\n<div><strong>FAN ZHENDONG ALC<\/strong>\u00a0trang b\u1ecb l\u1edbp s\u1ee3i Arylate Carbon \u0111\u00e0n h\u1ed3i t\u1ed1t, d\u1ec5 s\u1eed d\u1ee5ng, t\u1ed1c \u0111\u1ed9 v\u00e0 \u0111\u1ed9 \u1ed5n \u0111\u1ecbnh cao mang l\u1ea1i s\u1ef1 c\u00e2n b\u1eb1ng tuy\u1ec7t v\u1eddi gi\u1eefa l\u1ed1i ch\u01a1i t\u1ea5n c\u00f4ng v\u00e0 ph\u00f2ng th\u1ee7. Hi\u1ec7u su\u1ea5t hi\u1ec7u qu\u1ea3 trong c\u1ea5u tr\u00fac s\u1ee3i c\u1ee7a c\u1ed1t v\u1ee3t Viscaria c\u1ed5 \u0111i\u1ec3n \u0111\u01b0\u1ee3c minh ch\u1ee9ng khi nhi\u1ec1u tay v\u1ee3t h\u00e0ng \u0111\u1ea7u th\u1ebf gi\u1edbi tin t\u01b0\u1edfng s\u1eed d\u1ee5ng v\u00e0 mang l\u1ea1i cho h\u1ecd nhi\u1ec1u th\u00e0nh t\u00edch tuy\u1ec7t v\u1eddi \u0111\u1ebfn th\u1eddi \u0111i\u1ec3m hi\u1ec7n t\u1ea1i (2022)<\/div>\n<div>T\u1ed5ng th\u1ec3 thi\u1ebft k\u1ebf c\u00e1c d\u00f2ng c\u1ed1t v\u1ee3t Fan Zhendong \u0111\u01b0\u1ee3c l\u1ea5y c\u1ea3m h\u1ee9ng t\u1eeb l\u1ed1i ch\u01a1i thi\u00ean v\u1ec1 t\u1ea5n c\u00f4ng nhanh, v\u1edbi c\u00e1c h\u1ecda ti\u1ebft \u0111\u01b0\u1eddng th\u1eb3ng tr\u00ean th\u00e2n c\u00e1n v\u1ee3t th\u1ec3 hi\u1ec7n cho tinh th\u1ea7n thi \u0111\u1ea5u c\u1ee7a V\u0110V Fan Zhendong lu\u00f4n \u0111\u1eb7t m\u1ee5c ti\u00eau ti\u1ebfn v\u1ec1 ph\u00eda tr\u01b0\u1edbc.<\/div>\n<div><\/div>\n<div>\n<table border=\"0\" cellspacing=\"1\" cellpadding=\"1\">\n<tbody>\n<tr>\n<td>C\u1ea5u t\u1ea1o<\/td>\n<td>:\u00a05 l\u1edbp g\u1ed7 + 2 l\u1edbp s\u1ee3i Arylate Carbon<\/td>\n<\/tr>\n<tr>\n<td>L\u1ef1c \u0111\u1ea9y<\/td>\n<td>:\u00a012.1\u00a0\u00a0(t\u1ed1c \u0111\u1ed9)<\/td>\n<\/tr>\n<tr>\n<td>\u0110\u1ed9 rung<\/td>\n<td>:\u00a010.1\u00a0\u00a0(c\u1ea3m gi\u00e1c)<\/td>\n<\/tr>\n<tr>\n<td>\u0110\u1ed9 d\u00e0y<\/td>\n<td>:\u00a05.7mm<\/td>\n<\/tr>\n<tr>\n<td>B\u1ea3ng v\u1ee3t<\/td>\n<td>:\u00a0157 x 150mm<\/td>\n<\/tr>\n<\/tbody>\n<\/table>\n<\/div>\n<div><\/div>\n<div><strong>Theo th\u00f4ng s\u1ed1 chu\u1ea9n c\u1ee7a h\u00e3ng Butterfly<\/strong>\u200b<\/div>\n<div><strong>H\u00e0ng ch\u00ednh h\u00e3ng b\u1ea3o h\u00e0nh 1 th\u00e1ng<\/strong><\/div>\n<div><\/div>\n","protected":false},"excerpt":{"rendered":"<p>C\u1ed0T V\u1ee2T FAN ZHENDONG ALC\u00a0 S\u1ea3n xu\u1ea5t t\u1ea1i Nh\u1eadt B\u1ea3n\u00a0 C\u1ea5u tr\u00fac s\u1ee3i ALC \u0111\u01b0\u1ee3c V\u0110V Fan Zhendong v\u00e0 nhi\u1ec1u tay v\u1ee3t h\u00e0ng \u0111\u1ea7u tr\u00ean th\u1ebf gi\u1edbi s\u1eed d\u1ee5ng. FAN ZHENDONG ALC\u00a0trang b\u1ecb l\u1edbp s\u1ee3i Arylate Carbon \u0111\u00e0n h\u1ed3i t\u1ed1t, d\u1ec5 s\u1eed d\u1ee5ng, t\u1ed1c \u0111\u1ed9 v\u00e0 \u0111\u1ed9 \u1ed5n \u0111\u1ecbnh cao mang l\u1ea1i s\u1ef1 c\u00e2n b\u1eb1ng [&hellip;]<\/p>\n","protected":false},"featured_media":4969,"comment_status":"open","ping_status":"closed","template":"","meta":{"_eb_attr":""},"product_cat":[76,26],"product_tag":[],"class_list":["post-2690","product","type-product","status-publish","has-post-thumbnail","hentry","product_cat-butterfly-cot-vot","product_cat-cot-vot"],"_links":{"self":[{"href":"https:\/\/www.phivutabletennis.com\/index.php\/wp-json\/wp\/v2\/product\/2690","targetHints":{"allow":["GET"]}}],"collection":[{"href":"https:\/\/www.phivutabletennis.com\/index.php\/wp-json\/wp\/v2\/product"}],"about":[{"href":"https:\/\/www.phivutabletennis.com\/index.php\/wp-json\/wp\/v2\/types\/product"}],"replies":[{"embeddable":true,"href":"https:\/\/www.phivutabletennis.com\/index.php\/wp-json\/wp\/v2\/comments?post=2690"}],"wp:featuredmedia":[{"embeddable":true,"href":"https:\/\/www.phivutabletennis.com\/index.php\/wp-json\/wp\/v2\/media\/4969"}],"wp:attachment":[{"href":"https:\/\/www.phivutabletennis.com\/index.php\/wp-json\/wp\/v2\/media?parent=2690"}],"wp:term":[{"taxonomy":"product_cat","embeddable":true,"href":"https:\/\/www.phivutabletennis.com\/index.php\/wp-json\/wp\/v2\/product_cat?post=2690"},{"taxonomy":"product_tag","embeddable":true,"href":"https:\/\/www.phivutabletennis.com\/index.php\/wp-json\/wp\/v2\/product_tag?post=2690"}],"curies":[{"name":"wp","href":"https:\/\/api.w.org\/{rel}","templated":true}]}}