{"id":2731,"date":"2023-06-29T20:53:36","date_gmt":"2023-06-29T13:53:36","guid":{"rendered":"https:\/\/www.phivutabletennis.com\/?post_type=product&#038;p=2731"},"modified":"2023-06-29T20:53:36","modified_gmt":"2023-06-29T13:53:36","slug":"ovtcharov-innerforce-alc","status":"publish","type":"product","link":"https:\/\/www.phivutabletennis.com\/index.php\/product\/ovtcharov-innerforce-alc\/","title":{"rendered":"OVTCHAROV INNERFORCE ALC"},"content":{"rendered":"<p><strong>H\u00c0NG CH\u00cdNH H\u00c3NG BUTTERFLY S\u1ea2N XU\u1ea4T T\u1ea0I NH\u1eacT B\u1ea2N &#8211; MADE IN JAPAN<\/strong><\/p>\n<p>\u201cSau khi ki\u1ec3m tra v\u1ee3t b\u1eb1ng nhi\u1ec1u c\u00e1ch kh\u00e1c nhau, t\u00f4i \u0111\u00e3 \u0111\u1ea1t \u0111\u01b0\u1ee3c k\u1ebft qu\u1ea3 mong \u0111\u1ee3i\u201d<br \/>\n\u201cC\u1ed1t v\u1ee3t mang ngu\u1ed3n n\u0103ng l\u01b0\u1ee3ng l\u1edbn nh\u1edd \u0111\u1ed9 d\u1ea7y v\u00e0 tr\u1ecdng t\u00e2m \u0111\u01b0a v\u1ec1 \u0111\u1ea7u b\u1ea3ng v\u1ee3t, \u0111\u1ed3ng th\u1eddi th\u1eddi 2 l\u1edbp s\u1ee3i Innerfiber thi\u1ebft k\u1ebf g\u1ea7n l\u1edbp g\u1ed7 trung t\u00e2m gi\u00fap th\u1eddi gian l\u01b0u b\u00f3ng l\u00e2u v\u00e0 c\u1ea3m gi\u00e1c b\u00f3ng t\u1ed1t h\u01a1n.<br \/>\nC\u00e1n v\u1ee3t thi\u1ebft k\u1ebf d\u1ef1a tr\u00ean s\u1edf th\u00edch c\u1ee7a t\u00f4i v\u1edbi nhi\u1ec1u k\u1ef3 v\u1ecdng, \u0111\u00e3 l\u00e0m tr\u00e1i tim t\u00f4i lo\u1ea1n nh\u1ecbp khi m\u1ed9t thi\u1ebft k\u1ebf tinh x\u1ea3o v\u00e0 tuy\u1ec7t v\u1eddi \u0111\u01b0\u1ee3c ho\u00e0n thi\u1ec7n. T\u00f4i r\u1ea5t vui v\u00e0 h\u00e0i l\u00f2ng khi c\u00f3 trong tay c\u1ed1t v\u1ee3t nh\u01b0 \u00fd sau qu\u00e1 tr\u00ecnh nghi\u00ean c\u1ee9u d\u00e0i v\u00e0 th\u00fa v\u1ecb\u201d<\/p>\n<p>V\u1ee3t\u00a0<strong>DIMITRIJ\u00a0<\/strong><strong>OVTCHAROV INNERFORCE ALC<\/strong>\u00a0v\u1edbi thi\u1ebft k\u1ebf \u0111i\u1ec1u ch\u1ec9nh \u0111\u1ed9 d\u1ea7y v\u00e0 b\u1ea3ng v\u1ee3t to h\u01a1n so v\u1edbi phi\u00ean b\u1ea3n c\u1ed1t v\u1ee3t Innerforce Layer ALC, ph\u00e1t tri\u1ec3n v\u1edbi s\u1ef1 c\u1ed9ng t\u00e1c c\u1ee7a v\u1eadn \u0111\u1ed9ng vi\u00ean \u0111\u1ec9nh cao\u00a0<strong>DIMITRIJ<\/strong>\u00a0<strong>OVTCHAROV \u2013\u00a0<\/strong>th\u00e0nh vi\u00ean \u0111\u1ed9i tuy\u1ec3n b\u00f3ng b\u00e0n \u0110\u1ee9c v\u00e0 hi\u1ec7n \u0111ang \u0111\u01b0\u1ee3c v\u1eadn \u0111\u1ed9ng vi\u00ean n\u00e0y s\u1eed d\u1ee5ng.<br \/>\nSo v\u1edbi c\u00e1c d\u00f2ng v\u1ee3t c\u00f3 thi\u1ebft k\u1ebf s\u1ee3i Arylate Carbon g\u1ea7n l\u1edbp g\u1ed7 trung t\u00e2m, v\u1ee3t Ovtcharov Innerforce ALC c\u00f3 \u0111\u1ed9 \u0111\u00e0n h\u1ed3i cao, l\u1ef1c \u0111\u1ea9y b\u00f3ng l\u1edbn v\u00e0 uy l\u1ef1c t\u1ea5n c\u00f4ng m\u1ea1nh m\u1ebd.<br \/>\nHai ch\u1eef c\u00e1i \u0111\u1ea7u trong t\u00ean V\u1eadn \u0111\u1ed9ng vi\u00ean\u00a0<strong>DIMITRIJ\u00a0<\/strong><strong>OVTCHAROV\u00a0<\/strong>\u0111\u01b0\u1ee3c thi\u1ebft k\u1ebf th\u00e0nh logo mang d\u1ea5u \u1ea5n ri\u00eang c\u1ee7a s\u1ea3n ph\u1ea9m v\u1edbi \u00fd ngh\u0129a \u0111em \u0111\u1ebfn s\u1ee9c m\u1ea1nh v\u00f4 h\u1ea1n.<br \/>\nThi\u1ebft k\u1ebf k\u1ebft h\u1ee3p m\u00e0u s\u1eafc h\u00e0i h\u00f2a v\u1edbi \u0111\u01b0\u1eddng k\u1ebb m\u00e0u xanh lam \u0111\u1ea1i di\u1ec7n s\u1ee3i ALC v\u00e0 \u0111\u01b0\u1eddng k\u1ebb m\u00e0u v\u00e0ng bi\u1ec3u t\u01b0\u1ee3ng c\u1ee7a s\u1ef1 chi\u1ebfn th\u1eafng c\u00f9ng m\u00e0u \u0111en ch\u1ee7 \u0111\u1ea1o ph\u1ea7n c\u00e1n, gi\u00fap t\u00f4n l\u00ean s\u1ef1 m\u1ea1nh m\u1ebd v\u00e0 sang tr\u1ecdng.<\/p>\n<table border=\"0\" cellspacing=\"1\" cellpadding=\"1\">\n<tbody>\n<tr>\n<td>C\u1ea5u t\u1ea1o<\/td>\n<td>:\u00a05 l\u1edbp g\u1ed7 +2 Arylate Carbon<\/td>\n<\/tr>\n<tr>\n<td>L\u1ef1c \u0111\u1ea9y<\/td>\n<td>:\u00a011.7 (t\u1ed1c \u0111\u1ed9)<\/td>\n<\/tr>\n<tr>\n<td>\u0110\u1ed9 rung<\/td>\n<td>: 10.5 (c\u1ea3m gi\u00e1c)<\/td>\n<\/tr>\n<tr>\n<td>\u0110\u1ed9 d\u00e0y<\/td>\n<td>: 6.2 mm<\/td>\n<\/tr>\n<tr>\n<td>B\u1ea3ng v\u1ee3t<\/td>\n<td>:\u00a0158 x 152mm<\/td>\n<\/tr>\n<tr>\n<td>Tr\u1ecdng l\u01b0\u1ee3ng<\/td>\n<td>: \u00b1 87gr<\/td>\n<\/tr>\n<\/tbody>\n<\/table>\n<p><strong>Theo th\u00f4ng s\u1ed1 chu\u1ea9n c\u1ee7a h\u00e3ng Butterfly\u00a0<\/strong><br \/>\n<strong>H\u00e0ng ch\u00ednh h\u00e3ng Butterfly b\u1ea3o h\u00e0nh 1 th\u00e1ng<\/strong><\/p>\n<p>V\u1eadn \u0111\u1ed9ng vi\u00ean\u00a0<strong>OVTCHAROV\u00a0<\/strong>\u0111\u1ea1t \u0111\u01b0\u1ee3c nhi\u1ec1u th\u00e0nh t\u00edch trong nhi\u1ec1u n\u0103m, trong \u0111\u00f3 c\u00f3 c\u00e1c th\u00e0nh t\u00edch n\u1ed5i b\u1eadt nh\u01b0:<\/p>\n<ul>\n<li>Huy Ch\u01b0\u01a1ng V\u00e0ng \u0110\u01a1n Nam t\u1ea1i gi\u1ea3i Top 16 Ch\u00e2u \u00c2u n\u0103m 2019<\/li>\n<li>Huy Ch\u01b0\u01a1ng V\u00e0ng \u0110\u01a1n Nam t\u1ea1i gi\u1ea3i b\u00f3ng b\u00e0n V\u00f4 \u0111\u1ecbch Th\u1ebf Gi\u1edbi n\u0103m 2017<\/li>\n<li>Huy Ch\u01b0\u01a1ng V\u00e0ng \u0110\u01a1n Nam t\u1ea1i gi\u1ea3i Contender Doha n\u0103m 2021<\/li>\n<\/ul>\n<p><strong>Combo V\u1eadn \u0111\u1ed9ng vi\u00ean\u00a0<\/strong><strong>OVTCHAROV<\/strong>\u00a0<strong>\u0111ang s\u1eed d\u1ee5ng:<\/strong><br \/>\nC\u1eadp nh\u1eadt (01.04.2021)<\/p>\n<p><strong>S\u1ef1 k\u1ebft h\u1ee3p to\u00e0n di\u1ec7n c\u1ee7a V\u0110V DIMITRIJ OTVCHAROV<\/strong><br \/>\n\u201cT\u00f4i s\u1eed d\u1ee5ng Dignics 09C \u0111\u00e1nh ph\u1ea3i v\u00e0 Dignics 05 \u0111\u00e1nh tr\u00e1i. T\u00f4i ngh\u0129 c\u00e1c m\u1eb7t v\u1ee3t d\u00f2ng Tenergy c\u0169ng ph\u00f9 h\u1ee3p v\u1edbi c\u1ed1t v\u1ee3t n\u00e0y.<br \/>\nTh\u00f4ng th\u01b0\u1eddng, c\u00e1c d\u00f2ng c\u1ed1t v\u1ee3t c\u00f3 thi\u1ebft k\u1ebf s\u1ee3i g\u1ea7n l\u1edbp g\u1ed7 trung t\u00e2m, ph\u00f9 h\u1ee3p v\u1edbi ng\u01b0\u1eddi ch\u01a1i quan t\u00e2m \u0111\u1ebfn c\u1ea3m gi\u00e1c b\u00f3ng. C\u1ed1t v\u1ee3t OTVCHAROV INNERFIBER ALC th\u00ec kh\u00e1c, ch\u00fa tr\u1ecdng v\u00e0o s\u1ee9c m\u1ea1nh, gi\u00fap nh\u1eefng ng\u01b0\u1eddi ch\u01a1i nh\u01b0 t\u00f4i c\u00f3 th\u1ec3 ph\u00e1t huy t\u1ed1i \u0111a t\u1ed1c \u0111\u1ed9 nh\u1edd thi\u1ebft k\u1ebf l\u1edbp g\u1ed7 l\u00f5i trung t\u00e2m d\u1ea7y (Nh\u1eadn x\u00e9t c\u1ee7a anh \u1ea5y).<\/p>\n<p><a href=\"https:\/\/bongban.asia\/butterfly\/cot-vot-thang-61\/ovtcharov-innerforce-alc-.html\"><img decoding=\"async\" src=\"https:\/\/bongban.asia\/image\/data\/VDV%2021\/OVTCHAROV.jpg\" alt=\"\" \/><\/a>\u00a0<a href=\"https:\/\/bongban.asia\/butterfly\/mat-vot-lan\/dignics-05.html\"><img decoding=\"async\" src=\"https:\/\/bongban.asia\/image\/data\/VDV%2021\/DIGINCS%2005.jpg\" alt=\"\" \/><\/a>\u00a0<a href=\"https:\/\/bongban.asia\/butterfly\/mat-vot-lan\/dignics-09c.html\"><img decoding=\"async\" src=\"https:\/\/bongban.asia\/image\/data\/VDV%2021\/DIGNICS%2009C%201.jpg\" alt=\"\" \/><\/a><\/p>\n","protected":false},"excerpt":{"rendered":"<p>H\u00c0NG CH\u00cdNH H\u00c3NG BUTTERFLY S\u1ea2N XU\u1ea4T T\u1ea0I NH\u1eacT B\u1ea2N &#8211; MADE IN JAPAN \u201cSau khi ki\u1ec3m tra v\u1ee3t b\u1eb1ng nhi\u1ec1u c\u00e1ch kh\u00e1c nhau, t\u00f4i \u0111\u00e3 \u0111\u1ea1t \u0111\u01b0\u1ee3c k\u1ebft qu\u1ea3 mong \u0111\u1ee3i\u201d \u201cC\u1ed1t v\u1ee3t mang ngu\u1ed3n n\u0103ng l\u01b0\u1ee3ng l\u1edbn nh\u1edd \u0111\u1ed9 d\u1ea7y v\u00e0 tr\u1ecdng t\u00e2m \u0111\u01b0a v\u1ec1 \u0111\u1ea7u b\u1ea3ng v\u1ee3t, \u0111\u1ed3ng th\u1eddi th\u1eddi 2 l\u1edbp s\u1ee3i [&hellip;]<\/p>\n","protected":false},"featured_media":2733,"comment_status":"open","ping_status":"closed","template":"","meta":{"_eb_attr":""},"product_cat":[76,26],"product_tag":[],"class_list":["post-2731","product","type-product","status-publish","has-post-thumbnail","hentry","product_cat-butterfly-cot-vot","product_cat-cot-vot"],"_links":{"self":[{"href":"https:\/\/www.phivutabletennis.com\/index.php\/wp-json\/wp\/v2\/product\/2731","targetHints":{"allow":["GET"]}}],"collection":[{"href":"https:\/\/www.phivutabletennis.com\/index.php\/wp-json\/wp\/v2\/product"}],"about":[{"href":"https:\/\/www.phivutabletennis.com\/index.php\/wp-json\/wp\/v2\/types\/product"}],"replies":[{"embeddable":true,"href":"https:\/\/www.phivutabletennis.com\/index.php\/wp-json\/wp\/v2\/comments?post=2731"}],"wp:featuredmedia":[{"embeddable":true,"href":"https:\/\/www.phivutabletennis.com\/index.php\/wp-json\/wp\/v2\/media\/2733"}],"wp:attachment":[{"href":"https:\/\/www.phivutabletennis.com\/index.php\/wp-json\/wp\/v2\/media?parent=2731"}],"wp:term":[{"taxonomy":"product_cat","embeddable":true,"href":"https:\/\/www.phivutabletennis.com\/index.php\/wp-json\/wp\/v2\/product_cat?post=2731"},{"taxonomy":"product_tag","embeddable":true,"href":"https:\/\/www.phivutabletennis.com\/index.php\/wp-json\/wp\/v2\/product_tag?post=2731"}],"curies":[{"name":"wp","href":"https:\/\/api.w.org\/{rel}","templated":true}]}}