{"id":2741,"date":"2023-06-29T20:58:56","date_gmt":"2023-06-29T13:58:56","guid":{"rendered":"https:\/\/www.phivutabletennis.com\/?post_type=product&#038;p=2741"},"modified":"2023-06-29T20:59:03","modified_gmt":"2023-06-29T13:59:03","slug":"arimoto-tomokazu-innerforce-zlc","status":"publish","type":"product","link":"https:\/\/www.phivutabletennis.com\/index.php\/product\/arimoto-tomokazu-innerforce-zlc\/","title":{"rendered":"HARIMOTO TOMOKAZU INNERFORCE ZLC"},"content":{"rendered":"<p><strong>H\u00c0NG CH\u00cdNH H\u00c3NG BUTTERFLY S\u1ea2N XU\u1ea4T T\u1ea0I NH\u1eacT B\u1ea2N &#8211; MADE IN JAPAN<\/strong><\/p>\n<p>C\u1ed1t v\u1ee3t \u0111\u1ea7y uy l\u1ef1c v\u1edbi thi\u1ebft k\u1ec7 s\u1ee3i s\u01a1 cao c\u1ea5p\u00a0<strong>INNERFORCE ZYLON CARBON<\/strong>\u00a0g\u1ea7n l\u1edbp g\u1ed7 trung t\u00e2m, \u1ed5n \u0111\u1ecbnh v\u00e0 d\u1ec5 ki\u1ec3m so\u00e1t, th\u1eddi gian l\u01b0u b\u00f3ng l\u00e2u, d\u1ec5 d\u00e0ng \u0111i\u1ec1u ch\u1ec9nh b\u00f3ng theo \u00fd mu\u1ed1n.<\/p>\n<p>So v\u1edbi c\u1ed1t v\u1ee3t\u00a0<strong>INNERFORCE LAYER ZLC<\/strong>, b\u1ea3ng v\u1ee3t\u00a0<strong>HARIMOTO TOMOKAZU INNERFORCE ZLC\u00a0<\/strong>\u0111\u01b0\u1ee3c thi\u1ebft k\u1ebf to h\u01a1n gi\u00fap t\u0103ng th\u00eam uy l\u1ef1c khi \u0111\u00e1nh b\u00f3ng.<\/p>\n<p>S\u1ef1 l\u1ef1a ch\u1ecdn t\u1ed1i \u01b0u cho V\u1eadn \u0111\u1ed9ng vi\u00ean v\u00e0 ng\u01b0\u1eddi ch\u01a1i c\u00f3 l\u1ed1i \u0111\u00e1nh t\u1ea5n c\u00f4ng c\u1ef1 ly trung, l\u1ed1i \u0111\u00e1nh k\u1ef9 thu\u1eadt v\u1eaby\u00a0tr\u00e1i hay gi\u1eadt \u0111\u00f4i c\u00f4ng.<\/p>\n<table border=\"0\" cellspacing=\"1\" cellpadding=\"1\">\n<tbody>\n<tr>\n<td>C\u1ea5u t\u1ea1o<\/td>\n<td>:\u00a05 l\u1edbp g\u1ed7 + 2 l\u1edbp s\u1ee3i Zylon Carbon<\/td>\n<\/tr>\n<tr>\n<td>L\u1ef1c \u0111\u1ea9y<\/td>\n<td>:\u00a010.5 (t\u1ed1c \u0111\u1ed9)<\/td>\n<\/tr>\n<tr>\n<td>\u0110\u1ed9 rung<\/td>\n<td>: 9.3 (\u0111\u1ed9 xo\u00e1y)<\/td>\n<\/tr>\n<tr>\n<td>\u0110\u1ed9 d\u00e0y<\/td>\n<td>: 5.7mm<\/td>\n<\/tr>\n<tr>\n<td>B\u1ea3ng v\u1ee3t<\/td>\n<td>:\u00a0158 x 152mm<\/td>\n<\/tr>\n<tr>\n<td>Tr\u1ecdng l\u01b0\u1ee3ng<\/td>\n<td>: \u00b1 88gr<\/td>\n<\/tr>\n<\/tbody>\n<\/table>\n<p><strong>Theo th\u00f4ng s\u1ed1 chu\u1ea9n c\u1ee7a h\u00e3ng Butterfly<br \/>\nH\u00e0ng ch\u00ednh h\u00e3ng Butterfly b\u1ea3o h\u00e0nh 1 th\u00e1ng<\/strong><\/p>\n","protected":false},"excerpt":{"rendered":"<p>H\u00c0NG CH\u00cdNH H\u00c3NG BUTTERFLY S\u1ea2N XU\u1ea4T T\u1ea0I NH\u1eacT B\u1ea2N &#8211; MADE IN JAPAN C\u1ed1t v\u1ee3t \u0111\u1ea7y uy l\u1ef1c v\u1edbi thi\u1ebft k\u1ec7 s\u1ee3i s\u01a1 cao c\u1ea5p\u00a0INNERFORCE ZYLON CARBON\u00a0g\u1ea7n l\u1edbp g\u1ed7 trung t\u00e2m, \u1ed5n \u0111\u1ecbnh v\u00e0 d\u1ec5 ki\u1ec3m so\u00e1t, th\u1eddi gian l\u01b0u b\u00f3ng l\u00e2u, d\u1ec5 d\u00e0ng \u0111i\u1ec1u ch\u1ec9nh b\u00f3ng theo \u00fd mu\u1ed1n. So v\u1edbi c\u1ed1t v\u1ee3t\u00a0INNERFORCE LAYER [&hellip;]<\/p>\n","protected":false},"featured_media":2744,"comment_status":"open","ping_status":"closed","template":"","meta":{"_eb_attr":""},"product_cat":[76,26],"product_tag":[],"class_list":["post-2741","product","type-product","status-publish","has-post-thumbnail","hentry","product_cat-butterfly-cot-vot","product_cat-cot-vot"],"_links":{"self":[{"href":"https:\/\/www.phivutabletennis.com\/index.php\/wp-json\/wp\/v2\/product\/2741","targetHints":{"allow":["GET"]}}],"collection":[{"href":"https:\/\/www.phivutabletennis.com\/index.php\/wp-json\/wp\/v2\/product"}],"about":[{"href":"https:\/\/www.phivutabletennis.com\/index.php\/wp-json\/wp\/v2\/types\/product"}],"replies":[{"embeddable":true,"href":"https:\/\/www.phivutabletennis.com\/index.php\/wp-json\/wp\/v2\/comments?post=2741"}],"wp:featuredmedia":[{"embeddable":true,"href":"https:\/\/www.phivutabletennis.com\/index.php\/wp-json\/wp\/v2\/media\/2744"}],"wp:attachment":[{"href":"https:\/\/www.phivutabletennis.com\/index.php\/wp-json\/wp\/v2\/media?parent=2741"}],"wp:term":[{"taxonomy":"product_cat","embeddable":true,"href":"https:\/\/www.phivutabletennis.com\/index.php\/wp-json\/wp\/v2\/product_cat?post=2741"},{"taxonomy":"product_tag","embeddable":true,"href":"https:\/\/www.phivutabletennis.com\/index.php\/wp-json\/wp\/v2\/product_tag?post=2741"}],"curies":[{"name":"wp","href":"https:\/\/api.w.org\/{rel}","templated":true}]}}