{"id":2800,"date":"2023-06-29T21:30:50","date_gmt":"2023-06-29T14:30:50","guid":{"rendered":"https:\/\/www.phivutabletennis.com\/?post_type=product&#038;p=2800"},"modified":"2023-06-29T21:30:50","modified_gmt":"2023-06-29T14:30:50","slug":"timo-boll-alc","status":"publish","type":"product","link":"https:\/\/www.phivutabletennis.com\/index.php\/product\/timo-boll-alc\/","title":{"rendered":"TIMO BOLL ALC"},"content":{"rendered":"<p><strong>H\u00c0NG CH\u00cdNH H\u00c3NG \u00a0BUTTERFLY S\u1ea2N XU\u1ea4T T\u1ea0I NH\u1eacT B\u1ea2N &#8211; MADE IN JAPAN<\/strong><\/p>\n<p>Timo Boll Arylate Carbon &#8211; C\u1ed1t v\u1ee3t \u0111\u01b0\u1ee3c V\u1eadn \u0111\u1ed9ng vi\u00ean\u00a0h\u00e0ng \u0111\u1ea7u Th\u1ebf gi\u1edbi Timo Boll\u00a0s\u1eed d\u1ee5ng trong nhi\u1ec1u n\u0103m li\u1ec1n. Ch\u00ednh nh\u1edd c\u1ed1t v\u1ee3t n\u00e0y m\u00e0 V\u1eadn \u0111\u1ed9ng vi\u00ean Timo Boll \u0111\u00e3 d\u00e0nh chi\u1ebfn th\u1eafng v\u00f4 \u0111\u1ecbch \u0111\u01a1n nam v\u00e0 v\u00f4 \u0111\u1ecbch \u0111\u1ed3ng \u0111\u1ed9i nam t\u1ea1i gi\u1ea3i V\u00f4 \u0111\u1ecbch Ch\u00e2u \u00c2u n\u0103m 2008.<\/p>\n<p>Arylate Carbon\u00a0r\u1ea5t hi\u1ec7u qu\u1ea3\u00a0trong l\u1ed1i ch\u01a1i t\u1ea5n c\u00f4ng v\u00e0 ki\u1ec3m so\u00e1t b\u00f3ng r\u1ea5t t\u1ed1t<\/p>\n<p>Nh\u1eefng c\u00fa t\u1ea5n c\u00f4ng v\u1edbi \u0111\u1ed9 xo\u00e1y cao v\u00e0 quy\u1ebft li\u1ec7t trong l\u1ed1i ch\u01a1i t\u1ea5n c\u00f4ng l\u1eabn ph\u1ea3n c\u00f4ng c\u1ee7a Boll \u0111\u01b0\u1ee3c ch\u1ee9ng minh qua th\u00e0nh t\u00edch cao v\u00e0 v\u01b0\u1ee3t tr\u1ed9i v\u1edbi Timo Boll ALC.<\/p>\n<table border=\"0\" cellspacing=\"1\" cellpadding=\"1\">\n<tbody>\n<tr>\n<td>C\u1ea5u t\u1ea1o<\/td>\n<td>: 5 l\u1edbp g\u1ed7 + 2 l\u1edbp Arylate Carbon<\/td>\n<\/tr>\n<tr>\n<td>L\u1ef1c \u0111\u1ea9y<\/td>\n<td>:\u00a011.8\u00a0(t\u1ed1c \u0111\u1ed9)<\/td>\n<\/tr>\n<tr>\n<td>\u0110\u1ed9 rung<\/td>\n<td>: 10.3\u00a0(\u0111\u1ed9 xo\u00e1y)<\/td>\n<\/tr>\n<tr>\n<td>\u0110\u1ed9 d\u1ea7y<\/td>\n<td>: 5.8mm<\/td>\n<\/tr>\n<tr>\n<td>Tr\u1ecdng l\u01b0\u1ee3ng<\/td>\n<td>: 85\u00b1<\/td>\n<\/tr>\n<tr>\n<td>B\u1ea3ng\u00a0v\u1ee3t<\/td>\n<td>: 157 x 150 mm<\/td>\n<\/tr>\n<\/tbody>\n<\/table>\n<p><strong>Theo th\u00f4ng s\u1ed1 chu\u1ea9n c\u1ee7a h\u00e3ng Butterfly<\/strong><br \/>\n<strong>H\u00e0ng ch\u00ednh h\u00e3ng b\u1ea3o h\u00e0nh 1 th\u00e1ng<\/strong><\/p>\n","protected":false},"excerpt":{"rendered":"<p>H\u00c0NG CH\u00cdNH H\u00c3NG \u00a0BUTTERFLY S\u1ea2N XU\u1ea4T T\u1ea0I NH\u1eacT B\u1ea2N &#8211; MADE IN JAPAN Timo Boll Arylate Carbon &#8211; C\u1ed1t v\u1ee3t \u0111\u01b0\u1ee3c V\u1eadn \u0111\u1ed9ng vi\u00ean\u00a0h\u00e0ng \u0111\u1ea7u Th\u1ebf gi\u1edbi Timo Boll\u00a0s\u1eed d\u1ee5ng trong nhi\u1ec1u n\u0103m li\u1ec1n. Ch\u00ednh nh\u1edd c\u1ed1t v\u1ee3t n\u00e0y m\u00e0 V\u1eadn \u0111\u1ed9ng vi\u00ean Timo Boll \u0111\u00e3 d\u00e0nh chi\u1ebfn th\u1eafng v\u00f4 \u0111\u1ecbch \u0111\u01a1n nam v\u00e0 v\u00f4 [&hellip;]<\/p>\n","protected":false},"featured_media":2801,"comment_status":"open","ping_status":"closed","template":"","meta":{"_eb_attr":""},"product_cat":[76,26],"product_tag":[],"class_list":["post-2800","product","type-product","status-publish","has-post-thumbnail","hentry","product_cat-butterfly-cot-vot","product_cat-cot-vot"],"_links":{"self":[{"href":"https:\/\/www.phivutabletennis.com\/index.php\/wp-json\/wp\/v2\/product\/2800","targetHints":{"allow":["GET"]}}],"collection":[{"href":"https:\/\/www.phivutabletennis.com\/index.php\/wp-json\/wp\/v2\/product"}],"about":[{"href":"https:\/\/www.phivutabletennis.com\/index.php\/wp-json\/wp\/v2\/types\/product"}],"replies":[{"embeddable":true,"href":"https:\/\/www.phivutabletennis.com\/index.php\/wp-json\/wp\/v2\/comments?post=2800"}],"wp:featuredmedia":[{"embeddable":true,"href":"https:\/\/www.phivutabletennis.com\/index.php\/wp-json\/wp\/v2\/media\/2801"}],"wp:attachment":[{"href":"https:\/\/www.phivutabletennis.com\/index.php\/wp-json\/wp\/v2\/media?parent=2800"}],"wp:term":[{"taxonomy":"product_cat","embeddable":true,"href":"https:\/\/www.phivutabletennis.com\/index.php\/wp-json\/wp\/v2\/product_cat?post=2800"},{"taxonomy":"product_tag","embeddable":true,"href":"https:\/\/www.phivutabletennis.com\/index.php\/wp-json\/wp\/v2\/product_tag?post=2800"}],"curies":[{"name":"wp","href":"https:\/\/api.w.org\/{rel}","templated":true}]}}