{"id":2825,"date":"2023-06-29T21:42:12","date_gmt":"2023-06-29T14:42:12","guid":{"rendered":"https:\/\/www.phivutabletennis.com\/?post_type=product&#038;p=2825"},"modified":"2023-06-29T21:42:12","modified_gmt":"2023-06-29T14:42:12","slug":"xstar-v","status":"publish","type":"product","link":"https:\/\/www.phivutabletennis.com\/index.php\/product\/xstar-v\/","title":{"rendered":"XSTAR V"},"content":{"rendered":"<p><strong>H\u00c0NG CH\u00cdNH H\u00c3NG BUTTERFLY S\u1ea2N XU\u1ea4T T\u1ea0I TRUNG QU\u1ed0C\u00a0&#8211; MADE IN CHINA<\/strong><\/p>\n<p><strong>XSTAR V\u00a0<\/strong>&#8211; V\u1edbi c\u1ea5u t\u1ea1o thu\u1ea7n g\u1ed7 5 l\u1edbp, \u0111\u1ed9 \u1ed5n \u0111\u1ecbnh v\u00e0 ki\u1ec3m so\u00e1t b\u00f3ng cao, gi\u00fap ng\u01b0\u1eddi ch\u01a1i c\u1ea3m nh\u1eadn r\u00f5 n\u00e9t, s\u1ef1 tinh t\u1ebf khi ti\u1ebfp x\u00fac b\u00f3ng. S\u1ef1 l\u1ef1a ch\u1ecdn t\u1ed1i \u01b0u cho nh\u1eefng b\u1ea1n m\u1edbi b\u1eaft \u0111\u1ea7u l\u00e0m quen v\u1edbi nh\u1eefng k\u1ef9 thu\u1eadt c\u01a1 b\u1ea3n, c\u1ea7n t\u1eadp trung c\u1ea3m nh\u1eadn c\u1ea3m gi\u00e1c ti\u1ebfp x\u00fac b\u00f3ng, \u0111\u1ed9 xo\u00e1y b\u00f3ng v\u00e0 \u1ed5n \u0111\u1ecbnh k\u1ef9 thu\u1eadt khi \u0111\u00e1nh b\u00f3ng.<\/p>\n<table border=\"0\" cellspacing=\"1\" cellpadding=\"1\">\n<tbody>\n<tr>\n<td>C\u1ea5u t\u1ea1o<\/td>\n<td>:\u00a05 l\u1edbp g\u1ed7<\/td>\n<\/tr>\n<tr>\n<td>L\u1ef1c \u0111\u1ea9y<\/td>\n<td>:\u00a010 (t\u1ed1c \u0111\u1ed9)<\/td>\n<\/tr>\n<tr>\n<td>\u0110\u1ed9 rung<\/td>\n<td>: 8.2 (\u0111\u1ed9 xo\u00e1y)<\/td>\n<\/tr>\n<tr>\n<td>\u0110\u1ed9 d\u00e0y<\/td>\n<td>: 5.6mm<\/td>\n<\/tr>\n<tr>\n<td>B\u1ea3ng v\u1ee3t<\/td>\n<td>:\u00a0158 x 152mm<\/td>\n<\/tr>\n<tr>\n<td>Tr\u1ecdng l\u01b0\u1ee3ng<\/td>\n<td>: \u00b1 83gr<\/td>\n<\/tr>\n<\/tbody>\n<\/table>\n<p>&nbsp;<\/p>\n<p><strong>Theo th\u00f4ng s\u1ed1 chu\u1ea9n c\u1ee7a h\u00e3ng Butterfly<\/strong><br \/>\n<strong>H\u00e0ng ch\u00ednh h\u00e3ng b\u1ea3o h\u00e0nh 1 th\u00e1ng<\/strong><\/p>\n","protected":false},"excerpt":{"rendered":"<p>H\u00c0NG CH\u00cdNH H\u00c3NG BUTTERFLY S\u1ea2N XU\u1ea4T T\u1ea0I TRUNG QU\u1ed0C\u00a0&#8211; MADE IN CHINA XSTAR V\u00a0&#8211; V\u1edbi c\u1ea5u t\u1ea1o thu\u1ea7n g\u1ed7 5 l\u1edbp, \u0111\u1ed9 \u1ed5n \u0111\u1ecbnh v\u00e0 ki\u1ec3m so\u00e1t b\u00f3ng cao, gi\u00fap ng\u01b0\u1eddi ch\u01a1i c\u1ea3m nh\u1eadn r\u00f5 n\u00e9t, s\u1ef1 tinh t\u1ebf khi ti\u1ebfp x\u00fac b\u00f3ng. S\u1ef1 l\u1ef1a ch\u1ecdn t\u1ed1i \u01b0u cho nh\u1eefng b\u1ea1n m\u1edbi b\u1eaft \u0111\u1ea7u l\u00e0m [&hellip;]<\/p>\n","protected":false},"featured_media":2828,"comment_status":"open","ping_status":"closed","template":"","meta":{"_eb_attr":""},"product_cat":[76,26],"product_tag":[],"class_list":["post-2825","product","type-product","status-publish","has-post-thumbnail","hentry","product_cat-butterfly-cot-vot","product_cat-cot-vot"],"_links":{"self":[{"href":"https:\/\/www.phivutabletennis.com\/index.php\/wp-json\/wp\/v2\/product\/2825","targetHints":{"allow":["GET"]}}],"collection":[{"href":"https:\/\/www.phivutabletennis.com\/index.php\/wp-json\/wp\/v2\/product"}],"about":[{"href":"https:\/\/www.phivutabletennis.com\/index.php\/wp-json\/wp\/v2\/types\/product"}],"replies":[{"embeddable":true,"href":"https:\/\/www.phivutabletennis.com\/index.php\/wp-json\/wp\/v2\/comments?post=2825"}],"wp:featuredmedia":[{"embeddable":true,"href":"https:\/\/www.phivutabletennis.com\/index.php\/wp-json\/wp\/v2\/media\/2828"}],"wp:attachment":[{"href":"https:\/\/www.phivutabletennis.com\/index.php\/wp-json\/wp\/v2\/media?parent=2825"}],"wp:term":[{"taxonomy":"product_cat","embeddable":true,"href":"https:\/\/www.phivutabletennis.com\/index.php\/wp-json\/wp\/v2\/product_cat?post=2825"},{"taxonomy":"product_tag","embeddable":true,"href":"https:\/\/www.phivutabletennis.com\/index.php\/wp-json\/wp\/v2\/product_tag?post=2825"}],"curies":[{"name":"wp","href":"https:\/\/api.w.org\/{rel}","templated":true}]}}