{"id":2888,"date":"2023-06-29T22:17:07","date_gmt":"2023-06-29T15:17:07","guid":{"rendered":"https:\/\/www.phivutabletennis.com\/?post_type=product&#038;p=2888"},"modified":"2023-06-29T22:17:07","modified_gmt":"2023-06-29T15:17:07","slug":"giay-butterfly-lezoline-mach-navy-blue","status":"publish","type":"product","link":"https:\/\/www.phivutabletennis.com\/index.php\/product\/giay-butterfly-lezoline-mach-navy-blue\/","title":{"rendered":"GI\u00c0Y BUTTERFLY LEZOLINE MACH NAVY\/BLUE"},"content":{"rendered":"<p>Ng\u01b0\u1eddi ch\u01a1i B\u00f3ng b\u00e0n lu\u00f4n \u0111\u00f2i h\u1ecfi ph\u1ea3i c\u00f3 nh\u1eefng b\u01b0\u1edbc di chuy\u1ec3n th\u1eadt ch\u00ednh x\u00e1c v\u00e0 nhanh nh\u1ea1y trong t\u1eadp luy\u1ec7n c\u0169ng nh\u01b0 thi \u0111\u1ea5u. B\u1ea5t c\u1ee9 m\u1ed9t c\u00fa xoay ng\u01b0\u1eddi \u0111\u00e1nh b\u00f3ng \u0111\u1ea7y uy l\u1ef1c ho\u1eb7c \u0111\u00e1nh b\u00f3ng chu\u1ea9n \u0111\u1ec1u c\u1ea7n ph\u1ea3i c\u00f3 nh\u1eefng b\u01b0\u1edbc di chuy\u1ec3n quan tr\u1ecdng c\u1ee7a ng\u01b0\u1eddi ch\u01a1i.<\/p>\n<p>Theo c\u00e1c chuy\u00ean gia th\u1ebf gi\u1edbi, vi\u1ec7c ch\u1ecdn m\u1ed9t \u0111\u00f4i gi\u00e0y th\u1ec3 thao v\u1eeba v\u1eb7n \u0111\u00fang chu\u1ea9n, \u0111\u00fang ti\u00eau ch\u00ed m\u00f4n th\u1ec3 thao m\u00ecnh ch\u1ecdn s\u1ebd gi\u00fap t\u0103ng c\u01b0\u1eddng hi\u1ec7u qu\u1ea3 t\u1eadp luy\u1ec7n c\u0169ng nh\u01b0 h\u1ea1n ch\u1ebf t\u1ed1i \u0111a ch\u1ea5n th\u01b0\u01a1ng. Tuy nhi\u00ean,ng\u01b0\u1eddi ch\u01a1i b\u00f3ng b\u00e0n l\u1ea1i \u00edt \u0111\u1ec3 \u00fd \u0111\u1ebfn nh\u1eefng chi ti\u1ebft tuy kh\u00f4ng \u1ea3nh h\u01b0\u1edfng t\u1ee9c th\u1eddi nh\u01b0ng v\u1ec1 l\u00e2u d\u00e0i c\u00f3 th\u1ec3 \u1ea3nh h\u01b0\u1edfng \u0111\u1ebfn vi\u1ec7c v\u1eadn \u0111\u1ed9ng c\u1ee7a m\u00ecnh.<\/p>\n<h1>Gi\u00e0y<strong>\u00a0Butterfly Lezoline Mach\u00a0<\/strong>c\u00f3 c\u00e1c t\u00ednh n\u0103ng v\u01b0\u1ee3t tr\u1ed9i, h\u1ed7 tr\u1ee3 t\u1ed1i \u0111a cho ng\u01b0\u1eddi ch\u01a1i b\u00f3ng b\u00e0n v\u1edbi m\u1eabu m\u00e3 \u0111\u1eb9p m\u1eaft.<\/h1>\n<table border=\"0\" cellspacing=\"1\" cellpadding=\"1\">\n<tbody>\n<tr>\n<td>M\u00e0u s\u1eafc<\/td>\n<td>: Xanh ph\u1ed1i \u0111en<\/td>\n<\/tr>\n<tr>\n<td>Size<\/td>\n<td>: 23.0 ~ 28.0cm<\/td>\n<\/tr>\n<tr>\n<td>Th\u00e2n gi\u00e0y<\/td>\n<td>:\u00a0S\u1ee3i t\u1ed5ng h\u1ee3p, nh\u1ef1a t\u1ed5ng h\u1ee3p, da nh\u00e2n t\u1ea1o<\/td>\n<\/tr>\n<tr>\n<td>\u0110\u1ebf gia\u1ef3<\/td>\n<td>:\u00a0Cao su thi\u00ean nhi\u00ean, EVA\u200b<\/td>\n<\/tr>\n<\/tbody>\n<\/table>\n<p>\u2605\u00a0<strong>H\u00e0ng ch\u00ednh h\u00e3ng Butterfly s\u1ea3n xu\u1ea5t t\u1ea1i nh\u00e0 m\u00e1y Trung Qu\u1ed1c<\/strong><\/p>\n<p>***EVA l\u00e0 v\u1eadt li\u1ec7u d\u00f9ng \u0111\u1ec3 gi\u1ea3m thi\u1ec3u s\u1ef1 ma s\u00e1t, \u0111\u01b0\u1ee3c gia c\u1ed1 l\u00e0m ph\u1ea7n \u0111\u1ebf gi\u1eefa (\u0111\u1ec7m \u0111\u1ebf gi\u00e0y). S\u1ef1 k\u1ebft h\u1ee3p gi\u1eefa EVA v\u00e0 cao su\u00a0cho ph\u00e9p b\u1ea1n c\u00f3 nh\u1eefng b\u01b0\u1edbc ch\u1ea1y \u00eam \u00e1i do \u0111\u1eb7c t\u00ednh gi\u1ea3m ma s\u00e1t v\u00e0 l\u00e0m t\u0103ng t\u00ednh d\u1ebbo dai, linh ho\u1ea1t khi di chuy\u1ec3n<\/p>\n<p><img decoding=\"async\" src=\"https:\/\/bongban.asia\/image\/data\/MACH%20SHOES%205.jpg\" alt=\"\" \/><\/p>\n<p><strong><u>T\u00ednh n\u0103ng B-Absorber<\/u><\/strong><\/p>\n<p>V\u00f9ng m\u0169i ng\u00f3n ch\u00e2n c\u00e1i \u0111\u01b0\u1ee3c gia c\u1ed1 th\u00eam 1 l\u1edbp b\u1ecdt bi\u1ec3n \u0111\u1eb7t bi\u1ec7t n\u1eb1m gi\u1eefa\u00a0 ph\u1ea7n \u0111\u1ebf ngo\u00e0i v\u00e0 \u0111\u1ebf trong c\u00f3 t\u00e1c d\u1ee5ng nh\u01b0 1 l\u00f2 xo h\u1ed7 tr\u1ee3 chuy\u1ec3n \u0111\u1ed9ng, gi\u00fap gi\u1ea3m ch\u1ea5n \u0111\u1ed9ng, gi\u1ea3m s\u1ed1c trong t\u1eebng b\u01b0\u1edbc\u00a0di chuy\u1ec3n \u0111\u1eb7c bi\u1ec7t b\u1eb1ng m\u0169i b\u00e0n ch\u00e2n c\u1ee7a ng\u01b0\u1eddi ch\u01a1i b\u00f3ng b\u00e0n.<\/p>\n<p><strong><u>T\u00ednh n\u0103ng Wingrip<\/u><\/strong><\/p>\n<p>Thi\u1ebft k\u1ebf \u0111\u1ebf h\u00ecnh c\u00e1nh v\u00e0 g\u1ee3n s\u00f3ng gi\u00fap \u0111\u1ebf gi\u00e0y c\u00f3 \u0111\u1ed9 b\u00e1m d\u00ednh cao, kh\u00f4ng b\u1ecb tr\u01a1n \u0111\u1ed3ng th\u1eddi gi\u00fap ng\u01b0\u1eddi ch\u01a1i c\u00f3 nh\u1eefng b\u01b0\u1edbc di chuy\u1ec3n ch\u00ednh x\u00e1c.<\/p>\n<p><strong><u>T\u00ednh n\u0103ng B-Ridge<\/u><\/strong><\/p>\n<p>G\u00f3t gi\u00e0y \u0111\u01b0\u1ee3c thi\u1ebft k\u1ebf gia c\u1ed1 b\u1eb1ng v\u1eadt li\u1ec7u c\u1ee9ng chuy\u00ean d\u1ee5ng, k\u1ebft h\u1ee3p v\u1edbi mi\u1ebfng \u0111\u1ec7m m\u1ec1m b\u00ean trong, t\u1ea1o s\u1ef1 \u00eam \u00e1i khi ti\u1ebfp x\u00fac \u0111\u1ed3ng th\u1eddi b\u1ea3o v\u1ec7 v\u00e0 c\u1ed1 \u0111\u1ecbnh c\u1ed5 ch\u00e2n ng\u01b0\u1eddi ch\u01a1i trong c\u00e1c b\u01b0\u1edbc di chuy\u1ec3n.<\/p>\n<p><strong><u>T\u00ednh n\u0103ng STB<\/u><\/strong><\/p>\n<p>M\u00f4n b\u00f3ng b\u00e0n c\u00f3 \u0111\u1eb7c t\u00ednh di chuy\u1ec3n b\u1eb1ng m\u0169i b\u00e0n ch\u00e2n, c\u00f4ng ngh\u1ec7 STB, thanh ch\u1ed1ng l\u1eadt\u00a0gi\u00fap \u1ed5n \u0111\u1ecbnh khi di chuy\u1ec3n, h\u1ea1n ch\u1ebf v\u00e0 ph\u00f2ng ng\u1eeba l\u1eadt s\u01a1 mi.<\/p>\n<p><strong>*** Hi\u1ec7n nay tr\u00ean th\u1ecb tr\u01b0\u1eddng xu\u1ea5t hi\u1ec7n r\u1ea5t nhi\u1ec1u h\u00e0ng nh\u00e1y gi\u00e0y th\u01b0\u01a1ng hi\u1ec7u Butterfly, m\u1eabu m\u00e3 tinh vi nh\u01b0ng ch\u1ea5t l\u01b0\u1ee3ng k\u00e9m, tu\u1ed5i th\u1ecd kh\u00f4ng b\u1ec1n, s\u1eed d\u1ee5ng m\u1ed9t th\u1eddi gian hai b\u00ean h\u00f4ng b\u00e0n ch\u00e2n b\u1ecb chai &#8230; gi\u00e1 th\u00e0nh kho\u1ea3ng 400,000 vn\u0111 \u0111\u1ebfn 500,000 vn\u0111.\u00a0<\/strong><\/p>\n<p><strong>Xin qu\u00fd kh\u00e1ch l\u01b0u \u00fd \u0111\u1ec3 tr\u00e1nh mua nh\u1ea7m h\u00e0ng gi\u1ea3.<\/strong><\/p>\n","protected":false},"excerpt":{"rendered":"<p>Ng\u01b0\u1eddi ch\u01a1i B\u00f3ng b\u00e0n lu\u00f4n \u0111\u00f2i h\u1ecfi ph\u1ea3i c\u00f3 nh\u1eefng b\u01b0\u1edbc di chuy\u1ec3n th\u1eadt ch\u00ednh x\u00e1c v\u00e0 nhanh nh\u1ea1y trong t\u1eadp luy\u1ec7n c\u0169ng nh\u01b0 thi \u0111\u1ea5u. B\u1ea5t c\u1ee9 m\u1ed9t c\u00fa xoay ng\u01b0\u1eddi \u0111\u00e1nh b\u00f3ng \u0111\u1ea7y uy l\u1ef1c ho\u1eb7c \u0111\u00e1nh b\u00f3ng chu\u1ea9n \u0111\u1ec1u c\u1ea7n ph\u1ea3i c\u00f3 nh\u1eefng b\u01b0\u1edbc di chuy\u1ec3n quan tr\u1ecdng c\u1ee7a ng\u01b0\u1eddi ch\u01a1i. Theo [&hellip;]<\/p>\n","protected":false},"featured_media":2893,"comment_status":"open","ping_status":"closed","template":"","meta":{"_eb_attr":""},"product_cat":[61,59],"product_tag":[],"class_list":["post-2888","product","type-product","status-publish","has-post-thumbnail","hentry","product_cat-butterfly-giay","product_cat-giay-vo"],"_links":{"self":[{"href":"https:\/\/www.phivutabletennis.com\/index.php\/wp-json\/wp\/v2\/product\/2888","targetHints":{"allow":["GET"]}}],"collection":[{"href":"https:\/\/www.phivutabletennis.com\/index.php\/wp-json\/wp\/v2\/product"}],"about":[{"href":"https:\/\/www.phivutabletennis.com\/index.php\/wp-json\/wp\/v2\/types\/product"}],"replies":[{"embeddable":true,"href":"https:\/\/www.phivutabletennis.com\/index.php\/wp-json\/wp\/v2\/comments?post=2888"}],"wp:featuredmedia":[{"embeddable":true,"href":"https:\/\/www.phivutabletennis.com\/index.php\/wp-json\/wp\/v2\/media\/2893"}],"wp:attachment":[{"href":"https:\/\/www.phivutabletennis.com\/index.php\/wp-json\/wp\/v2\/media?parent=2888"}],"wp:term":[{"taxonomy":"product_cat","embeddable":true,"href":"https:\/\/www.phivutabletennis.com\/index.php\/wp-json\/wp\/v2\/product_cat?post=2888"},{"taxonomy":"product_tag","embeddable":true,"href":"https:\/\/www.phivutabletennis.com\/index.php\/wp-json\/wp\/v2\/product_tag?post=2888"}],"curies":[{"name":"wp","href":"https:\/\/api.w.org\/{rel}","templated":true}]}}