{"id":2908,"date":"2023-06-29T22:21:16","date_gmt":"2023-06-29T15:21:16","guid":{"rendered":"https:\/\/www.phivutabletennis.com\/?post_type=product&#038;p=2908"},"modified":"2023-06-29T22:21:17","modified_gmt":"2023-06-29T15:21:17","slug":"vo-butterfly-short-color-socks-rose","status":"publish","type":"product","link":"https:\/\/www.phivutabletennis.com\/index.php\/product\/vo-butterfly-short-color-socks-rose\/","title":{"rendered":"V\u1eda BUTTERFLY SHORT COLOR SOCKS ROSE"},"content":{"rendered":"<p class=\"p1\"><span style=\"font-family: arial, helvetica, sans-serif;\"><b>V\u1eda BUTTERFLY\u00a0<\/b><\/span><\/p>\n<p class=\"p1\"><b>S\u1ea3n xu\u1ea5t t\u1ea1i Nh\u1eadt b\u1ea3n<\/b><\/p>\n<p><strong>Ch\u1ea5t li\u1ec7u:<\/strong>\u00a0B\u00f4ng, acrylic\/ colux\u2026\u0111\u01b0\u1ee3c \u0111an v\u00e0o nhau v\u1edbi m\u1eadt \u0111\u1ed9 d\u00e0y.<br \/>\n<strong>Size:<\/strong>\u00a0S, M, L<br \/>\n<strong>M\u00e0u s\u1eafc:\u00a0<\/strong>Xanh navy, Xanh da tr\u1eddi, H\u1ed3ng, \u0110en<\/p>\n<p><strong>\u01afu \u0111i\u1ec3m:\u00a0<\/strong>Kh\u1eed m\u00f9i kh\u00e1ng khu\u1ea9n, ch\u1ed1ng h\u00f4i, \u0111\u1eb7c bi\u1ec7t l\u1edbp s\u1ee3i v\u00f9ng l\u00f2ng b\u00e0n ch\u00e2n \u0111\u01b0\u1ee3c \u0111an d\u00e0y h\u01a1n t\u1ea1o c\u1ea3m gi\u00e1c \u00eam h\u01a1n so v\u1edbi v\u1edb lo\u1ea1i th\u00f4ng th\u01b0\u1eddng, gi\u1ea3m ma s\u00e1t khi di chuy\u1ec3n, h\u1ea1n ch\u1ebf b\u1ecb co gi\u00e3n trong qu\u00e1 tr\u00ecnh s\u1eed d\u1ee5ng h\u1ed7 tr\u1ee3 cho m\u1ed7i b\u01b0\u1edbc ch\u00e2n nh\u1eb9 nh\u00e0ng. H\u01b0\u1edbng d\u1eabn b\u1ea3o qu\u1ea3n:<br \/>\n&#8211; Gi\u1eb7t \u1edf nhi\u1ec7t \u0111\u1ed9 n\u01b0\u1edbc kh\u00f4ng qu\u00e1 30 \u0111\u1ed9 C.<br \/>\n&#8211; Kh\u00f4ng d\u00f9ng n\u01b0\u1edbc t\u1ea9y (v\u00ed d\u1ee5: n\u01b0\u1edbc Javel&#8230;).<\/p>\n<p>S\u1ea3n ph\u1ea9m nh\u1eadp kh\u1ea9u ch\u00ednh h\u00e3ng, c\u00f3 ch\u1ee9ng nh\u1eadn h\u1ee3p chu\u1ea9n, h\u1ee3p quy v\u1ec1 \u0111o l\u01b0\u1eddng ch\u1ea5t l\u01b0\u1ee3ng may m\u1eb7c, \u0111\u01b0\u1ee3c th\u1ec3 hi\u1ec7n b\u1eb1ng tem QR tr\u00ean m\u1ed7i s\u1ea3n ph\u1ea9m v\u00e0 c\u00f4ng b\u1ed1 t\u1ea1i S\u1edf C\u00f4ng Th\u01b0\u01a1ng TP.HCM.<br \/>\n<strong>H\u00c0NG CH\u00cdNH H\u00c3NG BUTTERFLY S\u1ea2N XU\u1ea4T T\u1ea0I NH\u1eacT B\u1ea2N &#8211; MADE IN JAPAN<\/strong><\/p>\n","protected":false},"excerpt":{"rendered":"<p>V\u1eda BUTTERFLY\u00a0 S\u1ea3n xu\u1ea5t t\u1ea1i Nh\u1eadt b\u1ea3n Ch\u1ea5t li\u1ec7u:\u00a0B\u00f4ng, acrylic\/ colux\u2026\u0111\u01b0\u1ee3c \u0111an v\u00e0o nhau v\u1edbi m\u1eadt \u0111\u1ed9 d\u00e0y. Size:\u00a0S, M, L M\u00e0u s\u1eafc:\u00a0Xanh navy, Xanh da tr\u1eddi, H\u1ed3ng, \u0110en \u01afu \u0111i\u1ec3m:\u00a0Kh\u1eed m\u00f9i kh\u00e1ng khu\u1ea9n, ch\u1ed1ng h\u00f4i, \u0111\u1eb7c bi\u1ec7t l\u1edbp s\u1ee3i v\u00f9ng l\u00f2ng b\u00e0n ch\u00e2n \u0111\u01b0\u1ee3c \u0111an d\u00e0y h\u01a1n t\u1ea1o c\u1ea3m gi\u00e1c \u00eam h\u01a1n so v\u1edbi [&hellip;]<\/p>\n","protected":false},"featured_media":2900,"comment_status":"open","ping_status":"closed","template":"","meta":{"_eb_attr":""},"product_cat":[61,59],"product_tag":[],"class_list":["post-2908","product","type-product","status-publish","has-post-thumbnail","hentry","product_cat-butterfly-giay","product_cat-giay-vo"],"_links":{"self":[{"href":"https:\/\/www.phivutabletennis.com\/index.php\/wp-json\/wp\/v2\/product\/2908","targetHints":{"allow":["GET"]}}],"collection":[{"href":"https:\/\/www.phivutabletennis.com\/index.php\/wp-json\/wp\/v2\/product"}],"about":[{"href":"https:\/\/www.phivutabletennis.com\/index.php\/wp-json\/wp\/v2\/types\/product"}],"replies":[{"embeddable":true,"href":"https:\/\/www.phivutabletennis.com\/index.php\/wp-json\/wp\/v2\/comments?post=2908"}],"wp:featuredmedia":[{"embeddable":true,"href":"https:\/\/www.phivutabletennis.com\/index.php\/wp-json\/wp\/v2\/media\/2900"}],"wp:attachment":[{"href":"https:\/\/www.phivutabletennis.com\/index.php\/wp-json\/wp\/v2\/media?parent=2908"}],"wp:term":[{"taxonomy":"product_cat","embeddable":true,"href":"https:\/\/www.phivutabletennis.com\/index.php\/wp-json\/wp\/v2\/product_cat?post=2908"},{"taxonomy":"product_tag","embeddable":true,"href":"https:\/\/www.phivutabletennis.com\/index.php\/wp-json\/wp\/v2\/product_tag?post=2908"}],"curies":[{"name":"wp","href":"https:\/\/api.w.org\/{rel}","templated":true}]}}