{"id":2934,"date":"2023-07-04T01:06:42","date_gmt":"2023-07-03T18:06:42","guid":{"rendered":"https:\/\/www.phivutabletennis.com\/?post_type=product&#038;p=2934"},"modified":"2023-07-05T21:09:49","modified_gmt":"2023-07-05T14:09:49","slug":"keo-sua-khong-tang-luc-free-chack-ii-s","status":"publish","type":"product","link":"https:\/\/www.phivutabletennis.com\/index.php\/product\/keo-sua-khong-tang-luc-free-chack-ii-s\/","title":{"rendered":"KEO S\u1eeeA KH\u00d4NG T\u0102NG L\u1ef0C FREE CHACK II S"},"content":{"rendered":"<p>Keo d\u00e1n v\u1ee3t\u00a0<strong>Butterfly Free Chack S<\/strong>\u00a0\u0111\u01b0\u1ee3c s\u1ea3n xu\u1ea5t v\u00e0 nghi\u00ean c\u1ee9u d\u1ef1a tr\u00ean ti\u00eau chu\u1ea9n ITTF c\u1ee7a Li\u00ean \u0111o\u00e0n B\u00f3ng b\u00e0n th\u1ebf gi\u1edbi,\u00a0keo s\u1eefa g\u1ed1c n\u01b0\u1edbc kh\u00f4ng ch\u1ee9a ch\u1ea5t \u0111\u1ed9c h\u1ea1i v\u00e0 ch\u1ea5t l\u00e0m gi\u00e3n m\u00fat.<\/p>\n<p>Th\u1ec3 t\u00edch : 20ml<\/p>\n<p><u><strong>L\u01b0u \u00fd khi s\u1eed d\u1ee5ng keo s\u1eefa kh\u00f4ng t\u0103ng l\u1ef1c:<\/strong><\/u><\/p>\n<p>\u2022\u00a0<em>L\u1eafc nh\u1eb9 chai v\u00e0i l\u1ea7n tr\u01b0\u1edbc khi s\u1eed d\u1ee5ng.<\/em><\/p>\n<p><em>\u2022 Ch\u1ec9 s\u1eed d\u1ee5ng d\u00e1n m\u1eb7t v\u1ee3t, c\u1ed1t v\u1ee3t b\u00f3ng b\u00e0n kh\u00f4ng s\u1eed d\u1ee5ng cho lo\u1ea1i kh\u00e1c.<\/em><\/p>\n<p><em>\u2022Tr\u01b0\u1edbc khi th\u00e1o m\u1eb7t v\u1ee3t d\u00e1n l\u1ea1i, n\u00ean v\u1ec7 sinh k\u1ef9 c\u1ed1t v\u1ee3t, l\u1ea5y h\u1ebft keo d\u00ednh tr\u00ean b\u1ec1 m\u1eb7t c\u1ed1t v\u1ee3t r\u1ed3i m\u1edbi d\u00e1n l\u1ea1i.<\/em><\/p>\n<p><em>\u2022 Kh\u00f4ng n\u00ean cho keo qu\u00e1 nhi\u1ec1u khi d\u00e1n v\u00ec trong th\u00e0nh ph\u1ea7n c\u1ee7a keo ph\u1ea7n l\u1edbn l\u00e0 n\u01b0\u1edbc v\u00e0 cao su thi\u00ean nhi\u00ean, l\u1edbp keo kh\u00f4 s\u1ebd t\u1ea1o th\u00e0nh 1 l\u1edbp m\u00e0ng cao su d\u1ea7y, l\u00e0m m\u1eb7t v\u1ee3t tr\u1edf n\u00ean n\u1eb7ng \u0111\u1ed3ng th\u1eddi \u1ea3nh h\u01b0\u1edfng \u0111\u1ebfn t\u00ednh n\u0103ng ( t\u1ed1c \u0111\u1ed9 v\u00e0 \u0111\u1ed9 b\u00e1m xo\u00e1y ) c\u1ee7a m\u1eb7t v\u1ee3t.<\/em><\/p>\n<p><em>\u2022 \u0110\u1ec3 keo kh\u00f4 t\u1ef1 nhi\u00ean hay s\u1eed d\u1ee5ng qu\u1ea1t , \u0111\u1ee3i keo chuy\u1ec3n t\u1eeb m\u00e0u tr\u1eafng \u0111\u1ee5c sang trong r\u1ed3i m\u1edbi d\u00e1n \u0111\u1ec3 \u0111\u1ea3m b\u1ea3o \u0111\u1ed9 b\u00e1m d\u00ednh cao.<\/em><\/p>\n<p><em>\u2022 Kh\u00f4ng l\u0103n m\u1ea1nh tay \u1edf thao t\u00e1c c\u1ed1 \u0111\u1ecbnh m\u1eb7t v\u1ee3t tr\u00ean c\u1ed1t v\u1ee3t tr\u01b0\u1edbc khi c\u1eaft, \u0111\u1ec3 tr\u00e1nh t\u00ecnh tr\u1ea1ng m\u1eb7t v\u1ee3t b\u1ecb c\u0103ng qu\u00e1 \u0111\u1ed9 \u1ea3nh h\u01b0\u1edfng \u0111\u1ebfn l\u1ea7n th\u00e1o d\u00e1n ti\u1ebfp theo.<\/em><\/p>\n<p><em>\u2022 Sau khi s\u1eed d\u1ee5ng, \u0111\u1eady ch\u1eb7t n\u1eafp, b\u1ea3o qu\u1ea3n \u1edf nhi\u1ec7t \u0111\u1ed9 t\u1eeb 0\u00b0C ~ 42\u00b0C.<\/em><\/p>\n<p><em>\u2022 Keo s\u1ebd b\u1ecb \u0111\u00f4ng \u1edf nhi\u1ec7t \u0111\u1ed9 d\u01b0\u1edbi 0\u00b0C v\u00e0 kh\u00f4ng s\u1eed d\u1ee5ng \u0111\u01b0\u1ee3c.<\/em><\/p>\n<p><strong>H\u00c0NG CH\u00cdNH H\u00c3NG S\u1ea2N XU\u1ea4T T\u1ea0I NH\u1eacT B\u1ea2N &#8211; MADE IN JAPAN<\/strong><\/p>\n","protected":false},"excerpt":{"rendered":"<p>Keo d\u00e1n v\u1ee3t\u00a0Butterfly Free Chack S\u00a0\u0111\u01b0\u1ee3c s\u1ea3n xu\u1ea5t v\u00e0 nghi\u00ean c\u1ee9u d\u1ef1a tr\u00ean ti\u00eau chu\u1ea9n ITTF c\u1ee7a Li\u00ean \u0111o\u00e0n B\u00f3ng b\u00e0n th\u1ebf gi\u1edbi,\u00a0keo s\u1eefa g\u1ed1c n\u01b0\u1edbc kh\u00f4ng ch\u1ee9a ch\u1ea5t \u0111\u1ed9c h\u1ea1i v\u00e0 ch\u1ea5t l\u00e0m gi\u00e3n m\u00fat. Th\u1ec3 t\u00edch : 20ml L\u01b0u \u00fd khi s\u1eed d\u1ee5ng keo s\u1eefa kh\u00f4ng t\u0103ng l\u1ef1c: \u2022\u00a0L\u1eafc nh\u1eb9 chai v\u00e0i l\u1ea7n [&hellip;]<\/p>\n","protected":false},"featured_media":2931,"comment_status":"open","ping_status":"closed","template":"","meta":{"_eb_attr":""},"product_cat":[144,67],"product_tag":[],"class_list":["post-2934","product","type-product","status-publish","has-post-thumbnail","hentry","product_cat-phu-kien-butterfly","product_cat-phu-kien"],"_links":{"self":[{"href":"https:\/\/www.phivutabletennis.com\/index.php\/wp-json\/wp\/v2\/product\/2934","targetHints":{"allow":["GET"]}}],"collection":[{"href":"https:\/\/www.phivutabletennis.com\/index.php\/wp-json\/wp\/v2\/product"}],"about":[{"href":"https:\/\/www.phivutabletennis.com\/index.php\/wp-json\/wp\/v2\/types\/product"}],"replies":[{"embeddable":true,"href":"https:\/\/www.phivutabletennis.com\/index.php\/wp-json\/wp\/v2\/comments?post=2934"}],"wp:featuredmedia":[{"embeddable":true,"href":"https:\/\/www.phivutabletennis.com\/index.php\/wp-json\/wp\/v2\/media\/2931"}],"wp:attachment":[{"href":"https:\/\/www.phivutabletennis.com\/index.php\/wp-json\/wp\/v2\/media?parent=2934"}],"wp:term":[{"taxonomy":"product_cat","embeddable":true,"href":"https:\/\/www.phivutabletennis.com\/index.php\/wp-json\/wp\/v2\/product_cat?post=2934"},{"taxonomy":"product_tag","embeddable":true,"href":"https:\/\/www.phivutabletennis.com\/index.php\/wp-json\/wp\/v2\/product_tag?post=2934"}],"curies":[{"name":"wp","href":"https:\/\/api.w.org\/{rel}","templated":true}]}}