{"id":2938,"date":"2023-07-04T01:10:09","date_gmt":"2023-07-03T18:10:09","guid":{"rendered":"https:\/\/www.phivutabletennis.com\/?post_type=product&#038;p=2938"},"modified":"2023-07-05T21:09:36","modified_gmt":"2023-07-05T14:09:36","slug":"daily-cleaner-nuoc-rua-mat-vot-dang-bot","status":"publish","type":"product","link":"https:\/\/www.phivutabletennis.com\/index.php\/product\/daily-cleaner-nuoc-rua-mat-vot-dang-bot\/","title":{"rendered":"DAILY CLEANER &#8211; N\u01af\u1edaC R\u1eecA M\u1eb6T V\u1ee2T D\u1ea0NG B\u1eccT"},"content":{"rendered":"<p><strong>Dung d\u1ecbch v\u1ec7 sinh m\u1eb7t v\u1ee3t\u00a0DAILY CLEANER<\/strong><br \/>\n<strong>Dung t\u00edch: 165 ml<\/strong><\/p>\n<ul>\n<li>N\u01b0\u1edbc r\u1eeda m\u1eb7t v\u1ee3t d\u1ea1ng b\u1ecdt.<\/li>\n<li>Gi\u00fap tu\u1ed5i th\u1ecd c\u1ee7a m\u1eb7t v\u1ee3t l\u00e2u h\u01a1n.<\/li>\n<li>C\u1ea3m gi\u00e1c ti\u1ebfp x\u00fac b\u00f3ng t\u1ed1t h\u01a1n b\u1eb1ng vi\u1ec7c l\u1ea5y s\u1ea1ch b\u1ee5i b\u1ea9n.<\/li>\n<li>T\u1ea1o m\u1ed9t l\u1edbp m\u00e0ng b\u1ea3o v\u1ec7 cho m\u1eb7t v\u1ee3t.<\/li>\n<\/ul>\n<div><strong><u>H\u01b0\u1edbng d\u1eabn s\u1eed d\u1ee5ng:<\/u><\/strong><\/div>\n<ul>\n<li>L\u1eafc nh\u1eb9 v\u00e0i l\u1ea7n, sau \u0111\u00f3 x\u1ecbt m\u1ed9t l\u01b0\u01a1ng b\u1ecdt v\u1eeba \u0111\u1ee7 l\u00ean m\u1eb7t v\u1ee3t.<\/li>\n<li>D\u00f9ng m\u00fat chuy\u00ean d\u1ee5ng, ch\u1ecdn m\u1eb7t c\u00f3 \u0111\u1ed9 c\u1ee9ng thoa \u0111\u1ec1u, sau \u0111\u00f3 lau s\u1ea1ch b\u1ecdt b\u1eb1ng m\u1eb7t c\u00f3 \u0111\u1ed9 m\u1ec1m v\u00e0 \u0111\u1ee3i kh\u00f4<\/li>\n<\/ul>\n<p>\u200b<strong>L\u01b0u \u00fd:\u00a0Sau khi d\u00f9ng dung d\u1ecbch,\u00a0 \u0111\u1ec3 t\u0103ng hi\u1ec7u qu\u1ea3, n\u00ean \u0111\u1ec3 m\u1eb7t v\u1ee3t th\u1eadt kh\u00f4 tr\u01b0\u1edbc khi d\u00f9ng.<\/strong><br \/>\n<strong><br \/>\n\u200b<\/strong><strong>H\u00c0NG CH\u00cdNH H\u00c3NG S\u1ea2N XU\u1ea4T T\u1ea0I NH\u1eacT B\u1ea2N &#8211; MADE IN JAPAN<\/strong><\/p>\n","protected":false},"excerpt":{"rendered":"<p>Dung d\u1ecbch v\u1ec7 sinh m\u1eb7t v\u1ee3t\u00a0DAILY CLEANER Dung t\u00edch: 165 ml N\u01b0\u1edbc r\u1eeda m\u1eb7t v\u1ee3t d\u1ea1ng b\u1ecdt. Gi\u00fap tu\u1ed5i th\u1ecd c\u1ee7a m\u1eb7t v\u1ee3t l\u00e2u h\u01a1n. C\u1ea3m gi\u00e1c ti\u1ebfp x\u00fac b\u00f3ng t\u1ed1t h\u01a1n b\u1eb1ng vi\u1ec7c l\u1ea5y s\u1ea1ch b\u1ee5i b\u1ea9n. T\u1ea1o m\u1ed9t l\u1edbp m\u00e0ng b\u1ea3o v\u1ec7 cho m\u1eb7t v\u1ee3t. H\u01b0\u1edbng d\u1eabn s\u1eed d\u1ee5ng: L\u1eafc nh\u1eb9 v\u00e0i l\u1ea7n, [&hellip;]<\/p>\n","protected":false},"featured_media":2939,"comment_status":"open","ping_status":"closed","template":"","meta":{"_eb_attr":""},"product_cat":[144,67],"product_tag":[],"class_list":["post-2938","product","type-product","status-publish","has-post-thumbnail","hentry","product_cat-phu-kien-butterfly","product_cat-phu-kien"],"_links":{"self":[{"href":"https:\/\/www.phivutabletennis.com\/index.php\/wp-json\/wp\/v2\/product\/2938","targetHints":{"allow":["GET"]}}],"collection":[{"href":"https:\/\/www.phivutabletennis.com\/index.php\/wp-json\/wp\/v2\/product"}],"about":[{"href":"https:\/\/www.phivutabletennis.com\/index.php\/wp-json\/wp\/v2\/types\/product"}],"replies":[{"embeddable":true,"href":"https:\/\/www.phivutabletennis.com\/index.php\/wp-json\/wp\/v2\/comments?post=2938"}],"wp:featuredmedia":[{"embeddable":true,"href":"https:\/\/www.phivutabletennis.com\/index.php\/wp-json\/wp\/v2\/media\/2939"}],"wp:attachment":[{"href":"https:\/\/www.phivutabletennis.com\/index.php\/wp-json\/wp\/v2\/media?parent=2938"}],"wp:term":[{"taxonomy":"product_cat","embeddable":true,"href":"https:\/\/www.phivutabletennis.com\/index.php\/wp-json\/wp\/v2\/product_cat?post=2938"},{"taxonomy":"product_tag","embeddable":true,"href":"https:\/\/www.phivutabletennis.com\/index.php\/wp-json\/wp\/v2\/product_tag?post=2938"}],"curies":[{"name":"wp","href":"https:\/\/api.w.org\/{rel}","templated":true}]}}