{"id":3000,"date":"2023-07-04T01:41:10","date_gmt":"2023-07-03T18:41:10","guid":{"rendered":"https:\/\/www.phivutabletennis.com\/?post_type=product&#038;p=3000"},"modified":"2023-07-04T01:41:10","modified_gmt":"2023-07-03T18:41:10","slug":"ao-butterfly-chinh-hang-stnable-t-shirt-black","status":"publish","type":"product","link":"https:\/\/www.phivutabletennis.com\/index.php\/product\/ao-butterfly-chinh-hang-stnable-t-shirt-black\/","title":{"rendered":"\u00c1O BUTTERFLY CH\u00cdNH H\u00c3NG STNABLE T-SHIRT BLACK"},"content":{"rendered":"<p><strong>H\u00c0NG CH\u00cdNH H\u00c3NG BUTTERFLY S\u1ea2N XU\u1ea4T T\u1ea0I NH\u1eacT B\u1ea2N MADE IN JAPAN<\/strong><br \/>\n<strong>Ch\u1ea5t li\u1ec7u:\u00a0<\/strong>100% Polyester, c\u00f4ng ngh\u1ec7 Static-Dry<br \/>\nPolyester l\u00e0 ch\u1ea5t li\u1ec7u \u0111\u01b0\u1ee3c nhi\u1ec1u th\u01b0\u01a1ng hi\u1ec7u th\u1eddi trang th\u1ec3 thao \u01b0u \u00e1i s\u1eed d\u1ee5ng. \u0110\u1eb7c t\u00ednh \u0111\u1ed9 b\u1ec1n cao, \u00edt b\u1ecb nh\u00e0u, nh\u1eb9, h\u00e3ng Butterfly c\u00f2n k\u1ebft h\u1ee3p c\u00f9ng nhi\u1ec1u c\u00f4ng ngh\u1ec7 kh\u00e1c \u0111\u1ec3 ph\u00e1t tri\u1ec3n kh\u1ea3 n\u0103ng h\u00fat tho\u00e1t m\u1ed3 h\u00f4i nhanh cho s\u1ea3n ph\u1ea9m.<br \/>\nThi\u1ebft k\u1ebf h\u00ecnh t\u1ee9 gi\u00e1c x\u1ebfp ch\u1ed3ng l\u00ean nhau ch\u1ea1y v\u00f4 \u0111\u1ecbnh \u0111\u1ec1u tr\u00ean th\u00e2n \u00e1o l\u00e0m t\u0103ng kh\u1ea3 n\u0103ng s\u00e1ng t\u1ea1o bay b\u1ed5ng trong thi\u1ebft k\u1ebf<br \/>\nCh\u1ea5t li\u1ec7u v\u1ea3i \u0111\u01b0\u1ee3c s\u1ea3n xu\u1ea5t v\u00e0 gia c\u00f4ng t\u1ea1i Nh\u1eadt B\u1ea3n v\u1edbi \u01b0u \u0111i\u1ec3m kh\u00f4 nhanh, h\u00fat tho\u00e1t m\u1ed3 h\u00f4i t\u1ed1t, \u0111\u1ed9 co gi\u00e3n tho\u1ea3i m\u00e1i khi v\u1eadn \u0111\u1ed9ng v\u1eadt li\u1ec7u c\u00f3 ch\u1ee9c n\u0103ng ch\u1ed1ng nh\u00ecn xuy\u00ean th\u1ea5u ngay c\u1ea3 khi b\u1ecb d\u00ednh n\u01b0\u1edbc<br \/>\nS\u1ea3n ph\u1ea9m nh\u1eadp kh\u1ea9u ch\u00ednh h\u00e3ng, c\u00f3 ch\u1ee9ng nh\u1eadn h\u1ee3p chu\u1ea9n, h\u1ee3p quy v\u1ec1 \u0111o l\u01b0\u1eddng ch\u1ea5t l\u01b0\u1ee3ng may m\u1eb7c, \u0111\u01b0\u1ee3c th\u1ec3 hi\u1ec7n b\u1eb1ng tem QR tr\u00ean m\u1ed7i s\u1ea3n ph\u1ea9m v\u00e0 c\u00f4ng b\u1ed1 t\u1ea1i S\u1edf C\u00f4ng Th\u01b0\u01a1ng TP.HCM.<\/p>\n","protected":false},"excerpt":{"rendered":"<p>H\u00c0NG CH\u00cdNH H\u00c3NG BUTTERFLY S\u1ea2N XU\u1ea4T T\u1ea0I NH\u1eacT B\u1ea2N MADE IN JAPAN Ch\u1ea5t li\u1ec7u:\u00a0100% Polyester, c\u00f4ng ngh\u1ec7 Static-Dry Polyester l\u00e0 ch\u1ea5t li\u1ec7u \u0111\u01b0\u1ee3c nhi\u1ec1u th\u01b0\u01a1ng hi\u1ec7u th\u1eddi trang th\u1ec3 thao \u01b0u \u00e1i s\u1eed d\u1ee5ng. \u0110\u1eb7c t\u00ednh \u0111\u1ed9 b\u1ec1n cao, \u00edt b\u1ecb nh\u00e0u, nh\u1eb9, h\u00e3ng Butterfly c\u00f2n k\u1ebft h\u1ee3p c\u00f9ng nhi\u1ec1u c\u00f4ng ngh\u1ec7 kh\u00e1c \u0111\u1ec3 ph\u00e1t [&hellip;]<\/p>\n","protected":false},"featured_media":3002,"comment_status":"open","ping_status":"closed","template":"","meta":{"_eb_attr":""},"product_cat":[34],"product_tag":[],"class_list":["post-3000","product","type-product","status-publish","has-post-thumbnail","hentry","product_cat-quan-ao"],"_links":{"self":[{"href":"https:\/\/www.phivutabletennis.com\/index.php\/wp-json\/wp\/v2\/product\/3000","targetHints":{"allow":["GET"]}}],"collection":[{"href":"https:\/\/www.phivutabletennis.com\/index.php\/wp-json\/wp\/v2\/product"}],"about":[{"href":"https:\/\/www.phivutabletennis.com\/index.php\/wp-json\/wp\/v2\/types\/product"}],"replies":[{"embeddable":true,"href":"https:\/\/www.phivutabletennis.com\/index.php\/wp-json\/wp\/v2\/comments?post=3000"}],"wp:featuredmedia":[{"embeddable":true,"href":"https:\/\/www.phivutabletennis.com\/index.php\/wp-json\/wp\/v2\/media\/3002"}],"wp:attachment":[{"href":"https:\/\/www.phivutabletennis.com\/index.php\/wp-json\/wp\/v2\/media?parent=3000"}],"wp:term":[{"taxonomy":"product_cat","embeddable":true,"href":"https:\/\/www.phivutabletennis.com\/index.php\/wp-json\/wp\/v2\/product_cat?post=3000"},{"taxonomy":"product_tag","embeddable":true,"href":"https:\/\/www.phivutabletennis.com\/index.php\/wp-json\/wp\/v2\/product_tag?post=3000"}],"curies":[{"name":"wp","href":"https:\/\/api.w.org\/{rel}","templated":true}]}}