{"id":3012,"date":"2023-07-04T01:45:36","date_gmt":"2023-07-03T18:45:36","guid":{"rendered":"https:\/\/www.phivutabletennis.com\/?post_type=product&#038;p=3012"},"modified":"2023-07-04T01:45:36","modified_gmt":"2023-07-03T18:45:36","slug":"ao-butterfly-chinh-hang-elistar10-t-shirt","status":"publish","type":"product","link":"https:\/\/www.phivutabletennis.com\/index.php\/product\/ao-butterfly-chinh-hang-elistar10-t-shirt\/","title":{"rendered":"\u00c1O BUTTERFLY CH\u00cdNH H\u00c3NG ELISTAR10 T-SHIRT"},"content":{"rendered":"<p><strong>H\u00c0NG CH\u00cdNH H\u00c3NG BUTTERFLY S\u1ea2N XU\u1ea4T T\u1ea0I NH\u1eacT B\u1ea2N &#8211; MADE IN JAPAN<\/strong><\/p>\n<ul>\n<li><strong>Thi\u00ea\u0301t k\u00ea\u0301:<\/strong>\u00a0\u00c1o thun (unisex)<\/li>\n<li><strong>M\u00e0u s\u1eafc:<\/strong>\u00a0Xanh d\u01b0\u01a1ng, \u0110en, H\u00f4\u0300ng<\/li>\n<li><strong>Ch\u1ea5t li\u1ec7u:\u00a0<\/strong>100% Polyester\/ Waffle (Selen), Soarion Y.<\/li>\n<li><strong>Xu\u1ea5t x\u1ee9:<\/strong>\u00a0Nh\u1eadt B\u1ea3n<\/li>\n<\/ul>\n<p>Ch\u1ea5t li\u1ec7u Waffle (Selen) s\u01a1\u0309 h\u01b0\u0303u kh\u1ea3 n\u0103ng th\u1ea5m h\u00fat t\u1ed1t v\u00e0 gi\u00fap b\u1ea1n c\u1ea3m th\u1ea5y m\u00e1t m\u1ebb v\u00e0 tho\u1ea3i m\u00e1i\u00a0 trong su\u1ed1t qu\u00e1 tr\u00ecnh t\u1eadp luy\u1ec7n v\u00e0 thi \u0111\u1ea5u.<br \/>\nThi\u00ea\u0301t k\u00ea\u0301 unisex ph\u00f9 h\u1ee3p v\u1edbi m\u1ecdi \u0111\u1ed1i t\u01b0\u01a1\u0323ng v\u1edbi nhi\u00ea\u0300u l\u01b0\u0323a cho\u0323n ma\u0300u s\u0103\u0301c gi\u00fap b\u1ea1n t\u1ef1 tin to\u0309a sa\u0301ng trong m\u1ed7i tr\u1eadn \u0111\u1ea5u.<br \/>\nA\u0301o ELISTAR10 T-SHIRT c\u00f3 nhi\u1ec1u m\u00e0u s\u1eafc kh\u00e1c nhau, d\u1ec5 d\u00e0ng l\u1ef1a ch\u1ecdn cho m\u00ecnh m\u1ed9t ma\u0300u s\u0103\u0301c y\u00eau thi\u0301ch.<\/p>\n","protected":false},"excerpt":{"rendered":"<p>H\u00c0NG CH\u00cdNH H\u00c3NG BUTTERFLY S\u1ea2N XU\u1ea4T T\u1ea0I NH\u1eacT B\u1ea2N &#8211; MADE IN JAPAN Thi\u00ea\u0301t k\u00ea\u0301:\u00a0\u00c1o thun (unisex) M\u00e0u s\u1eafc:\u00a0Xanh d\u01b0\u01a1ng, \u0110en, H\u00f4\u0300ng Ch\u1ea5t li\u1ec7u:\u00a0100% Polyester\/ Waffle (Selen), Soarion Y. Xu\u1ea5t x\u1ee9:\u00a0Nh\u1eadt B\u1ea3n Ch\u1ea5t li\u1ec7u Waffle (Selen) s\u01a1\u0309 h\u01b0\u0303u kh\u1ea3 n\u0103ng th\u1ea5m h\u00fat t\u1ed1t v\u00e0 gi\u00fap b\u1ea1n c\u1ea3m th\u1ea5y m\u00e1t m\u1ebb v\u00e0 tho\u1ea3i m\u00e1i\u00a0 trong su\u1ed1t [&hellip;]<\/p>\n","protected":false},"featured_media":3016,"comment_status":"open","ping_status":"closed","template":"","meta":{"_eb_attr":""},"product_cat":[34],"product_tag":[],"class_list":["post-3012","product","type-product","status-publish","has-post-thumbnail","hentry","product_cat-quan-ao"],"_links":{"self":[{"href":"https:\/\/www.phivutabletennis.com\/index.php\/wp-json\/wp\/v2\/product\/3012","targetHints":{"allow":["GET"]}}],"collection":[{"href":"https:\/\/www.phivutabletennis.com\/index.php\/wp-json\/wp\/v2\/product"}],"about":[{"href":"https:\/\/www.phivutabletennis.com\/index.php\/wp-json\/wp\/v2\/types\/product"}],"replies":[{"embeddable":true,"href":"https:\/\/www.phivutabletennis.com\/index.php\/wp-json\/wp\/v2\/comments?post=3012"}],"wp:featuredmedia":[{"embeddable":true,"href":"https:\/\/www.phivutabletennis.com\/index.php\/wp-json\/wp\/v2\/media\/3016"}],"wp:attachment":[{"href":"https:\/\/www.phivutabletennis.com\/index.php\/wp-json\/wp\/v2\/media?parent=3012"}],"wp:term":[{"taxonomy":"product_cat","embeddable":true,"href":"https:\/\/www.phivutabletennis.com\/index.php\/wp-json\/wp\/v2\/product_cat?post=3012"},{"taxonomy":"product_tag","embeddable":true,"href":"https:\/\/www.phivutabletennis.com\/index.php\/wp-json\/wp\/v2\/product_tag?post=3012"}],"curies":[{"name":"wp","href":"https:\/\/api.w.org\/{rel}","templated":true}]}}