{"id":3206,"date":"2023-07-05T20:13:46","date_gmt":"2023-07-05T13:13:46","guid":{"rendered":"https:\/\/www.phivutabletennis.com\/?post_type=product&#038;p=3206"},"modified":"2023-07-05T20:13:46","modified_gmt":"2023-07-05T13:13:46","slug":"ease-carbon","status":"publish","type":"product","link":"https:\/\/www.phivutabletennis.com\/index.php\/product\/ease-carbon\/","title":{"rendered":"EASE CARBON"},"content":{"rendered":"<p><strong>C\u1ed0T V\u1ee2T\u00a0EASE CARBON<\/strong><\/p>\n<p>C\u1ed1t v\u1ee3t\u00a0<strong>EASE CARBON\u00a0<\/strong>d\u00e0nh cho ng\u01b0\u1eddi m\u1edbi b\u1eaft \u0111\u1ea7u tr\u1ea3i nghi\u1ec7m c\u1ed1t v\u1ee3t c\u00f3 s\u1ee3i.<\/p>\n<p>C\u1ed1t v\u1ee3t\u00a0<strong>EASE CARBON\u00a0<\/strong>\u2013 \u0111\u01b0\u1ee3c thi\u1ebft k\u1ebf v\u1edbi l\u1edbp carbon UD m\u1ecfng, nh\u1eb9 n\u1eb1m g\u1ea7n l\u1edbp g\u1ed7 ngo\u00e0i, mang \u0111\u1ebfn hi\u1ec7u su\u1ea5t t\u1ed1c \u0111\u1ed9 cao v\u1edbi m\u1ee9c gi\u00e1 c\u1ea1nh tranh.<br \/>\nS\u1ef1 l\u1ef1a ch\u1ecdn t\u1ed1i \u01b0u d\u00e0nh cho ng\u01b0\u1eddi ch\u01a1i mu\u1ed1n tr\u1ea3i nghi\u1ec7m c\u1ed1t v\u1ee3t s\u1ee3i Carbon v\u1edbi chi ph\u00ed th\u1ea5p.<\/p>\n<table border=\"0\" cellspacing=\"1\" cellpadding=\"1\">\n<tbody>\n<tr>\n<td><span style=\"color: #333333;\">C\u1ea5u t\u1ea1o<\/span><\/td>\n<td><span style=\"color: #333333;\">:\u00a0<\/span>5 l\u1edbp g\u1ed7 + 2 l\u1edbp UD carbon g\u1ea7n l\u1edbp g\u1ed7 ngo\u00e0i<\/td>\n<\/tr>\n<tr>\n<td><span style=\"color: #333333;\">L\u1ef1c \u0111\u1ea9y<\/span><\/td>\n<td><span style=\"color: #333333;\">:\u00a0Trung b\u00ecnh nhanh<\/span><\/td>\n<\/tr>\n<tr>\n<td><span style=\"color: #333333;\">\u0110\u1ed9 rung<\/span><\/td>\n<td><span style=\"color: #333333;\">:\u00a0C\u1ee9ng<\/span><\/td>\n<\/tr>\n<tr>\n<td><span style=\"color: #333333;\">\u0110\u1ed9 d\u00e0y<\/span><\/td>\n<td><span style=\"color: #333333;\">:\u00a0\u00a05.9mm<\/span><\/td>\n<\/tr>\n<tr>\n<td><span style=\"color: #333333;\">B\u1ea3ng v\u1ee3t<\/span><\/td>\n<td><span style=\"color: #333333;\">:\u00a0157 x 150mm<\/span><\/td>\n<\/tr>\n<tr>\n<td><span style=\"color: #333333;\">Tr\u1ecdng l\u01b0\u1ee3ng<\/span><\/td>\n<td>: \u00b1 85gr<\/td>\n<\/tr>\n<\/tbody>\n<\/table>\n<p><strong>S\u1ea3n xu\u1ea5t t\u1ea1i Trung Qu\u1ed1c \u2013 MADE IN CHINA<\/strong><br \/>\n<strong>Theo th\u00f4ng s\u1ed1 chu\u1ea9n c\u1ee7a h\u00e3ng Nittaku<\/strong><br \/>\n<strong>H\u00e0ng ch\u00ednh h\u00e3ng b\u1ea3o h\u00e0nh 1 th\u00e1ng<\/strong><\/p>\n","protected":false},"excerpt":{"rendered":"<p>C\u1ed0T V\u1ee2T\u00a0EASE CARBON C\u1ed1t v\u1ee3t\u00a0EASE CARBON\u00a0d\u00e0nh cho ng\u01b0\u1eddi m\u1edbi b\u1eaft \u0111\u1ea7u tr\u1ea3i nghi\u1ec7m c\u1ed1t v\u1ee3t c\u00f3 s\u1ee3i. C\u1ed1t v\u1ee3t\u00a0EASE CARBON\u00a0\u2013 \u0111\u01b0\u1ee3c thi\u1ebft k\u1ebf v\u1edbi l\u1edbp carbon UD m\u1ecfng, nh\u1eb9 n\u1eb1m g\u1ea7n l\u1edbp g\u1ed7 ngo\u00e0i, mang \u0111\u1ebfn hi\u1ec7u su\u1ea5t t\u1ed1c \u0111\u1ed9 cao v\u1edbi m\u1ee9c gi\u00e1 c\u1ea1nh tranh. S\u1ef1 l\u1ef1a ch\u1ecdn t\u1ed1i \u01b0u d\u00e0nh cho ng\u01b0\u1eddi ch\u01a1i [&hellip;]<\/p>\n","protected":false},"featured_media":3207,"comment_status":"open","ping_status":"closed","template":"","meta":{"_eb_attr":""},"product_cat":[142,26],"product_tag":[],"class_list":["post-3206","product","type-product","status-publish","has-post-thumbnail","hentry","product_cat-cot-vot-nittaku","product_cat-cot-vot"],"_links":{"self":[{"href":"https:\/\/www.phivutabletennis.com\/index.php\/wp-json\/wp\/v2\/product\/3206","targetHints":{"allow":["GET"]}}],"collection":[{"href":"https:\/\/www.phivutabletennis.com\/index.php\/wp-json\/wp\/v2\/product"}],"about":[{"href":"https:\/\/www.phivutabletennis.com\/index.php\/wp-json\/wp\/v2\/types\/product"}],"replies":[{"embeddable":true,"href":"https:\/\/www.phivutabletennis.com\/index.php\/wp-json\/wp\/v2\/comments?post=3206"}],"wp:featuredmedia":[{"embeddable":true,"href":"https:\/\/www.phivutabletennis.com\/index.php\/wp-json\/wp\/v2\/media\/3207"}],"wp:attachment":[{"href":"https:\/\/www.phivutabletennis.com\/index.php\/wp-json\/wp\/v2\/media?parent=3206"}],"wp:term":[{"taxonomy":"product_cat","embeddable":true,"href":"https:\/\/www.phivutabletennis.com\/index.php\/wp-json\/wp\/v2\/product_cat?post=3206"},{"taxonomy":"product_tag","embeddable":true,"href":"https:\/\/www.phivutabletennis.com\/index.php\/wp-json\/wp\/v2\/product_tag?post=3206"}],"curies":[{"name":"wp","href":"https:\/\/api.w.org\/{rel}","templated":true}]}}