{"id":3214,"date":"2023-07-05T20:17:18","date_gmt":"2023-07-05T13:17:18","guid":{"rendered":"https:\/\/www.phivutabletennis.com\/?post_type=product&#038;p=3214"},"modified":"2023-07-05T20:17:18","modified_gmt":"2023-07-05T13:17:18","slug":"hino-blade-5-22","status":"publish","type":"product","link":"https:\/\/www.phivutabletennis.com\/index.php\/product\/hino-blade-5-22\/","title":{"rendered":"HINO BLADE 5.22"},"content":{"rendered":"<p><strong>C\u1ed1t v\u1ee3t HINO BLADE 5.22<\/strong><br \/>\n<strong>S\u1ea3n xu\u1ea5t t\u1ea1i Nh\u1eadt B\u1ea3n\u00a0<\/strong><\/p>\n<p>Nittaku Hino Blade 5.22 \u01b0u \u0111i\u1ec3m t\u1ea5n c\u00f4ng nhanh, m\u1ed9t trong nh\u1eefng d\u00f2ng c\u1ed1t v\u1ee3t c\u00f3 t\u1ed1c \u0111\u1ed9 nhanh\u00a0 c\u1ee7a h\u00e3ng Nittaku, linh ho\u1ea1t h\u01a1n v\u00e0 tuy\u1ec7t v\u1eddi cho c\u00e1c pha b\u00f3ng t\u1ea5n c\u00f4ng li\u00ean t\u1ee5c.<\/p>\n<p>Thi\u1ebft k\u1ebf c\u1ea5u t\u1ea1o 5 l\u1edbp g\u1ed7 Kiso Hinoki c\u00f3 tu\u1ed5i th\u1ecd trung b\u00ecnh 300 n\u0103m tu\u1ed5i, \u0111\u00e2y l\u00e0 lo\u1ea1i g\u1ed7 \u0111\u01b0\u1ee3c s\u1eed d\u1ee5ng \u0111\u1ec3 x\u00e2y d\u1ef1ng c\u00e1c cung \u0111i\u1ec7n truy\u1ec1n th\u1ed1ng c\u1ee7a Nh\u1eadt B\u1ea3n, n\u1ed5i ti\u1ebfng \u0111\u00e0n h\u1ed3i t\u1ed1t, ch\u1eafc ch\u1eafn, k\u1ebft h\u1ee3p \u0111\u1eb7c t\u00ednh nh\u1eb9 n\u00ean kh\u00f4ng t\u1ea1o c\u1ea3m gi\u00e1c n\u1eb7ng cho ng\u01b0\u1eddi s\u1eed d\u1ee5ng. \u0110\u1eb7c bi\u1ec7t k\u1ebft h\u1ee3p c\u00f9ng v\u1edbi 4 l\u1edbp s\u1ee3i carbon m\u1ecfng n\u1eb1m r\u1ea5t g\u1ea7n c\u00e1c l\u1edbp g\u1ed7 Hinoki ngo\u00e0i c\u00f9ng, mang \u0111\u1ebfn hi\u1ec7u su\u1ea5t tuy\u1ec7t v\u1eddi cho ng\u01b0\u1eddi ch\u01a1i mu\u1ed1n s\u1edf h\u1eefu m\u1ed9t c\u1ed1t v\u1ee3t s\u1ee3i carbon, c\u1ea3m gi\u00e1c m\u1ec1m v\u00e0 kh\u00f4ng qu\u00e1 c\u1ee9ng.<br \/>\nPh\u1ea7n \u0111u\u00f4i c\u00e1n \u0111\u01b0\u1ee3c kh\u1eafc lazer \u0111\u1eb7c tr\u01b0ng thay v\u00ec thi\u1ebft k\u1ebf logo in.<\/p>\n<table border=\"0\" cellspacing=\"1\" cellpadding=\"1\">\n<tbody>\n<tr>\n<td>C\u1ea5u t\u1ea1o<\/td>\n<td>: 5 l\u1edbp g\u1ed7 Kiso Hinoki + 4 l\u1edbp Carbon<\/td>\n<\/tr>\n<tr>\n<td>T\u1ed1c \u0111\u1ed9<\/td>\n<td>: Nhanh<\/td>\n<\/tr>\n<tr>\n<td>C\u1ea3m gi\u00e1c<\/td>\n<td>: M\u1ec1m<\/td>\n<\/tr>\n<tr>\n<td>\u0110\u1ed9 d\u00e0y<\/td>\n<td>: 5.9 mm<\/td>\n<\/tr>\n<tr>\n<td>B\u1ea3ng v\u1ee3t<\/td>\n<td>: 157 x 150mm<\/td>\n<\/tr>\n<tr>\n<td>Tr\u1ecdng l\u01b0\u1ee3ng<\/td>\n<td>: \u00b1 88gr<\/td>\n<\/tr>\n<\/tbody>\n<\/table>\n<p><strong>Theo th\u00f4ng s\u1ed1 chu\u1ea9n c\u1ee7a h\u00e3ng Nittaku<\/strong><br \/>\n<strong>H\u00e0ng ch\u00ednh h\u00e3ng b\u1ea3o h\u00e0nh 1 th\u00e1ng<\/strong><\/p>\n","protected":false},"excerpt":{"rendered":"<p>C\u1ed1t v\u1ee3t HINO BLADE 5.22 S\u1ea3n xu\u1ea5t t\u1ea1i Nh\u1eadt B\u1ea3n\u00a0 Nittaku Hino Blade 5.22 \u01b0u \u0111i\u1ec3m t\u1ea5n c\u00f4ng nhanh, m\u1ed9t trong nh\u1eefng d\u00f2ng c\u1ed1t v\u1ee3t c\u00f3 t\u1ed1c \u0111\u1ed9 nhanh\u00a0 c\u1ee7a h\u00e3ng Nittaku, linh ho\u1ea1t h\u01a1n v\u00e0 tuy\u1ec7t v\u1eddi cho c\u00e1c pha b\u00f3ng t\u1ea5n c\u00f4ng li\u00ean t\u1ee5c. Thi\u1ebft k\u1ebf c\u1ea5u t\u1ea1o 5 l\u1edbp g\u1ed7 Kiso Hinoki [&hellip;]<\/p>\n","protected":false},"featured_media":3215,"comment_status":"open","ping_status":"closed","template":"","meta":{"_eb_attr":""},"product_cat":[142,26],"product_tag":[],"class_list":["post-3214","product","type-product","status-publish","has-post-thumbnail","hentry","product_cat-cot-vot-nittaku","product_cat-cot-vot"],"_links":{"self":[{"href":"https:\/\/www.phivutabletennis.com\/index.php\/wp-json\/wp\/v2\/product\/3214","targetHints":{"allow":["GET"]}}],"collection":[{"href":"https:\/\/www.phivutabletennis.com\/index.php\/wp-json\/wp\/v2\/product"}],"about":[{"href":"https:\/\/www.phivutabletennis.com\/index.php\/wp-json\/wp\/v2\/types\/product"}],"replies":[{"embeddable":true,"href":"https:\/\/www.phivutabletennis.com\/index.php\/wp-json\/wp\/v2\/comments?post=3214"}],"wp:featuredmedia":[{"embeddable":true,"href":"https:\/\/www.phivutabletennis.com\/index.php\/wp-json\/wp\/v2\/media\/3215"}],"wp:attachment":[{"href":"https:\/\/www.phivutabletennis.com\/index.php\/wp-json\/wp\/v2\/media?parent=3214"}],"wp:term":[{"taxonomy":"product_cat","embeddable":true,"href":"https:\/\/www.phivutabletennis.com\/index.php\/wp-json\/wp\/v2\/product_cat?post=3214"},{"taxonomy":"product_tag","embeddable":true,"href":"https:\/\/www.phivutabletennis.com\/index.php\/wp-json\/wp\/v2\/product_tag?post=3214"}],"curies":[{"name":"wp","href":"https:\/\/api.w.org\/{rel}","templated":true}]}}