{"id":3218,"date":"2023-07-05T20:18:56","date_gmt":"2023-07-05T13:18:56","guid":{"rendered":"https:\/\/www.phivutabletennis.com\/?post_type=product&#038;p=3218"},"modified":"2023-07-05T20:18:56","modified_gmt":"2023-07-05T13:18:56","slug":"acoustic-carbon-inner","status":"publish","type":"product","link":"https:\/\/www.phivutabletennis.com\/index.php\/product\/acoustic-carbon-inner\/","title":{"rendered":"ACOUSTIC CARBON INNER"},"content":{"rendered":"<p><strong>H\u00c0NG CH\u00cdNH H\u00c3NG NITTAKU S\u1ea2N XU\u1ea4T T\u1ea0I NH\u1eacT B\u1ea2N- MADE IN JAPAN<\/strong><\/p>\n<p>D\u1ef1a tr\u00ean c\u1ed1t v\u1ee3t Acoustic phi\u00ean b\u1ea3n c\u0169, \u0111\u1ed3ng th\u1eddi\u00a0k\u1ebft h\u1ee3p th\u00eam\u00a02 l\u1edbp s\u1ee3i FE Carbon n\u1eb1m g\u1ea7n l\u1edbp g\u1ed7 trung t\u00e2m,\u00a0c\u00f3 \u0111\u1ed9 \u0111\u00e0n h\u1ed3i cao, \u1ed5n \u0111\u1ecbnh gi\u00fap c\u1ed1t v\u1ee3t Acoustic Carbon Inner h\u1ed9i t\u1ee5 \u0111\u01b0\u1ee3c \u01b0u \u0111i\u1ec3m c\u00e2n b\u1eb1ng gi\u1eefa l\u1ef1c v\u00e0 xo\u00e1y.<\/p>\n<p>Ng\u01b0\u1eddi ch\u01a1i d\u1ec5 d\u00e0ng ph\u00e1t l\u1ef1c \u1edf c\u1ef1 ly trung nh\u01b0ng v\u1eabn \u0111\u1ea3m b\u1ea3o \u0111\u1ed9 \u1ed5n \u0111\u1ecbnh v\u00e0 an to\u00e0n cao.<\/p>\n<p>Th\u00edch h\u1ee3p v\u1edbi l\u1ed1i \u0111\u00e1nh c\u1ef1 ly trung v\u00e0 g\u1ea7n b\u00e0n.<\/p>\n<p>Th\u00edch h\u1ee3p v\u1edbi b\u00f3ng plastic 40+<\/p>\n<ul>\n<li>C\u1ea5u t\u1ea1o : 5 l\u1edbp g\u1ed7 + 2 l\u1edbp FE Carbon g\u1ea7n l\u1edbp g\u1ed7 trung t\u00e2m<\/li>\n<li>T\u1ed1c \u0111\u1ed9 : Trung b\u00ecnh nhanh<\/li>\n<li>C\u1ea3m gi\u00e1c: C\u1ee9ng<\/li>\n<li>\u0110\u1ed9 d\u1ea7y: 5.5 mm<\/li>\n<li>B\u1ea3ng v\u1ee3t: 157 x 150 mm<\/li>\n<li>Tr\u1ecdng l\u01b0\u1ee3ng: \u00b1 90 g<\/li>\n<\/ul>\n<p>H\u00e0ng ch\u00ednh h\u00e3ng b\u1ea3o h\u00e0nh 1 th\u00e1ng<\/p>\n<p><strong>Theo th\u00f4ng s\u1ed1 chu\u1ea9n c\u1ee7a h\u00e3ng Nittaku<\/strong><\/p>\n<p>&nbsp;<\/p>\n<p><img decoding=\"async\" src=\"https:\/\/bongban.asia\/image\/data\/bang%20so%20sanh%20acoutic.jpg\" alt=\"\" \/><\/p>\n","protected":false},"excerpt":{"rendered":"<p>H\u00c0NG CH\u00cdNH H\u00c3NG NITTAKU S\u1ea2N XU\u1ea4T T\u1ea0I NH\u1eacT B\u1ea2N- MADE IN JAPAN D\u1ef1a tr\u00ean c\u1ed1t v\u1ee3t Acoustic phi\u00ean b\u1ea3n c\u0169, \u0111\u1ed3ng th\u1eddi\u00a0k\u1ebft h\u1ee3p th\u00eam\u00a02 l\u1edbp s\u1ee3i FE Carbon n\u1eb1m g\u1ea7n l\u1edbp g\u1ed7 trung t\u00e2m,\u00a0c\u00f3 \u0111\u1ed9 \u0111\u00e0n h\u1ed3i cao, \u1ed5n \u0111\u1ecbnh gi\u00fap c\u1ed1t v\u1ee3t Acoustic Carbon Inner h\u1ed9i t\u1ee5 \u0111\u01b0\u1ee3c \u01b0u \u0111i\u1ec3m c\u00e2n b\u1eb1ng gi\u1eefa l\u1ef1c [&hellip;]<\/p>\n","protected":false},"featured_media":3219,"comment_status":"open","ping_status":"closed","template":"","meta":{"_eb_attr":""},"product_cat":[142,26],"product_tag":[],"class_list":["post-3218","product","type-product","status-publish","has-post-thumbnail","hentry","product_cat-cot-vot-nittaku","product_cat-cot-vot"],"_links":{"self":[{"href":"https:\/\/www.phivutabletennis.com\/index.php\/wp-json\/wp\/v2\/product\/3218","targetHints":{"allow":["GET"]}}],"collection":[{"href":"https:\/\/www.phivutabletennis.com\/index.php\/wp-json\/wp\/v2\/product"}],"about":[{"href":"https:\/\/www.phivutabletennis.com\/index.php\/wp-json\/wp\/v2\/types\/product"}],"replies":[{"embeddable":true,"href":"https:\/\/www.phivutabletennis.com\/index.php\/wp-json\/wp\/v2\/comments?post=3218"}],"wp:featuredmedia":[{"embeddable":true,"href":"https:\/\/www.phivutabletennis.com\/index.php\/wp-json\/wp\/v2\/media\/3219"}],"wp:attachment":[{"href":"https:\/\/www.phivutabletennis.com\/index.php\/wp-json\/wp\/v2\/media?parent=3218"}],"wp:term":[{"taxonomy":"product_cat","embeddable":true,"href":"https:\/\/www.phivutabletennis.com\/index.php\/wp-json\/wp\/v2\/product_cat?post=3218"},{"taxonomy":"product_tag","embeddable":true,"href":"https:\/\/www.phivutabletennis.com\/index.php\/wp-json\/wp\/v2\/product_tag?post=3218"}],"curies":[{"name":"wp","href":"https:\/\/api.w.org\/{rel}","templated":true}]}}