{"id":3249,"date":"2023-07-05T20:31:31","date_gmt":"2023-07-05T13:31:31","guid":{"rendered":"https:\/\/www.phivutabletennis.com\/?post_type=product&#038;p=3249"},"modified":"2023-07-05T20:31:31","modified_gmt":"2023-07-05T13:31:31","slug":"malong-7","status":"publish","type":"product","link":"https:\/\/www.phivutabletennis.com\/index.php\/product\/malong-7\/","title":{"rendered":"MALONG 7"},"content":{"rendered":"<p><strong>H\u00c0NG CH\u00cdNH H\u00c3NG NITTAKU H\u1ee2P T\u00c1C DHS S\u1ea2N XU\u1ea4T T\u1ea0I TRUNG QU\u1ed0C- MADE IN CHINA<\/strong><\/p>\n<p>C\u1ed1t v\u1ee3t s\u1ea3n xu\u1ea5t d\u1ef1a tr\u00ean kinh nghi\u1ec7m thi \u0111\u1ea5u v\u00e0 \u00fd ki\u1ebfn c\u1ee7a V\u0110V Malong.<\/p>\n<p>C\u1ed1t v\u1ee3t Malong 7, s\u1ee9c m\u1ea1nh 7 l\u1edbp g\u1ed7 v\u1edbi thi\u1ebft k\u1ebf c\u00e1n \u00f4m ph\u1ea7n \u0111\u1ea7u v\u00e0 to ph\u1ea7n ph\u1ea7n \u0111u\u00f4i c\u00e1n, gi\u00fap ng\u01b0\u1eddi ch\u01a1i c\u00f3 th\u1ec3 gi\u1eadt \u0111\u1ed1i kh\u00e1ng ph\u1ea3i tr\u00e1i, b\u1ea1t b\u00f3ng t\u1ed1c \u0111\u1ed9 cao v\u00e0 \u1ed5n \u0111\u1ecbnh \u1edf c\u1ef1 ly trung.<\/p>\n<ul>\n<li>C\u1ea5u t\u1ea1o\u00a0\u00a0\u00a0\u00a0\u00a0\u00a0\u00a0 : 7 l\u1edbp g\u1ed7<\/li>\n<li>T\u1ed1c \u0111\u1ed9\u00a0\u00a0\u00a0\u00a0\u00a0\u00a0\u00a0\u00a0 : Trung b\u00ecnh\u00a0nhanh<\/li>\n<li>C\u1ea3m gi\u00e1c\u00a0\u00a0\u00a0\u00a0 : Trung b\u00ecnh<\/li>\n<li>\u0110\u1ed9 d\u00e0y\u00a0\u00a0\u00a0\u00a0\u00a0\u00a0\u00a0\u00a0 : 6.3 mm<\/li>\n<li>B\u1ea3ng v\u1ee3t\u00a0\u00a0\u00a0\u00a0\u00a0 :161 x 152mm<\/li>\n<li>Tr\u1ecdng l\u01b0\u1ee3ng :\u00b190gr<\/li>\n<\/ul>\n<p>H\u00e0ng ch\u00ednh h\u00e3ng b\u1ea3o h\u00e0nh 1 th\u00e1ng<\/p>\n<p><strong>Theo th\u00f4ng s\u1ed1 chu\u1ea9n c\u1ee7a h\u00e3ng Nittaku\u00a0<\/strong><\/p>\n<p>&nbsp;<\/p>\n<p>&nbsp;<\/p>\n<p><img decoding=\"async\" src=\"https:\/\/bongban.asia\/image\/data\/287.jpg\" alt=\"\" \/><\/p>\n","protected":false},"excerpt":{"rendered":"<p>H\u00c0NG CH\u00cdNH H\u00c3NG NITTAKU H\u1ee2P T\u00c1C DHS S\u1ea2N XU\u1ea4T T\u1ea0I TRUNG QU\u1ed0C- MADE IN CHINA C\u1ed1t v\u1ee3t s\u1ea3n xu\u1ea5t d\u1ef1a tr\u00ean kinh nghi\u1ec7m thi \u0111\u1ea5u v\u00e0 \u00fd ki\u1ebfn c\u1ee7a V\u0110V Malong. C\u1ed1t v\u1ee3t Malong 7, s\u1ee9c m\u1ea1nh 7 l\u1edbp g\u1ed7 v\u1edbi thi\u1ebft k\u1ebf c\u00e1n \u00f4m ph\u1ea7n \u0111\u1ea7u v\u00e0 to ph\u1ea7n ph\u1ea7n \u0111u\u00f4i c\u00e1n, gi\u00fap ng\u01b0\u1eddi [&hellip;]<\/p>\n","protected":false},"featured_media":3250,"comment_status":"open","ping_status":"closed","template":"","meta":{"_eb_attr":""},"product_cat":[142,26],"product_tag":[],"class_list":["post-3249","product","type-product","status-publish","has-post-thumbnail","hentry","product_cat-cot-vot-nittaku","product_cat-cot-vot"],"_links":{"self":[{"href":"https:\/\/www.phivutabletennis.com\/index.php\/wp-json\/wp\/v2\/product\/3249","targetHints":{"allow":["GET"]}}],"collection":[{"href":"https:\/\/www.phivutabletennis.com\/index.php\/wp-json\/wp\/v2\/product"}],"about":[{"href":"https:\/\/www.phivutabletennis.com\/index.php\/wp-json\/wp\/v2\/types\/product"}],"replies":[{"embeddable":true,"href":"https:\/\/www.phivutabletennis.com\/index.php\/wp-json\/wp\/v2\/comments?post=3249"}],"wp:featuredmedia":[{"embeddable":true,"href":"https:\/\/www.phivutabletennis.com\/index.php\/wp-json\/wp\/v2\/media\/3250"}],"wp:attachment":[{"href":"https:\/\/www.phivutabletennis.com\/index.php\/wp-json\/wp\/v2\/media?parent=3249"}],"wp:term":[{"taxonomy":"product_cat","embeddable":true,"href":"https:\/\/www.phivutabletennis.com\/index.php\/wp-json\/wp\/v2\/product_cat?post=3249"},{"taxonomy":"product_tag","embeddable":true,"href":"https:\/\/www.phivutabletennis.com\/index.php\/wp-json\/wp\/v2\/product_tag?post=3249"}],"curies":[{"name":"wp","href":"https:\/\/api.w.org\/{rel}","templated":true}]}}