{"id":3255,"date":"2023-07-05T20:33:56","date_gmt":"2023-07-05T13:33:56","guid":{"rendered":"https:\/\/www.phivutabletennis.com\/?post_type=product&#038;p=3255"},"modified":"2023-07-05T20:33:56","modified_gmt":"2023-07-05T13:33:56","slug":"barwell-fleet","status":"publish","type":"product","link":"https:\/\/www.phivutabletennis.com\/index.php\/product\/barwell-fleet\/","title":{"rendered":"BARWELL FLEET"},"content":{"rendered":"<p><strong>H\u00c0NG CH\u00cdNH H\u00c3NG NITTAKU S\u1ea2N XU\u1ea4T T\u1ea0I NH\u1eacT B\u1ea2N- MADE IN JAPAN<\/strong><\/p>\n<p>V\u1edbi 2 l\u1edbp ngo\u00e0i c\u00f9ng l\u00e0 g\u1ed7 Walnut \u00a0r\u1ea5t hi\u1ebfm, g\u1ed7 c\u00f3 v\u00e2n r\u1ea5t \u0111\u1eb9p, c\u1ee9ng, kh\u00f4ng b\u1ecb t\u01b0\u1edbc g\u1ed7. \u0110\u1ed9 c\u1ee9ng c\u1ee7a Walnut c\u1ee9ng h\u01a1n Limba nh\u01b0ng l\u1ea1i b\u00e1m xo\u00e1y h\u01a1n Limba,\u00a0l\u00e0m n\u00ean s\u1ef1 \u0111\u1eb7c tr\u01b0ng c\u1ee7a d\u00f2ng s\u1ea3n ph\u1ea9m cao c\u1ea5p n\u00e0y. T\u1ed1c \u0111\u1ed9 cao nh\u01b0ng \u0111\u1ed9 ki\u1ec3m so\u00e1t t\u1ed1t v\u00e0 kh\u1ea3 n\u0103ng c\u1ed9ng h\u01b0\u1edfng v\u1edbi m\u1eb7t v\u1ee3t cho n\u00ean \u0111\u1ed9 b\u00e1m xo\u00e1y cao.<\/p>\n<p>B\u00ean c\u1ea1nh \u0111\u00f3 2 l\u1ee3p GlassFiber n\u1eb1m ngay d\u01b0\u1edbi b\u1ec1 m\u1eb7t l\u1edbp g\u1ed7 ngo\u00e0i c\u0169ng t\u1ea1o n\u00ean nh\u1eefng hi\u1ec7u \u1ee9ng th\u00fa v\u1ecb cho ng\u01b0\u1eddi s\u1eed d\u1ee5ng n\u00f3.<\/p>\n<p>C\u1ed1t v\u1ee3t \u0111\u01b0\u1ee3c thi\u1ebft k\u1ebf v\u1edbi \u0111\u1ed9 th\u1ea9m m\u1ef9 v\u00e0 k\u1ef9 thu\u1eadt cao, \u0111\u1eb3ng c\u1ea5p ng\u01b0\u1eddi ch\u01a1i b\u00f3ng \u0111\u01b0\u1ee3c n\u00e2ng t\u1ea7m khi s\u1edf h\u1eefu d\u00f2ng Barwell Fleet danh ti\u1ebfng.<\/p>\n<ul>\n<li>C\u1ea5u t\u1ea1o : 7 l\u1edbp g\u1ed7 + 2 l\u1edbp glassfiber<\/li>\n<li>T\u1ed1c \u0111\u1ed9 : Trung b\u00ecnh nhanh<\/li>\n<li>\u0110\u1ed9 d\u1ea7y : 6.1 mm<\/li>\n<li>Tr\u1ecdng l\u01b0\u1ee3ng: 88 gr \u00b1<\/li>\n<\/ul>\n<p>H\u00e0ng ch\u00ednh h\u00e3ng b\u1ea3o h\u00e0nh 1 th\u00e1ng<\/p>\n<p><strong>Theo th\u00f4ng s\u1ed1 chu\u1ea9n c\u1ee7a h\u00e3ng Nittaku<\/strong><\/p>\n<p><strong>\u200bH\u00c0NG CH\u00cdNH H\u00c3NG GI\u00c1 TR\u1eca \u0110\u00cdCH TH\u1ef0C<\/strong><\/p>\n<p>&nbsp;<\/p>\n<p><img decoding=\"async\" src=\"https:\/\/bongban.asia\/image\/data\/NITTAKU\/cot-vot-thang\/2\/barwell%20fleet%20hinh%20quang%20cao.jpg\" alt=\"alt\" \/><\/p>\n","protected":false},"excerpt":{"rendered":"<p>H\u00c0NG CH\u00cdNH H\u00c3NG NITTAKU S\u1ea2N XU\u1ea4T T\u1ea0I NH\u1eacT B\u1ea2N- MADE IN JAPAN V\u1edbi 2 l\u1edbp ngo\u00e0i c\u00f9ng l\u00e0 g\u1ed7 Walnut \u00a0r\u1ea5t hi\u1ebfm, g\u1ed7 c\u00f3 v\u00e2n r\u1ea5t \u0111\u1eb9p, c\u1ee9ng, kh\u00f4ng b\u1ecb t\u01b0\u1edbc g\u1ed7. \u0110\u1ed9 c\u1ee9ng c\u1ee7a Walnut c\u1ee9ng h\u01a1n Limba nh\u01b0ng l\u1ea1i b\u00e1m xo\u00e1y h\u01a1n Limba,\u00a0l\u00e0m n\u00ean s\u1ef1 \u0111\u1eb7c tr\u01b0ng c\u1ee7a d\u00f2ng s\u1ea3n ph\u1ea9m cao c\u1ea5p [&hellip;]<\/p>\n","protected":false},"featured_media":3256,"comment_status":"open","ping_status":"closed","template":"","meta":{"_eb_attr":""},"product_cat":[142,26],"product_tag":[],"class_list":["post-3255","product","type-product","status-publish","has-post-thumbnail","hentry","product_cat-cot-vot-nittaku","product_cat-cot-vot"],"_links":{"self":[{"href":"https:\/\/www.phivutabletennis.com\/index.php\/wp-json\/wp\/v2\/product\/3255","targetHints":{"allow":["GET"]}}],"collection":[{"href":"https:\/\/www.phivutabletennis.com\/index.php\/wp-json\/wp\/v2\/product"}],"about":[{"href":"https:\/\/www.phivutabletennis.com\/index.php\/wp-json\/wp\/v2\/types\/product"}],"replies":[{"embeddable":true,"href":"https:\/\/www.phivutabletennis.com\/index.php\/wp-json\/wp\/v2\/comments?post=3255"}],"wp:featuredmedia":[{"embeddable":true,"href":"https:\/\/www.phivutabletennis.com\/index.php\/wp-json\/wp\/v2\/media\/3256"}],"wp:attachment":[{"href":"https:\/\/www.phivutabletennis.com\/index.php\/wp-json\/wp\/v2\/media?parent=3255"}],"wp:term":[{"taxonomy":"product_cat","embeddable":true,"href":"https:\/\/www.phivutabletennis.com\/index.php\/wp-json\/wp\/v2\/product_cat?post=3255"},{"taxonomy":"product_tag","embeddable":true,"href":"https:\/\/www.phivutabletennis.com\/index.php\/wp-json\/wp\/v2\/product_tag?post=3255"}],"curies":[{"name":"wp","href":"https:\/\/api.w.org\/{rel}","templated":true}]}}