{"id":3298,"date":"2023-07-05T20:56:22","date_gmt":"2023-07-05T13:56:22","guid":{"rendered":"https:\/\/www.phivutabletennis.com\/?post_type=product&#038;p=3298"},"modified":"2023-07-05T20:56:23","modified_gmt":"2023-07-05T13:56:23","slug":"vo-nittaku-strale-socks-navy-nw2705","status":"publish","type":"product","link":"https:\/\/www.phivutabletennis.com\/index.php\/product\/vo-nittaku-strale-socks-navy-nw2705\/","title":{"rendered":"V\u01a0\u0301 NITTAKU STRALE SOCKS NAVY (NW2705)"},"content":{"rendered":"<ul>\n<li><strong>M\u00e0u s\u1eafc:\u00a0<\/strong>Xanh d\u01b0\u01a1ng, Xanh l\u00e1 nh\u1ea1t, \u0110en.<\/li>\n<li><strong>Ch\u1ea5t li\u1ec7u:\u00a0<\/strong>B\u00f4ng, acrylic, polyester, nylon, polyurethane<\/li>\n<li><strong>K\u00edch th\u01b0\u1edbc:<\/strong>\u00a0M (22.0~25.0); L (25.0~28.0)<\/li>\n<\/ul>\n<p><strong>\u01afu \u0111i\u00ea\u0309m:\u00a0<\/strong>Th\u00e2\u0301m hu\u0301t t\u00f4\u0301t, kha\u0301ng khu\u00e2\u0309n va\u0300 kh\u01b0\u0309 mu\u0300i va\u0300 ng\u0103n ch\u0103\u0323n s\u01b0\u0323 pha\u0301t tri\u00ea\u0309n vi khu\u00e2\u0309n, gi\u1ea3m ma s\u00e1t khi di chuy\u1ec3n, \u0111\u01b0\u1eddng may cao c\u1ea5p, \u0111\u1ed9 d\u00e0i\u00a0d\u01b0\u01a1\u0301i m\u0103\u0301t\u00a0c\u00e1 ch\u00e2n.<\/p>\n<p><strong>H\u00c0NG CH\u00cdNH H\u00c3NG NITTAKU\u00a0S\u1ea2N XU\u1ea4T T\u1ea0I NH\u00c2\u0323T BA\u0309N &#8211; MADE IN JAPAN<\/strong><\/p>\n","protected":false},"excerpt":{"rendered":"<p>M\u00e0u s\u1eafc:\u00a0Xanh d\u01b0\u01a1ng, Xanh l\u00e1 nh\u1ea1t, \u0110en. Ch\u1ea5t li\u1ec7u:\u00a0B\u00f4ng, acrylic, polyester, nylon, polyurethane K\u00edch th\u01b0\u1edbc:\u00a0M (22.0~25.0); L (25.0~28.0) \u01afu \u0111i\u00ea\u0309m:\u00a0Th\u00e2\u0301m hu\u0301t t\u00f4\u0301t, kha\u0301ng khu\u00e2\u0309n va\u0300 kh\u01b0\u0309 mu\u0300i va\u0300 ng\u0103n ch\u0103\u0323n s\u01b0\u0323 pha\u0301t tri\u00ea\u0309n vi khu\u00e2\u0309n, gi\u1ea3m ma s\u00e1t khi di chuy\u1ec3n, \u0111\u01b0\u1eddng may cao c\u1ea5p, \u0111\u1ed9 d\u00e0i\u00a0d\u01b0\u01a1\u0301i m\u0103\u0301t\u00a0c\u00e1 ch\u00e2n. H\u00c0NG CH\u00cdNH H\u00c3NG NITTAKU\u00a0S\u1ea2N XU\u1ea4T T\u1ea0I [&hellip;]<\/p>\n","protected":false},"featured_media":3293,"comment_status":"open","ping_status":"closed","template":"","meta":{"_eb_attr":""},"product_cat":[59,140],"product_tag":[],"class_list":["post-3298","product","type-product","status-publish","has-post-thumbnail","hentry","product_cat-giay-vo","product_cat-nittaku-giay-vo"],"_links":{"self":[{"href":"https:\/\/www.phivutabletennis.com\/index.php\/wp-json\/wp\/v2\/product\/3298","targetHints":{"allow":["GET"]}}],"collection":[{"href":"https:\/\/www.phivutabletennis.com\/index.php\/wp-json\/wp\/v2\/product"}],"about":[{"href":"https:\/\/www.phivutabletennis.com\/index.php\/wp-json\/wp\/v2\/types\/product"}],"replies":[{"embeddable":true,"href":"https:\/\/www.phivutabletennis.com\/index.php\/wp-json\/wp\/v2\/comments?post=3298"}],"wp:featuredmedia":[{"embeddable":true,"href":"https:\/\/www.phivutabletennis.com\/index.php\/wp-json\/wp\/v2\/media\/3293"}],"wp:attachment":[{"href":"https:\/\/www.phivutabletennis.com\/index.php\/wp-json\/wp\/v2\/media?parent=3298"}],"wp:term":[{"taxonomy":"product_cat","embeddable":true,"href":"https:\/\/www.phivutabletennis.com\/index.php\/wp-json\/wp\/v2\/product_cat?post=3298"},{"taxonomy":"product_tag","embeddable":true,"href":"https:\/\/www.phivutabletennis.com\/index.php\/wp-json\/wp\/v2\/product_tag?post=3298"}],"curies":[{"name":"wp","href":"https:\/\/api.w.org\/{rel}","templated":true}]}}