{"id":3347,"date":"2023-07-05T21:37:04","date_gmt":"2023-07-05T14:37:04","guid":{"rendered":"https:\/\/www.phivutabletennis.com\/?post_type=product&#038;p=3347"},"modified":"2023-07-05T21:37:04","modified_gmt":"2023-07-05T14:37:04","slug":"sieger-pk-50","status":"publish","type":"product","link":"https:\/\/www.phivutabletennis.com\/index.php\/product\/sieger-pk-50\/","title":{"rendered":"SIEGER PK 50"},"content":{"rendered":"<p><strong>M\u1eb6T V\u1ee2T\u00a0NITTAKU SIEGER<\/strong><br \/>\n<strong>S\u1ea3n xu\u1ea5t t\u1ea1i \u0110\u1ee9c<\/strong><\/p>\n<p><strong>SIEGER \u2013 ti\u1ebfng \u0110\u1ee9c c\u00f3 ngh\u0129a l\u00e0 \u201cNG\u01af\u1edcI CHI\u1ebeN TH\u1eaeNG\u201d<\/strong><\/p>\n<p><strong>SIEGER PK 50 \u2013\u00a0<\/strong>M\u1eb7t v\u1ee3t c\u00f3 \u0111\u01b0\u1eddng b\u00f3ng bay h\u00ecnh v\u00f2ng cung cao, gi\u00fap ng\u01b0\u1eddi ch\u01a1i t\u1ef1 tin h\u01a1n khi s\u1edf h\u1eefu.<br \/>\nD\u00f9 \u0111\u1ed9ng t\u00e1c b\u1ecb m\u1ea5t nh\u1ecbp hay ch\u1eadm nh\u1ecbp v\u1eabn c\u00f3 th\u1ec3 ph\u00e1t huy h\u1ebft s\u1ee9c m\u1ea1nh t\u1ea5n c\u00f4ng m\u1ed9t c\u00e1ch to\u00e0n di\u1ec7n v\u00e0 tri\u1ec7t \u0111\u1ec3.<\/p>\n<p>C\u00f4ng ngh\u1ec7 b\u1ecdt kh\u00ed t\u1ea1o \u0111\u1ed9 xo\u00e1y b\u00f3ng cao v\u1edbi b\u00ed quy\u1ebft:\u00a0 \u201c S ch\u1ea1m b\u00f3ng\u201d, \u201c Gi\u1eef b\u00f3ng\u201d v\u00e0 cu\u1ed1i c\u00f9ng l\u00e0 \u201c\u0110\u1ea9y b\u00f3ng \u0111i\u201d v\u1edbi m\u1eb7t l\u00f3t c\u00f4ng ngh\u1ec7 \u201cPK5\u201d.<\/p>\n<p>C\u00f3 th\u1ec3 n\u00f3i khi \u0111\u00f4i c\u00f4ng, 60% k\u1ebft qu\u1ea3 \u0111\u01b0\u1ee3c quy\u1ebft \u0111\u1ecbnh b\u1edfi tr\u00e1i \u0111\u00e1nh th\u1ee9 4, v\u00ec\u00a0k\u1ef9 n\u0103ng \u0111\u00e1nh b\u00f3ng l\u00e0 m\u1ed9t y\u00eau c\u1ea7u tuy\u1ec7t \u0111\u1ed1i quy\u1ebft \u0111\u1ecbnh s\u1ef1 th\u1eafng b\u1ea1i trong 1 v\u00e1n \u0111\u1ea5u.<br \/>\nB\u1ea1n s\u1ebd l\u00e0 ng\u01b0\u1eddi chi\u1ebfn th\u1eafng trong tr\u1eadn \u0111\u1ea5u nh\u1edd v\u0169 kh\u00ed \u00e1p \u0111\u1ea3o v\u01b0\u1ee3t tr\u1ed9i v\u1edbi k\u1ef9 thu\u1eadt c\u1eaft b\u00f3ng n\u1eb7ng, g\u00f2 b\u00f3ng, h\u1ea5t tr\u00e1i trong l\u1ed1i \u0111\u00e1nh t\u1ea5n c\u00f4ng m\u1ea1nh m\u1ebd.<\/p>\n<table border=\"0\" cellspacing=\"1\" cellpadding=\"1\">\n<tbody>\n<tr>\n<td>T\u1ed1c \u0111\u1ed9<\/td>\n<td>: 14.75<\/td>\n<td><\/td>\n<\/tr>\n<tr>\n<td>\u0110\u1ed9 xo\u00e1y<\/td>\n<td>: 12.75<\/td>\n<td><\/td>\n<\/tr>\n<tr>\n<td>\u0110\u1ed9 c\u1ee9ng<\/td>\n<td>: 40<\/td>\n<\/tr>\n<\/tbody>\n<\/table>\n<p><strong>Theo th\u00f4ng s\u1ed1 chu\u1ea9n c\u1ee7a h\u00e3ng Nittaku<\/strong><\/p>\n<p>D\u00e0nh chi\u1ebfn th\u1eafng t\u1eeb tr\u00e1i b\u00f3ng \u0111\u00e1nh th\u1ee9 4 !<\/p>\n<p>B\u1ea1n kh\u00f4ng t\u1ef1 tin v\u1edbi k\u1ef9 thu\u1eadt \u0111\u00e1nh b\u00f3ng \u00f4m b\u00e0n, giao b\u00f3ng, tr\u1ea3 b\u00f3ng, g\u00f2 c\u1eaft b\u00f3ng, ch\u1ee5p b\u00f3ng, h\u1ea5t tr\u00e1i.\u00a0<strong>SIEGER PK 50\u00a0<\/strong>h\u1ed9i t\u1ee5 \u0111\u1ea7y \u0111\u1ee7 c\u00e1c k\u1ef9 thu\u1eadt tr\u00ean v\u1edbi uy l\u1ef1c t\u1ea5n c\u00f4ng m\u1ea1nh m\u1ebd v\u00e0 kh\u00f4ng gi\u1edbi h\u1ea1n.<\/p>\n<p>V\u00f2ng cung b\u00f3ng bay cao !<\/p>\n<p>S\u1ee9c m\u1ea1nh \u0111\u1ec3 t\u1ea5n c\u00f4ng m\u1ea1nh m\u1ebd. B\u1ea1n c\u00f3 th\u1ec3 \u00a0gi\u1eadt b\u00f3ng v\u1edbi qu\u1ef9 \u0111\u1ea1o b\u00f3ng cao b\u1ed5ng v\u00e0 d\u00e0i d\u00f9 b\u1ecb m\u1ea5t nh\u1ecbp hay ch\u1eadm nh\u1ecbp v\u1eabn c\u00f3 th\u1ec3 ph\u00e1t huy h\u1ebft s\u1ee9c m\u1ea1nh t\u1ea5n c\u00f4ng m\u1ed9t c\u00e1ch to\u00e0n di\u1ec7n v\u00e0 tri\u1ec7t \u0111\u1ec3.<\/p>\n<p>An to\u00e0n v\u1edbi k\u1ef9 thu\u1eadt b\u1ea1t b\u00f3ng \u00f4m b\u00e0n !<\/p>\n<ul>\n<li>B\u00f3ng kh\u00f4ng b\u1ecb m\u1ea5t \u0111i\u1ec3m r\u01a1i khi \u0111\u00e1nh do \u0111\u01b0\u1eddng b\u00f3ng bay c\u00f3 v\u00f2ng cung cao.<\/li>\n<\/ul>\n<p>C\u00f3 th\u1ec3 th\u1ef1c\u00a0 hi\u1ec7n c\u00e1c k\u1ef9 thu\u1eadt h\u1ea5t b\u00f3ng v\u00e0 gi\u1eadt b\u00f3ng v\u1edbi \u0111\u1ed9 \u1ed5n \u0111\u1ecbnh cao !<\/p>\n<ul>\n<li>D\u1ec5 d\u00e0ng \u0111i\u1ec1u ch\u1ec9nh h\u01b0\u1edbng b\u00f3ng v\u1ec1 ph\u00eda \u0111\u1ed1i ph\u01b0\u01a1ng l\u1ef1c \u0111\u00e1nh b\u1ecb thi\u1ebfu.<\/li>\n<li>D\u00f9 \u0111\u1ed9ng t\u00e1c b\u1ecb ch\u1eadm nh\u1ecbp v\u1eabn c\u00f3 th\u1ec3 \u0111\u00e1nh b\u00f3ng an to\u00e0n v\u00e0 \u1ed5n \u0111\u1ecbnh.<\/li>\n<\/ul>\n<p>Con \u0111\u01b0\u1eddng quy\u1ebft \u0111\u1ecbnh th\u1eafng b\u1ea1i b\u1eb1ng k\u1ef9 thu\u1eadt g\u00f2 b\u00f3ng !<\/p>\n<ul>\n<li>Hi\u1ec7u qu\u1ea3 trong k\u1ef9 thu\u1eadt t\u1ea5n c\u00f4ng g\u00f2 v\u00e0 c\u1eaft b\u00f3ng v\u1edbi \u0111\u1ed9 b\u00e1m xo\u00e1y cao.<\/li>\n<\/ul>\n<p>B\u1ea1n kh\u00f4ng th\u1ec3 h\u1ea5t b\u00f3ng v\u00e0 v\u1eaby b\u00f3ng b\u1eb1ng k\u1ef9 thu\u1eadt ti\u1ebfp x\u00fac b\u00f3ng m\u1ecfng ?<\/p>\n<p>B\u1ea1n b\u1ecb h\u1ea1n ch\u1ebf trong k\u1ef9 thu\u1eadt \u0111\u00e1nh tr\u00e1i?<\/p>\n<ul>\n<li>D\u00f9 b\u1ea1n th\u1ebf n\u00e0o, b\u1ea1n v\u1eabn c\u00f3 th\u1ec3 c\u1ea3m nh\u1eadn k\u1ef9 thu\u1eadt g\u00f2 v\u00e0 c\u1eaft b\u00f3ng c\u1ee7a m\u00ecnh v\u1edbi nhi\u1ec1u g\u00f3c \u0111\u1ed9 c\u1eaft b\u00f3ng kh\u00e1c nhau\u00a0!<\/li>\n<\/ul>\n<p>\u0110\u00f3 ch\u00ednh l\u00e0 th\u01b0\u01a1ng hi\u1ec7u Nittaku !<\/p>\n<ul>\n<li>S\u1ef1 thuy\u1ebft ph\u1ee5c ho\u00e0n to\u00e0n t\u1eeb h\u00e3ng Nittaku v\u1edbi ph\u00e1t minh m\u1edbi v\u1ec1 c\u00f4ng ngh\u1ec7 m\u1eb7t sheet c\u00f3 \u0111\u1ed9 k\u1ebft d\u00ednh cao.\u200b<\/li>\n<\/ul>\n<p><em><u><b>L\u01b0u \u00fd:<\/b><\/u><\/em><\/p>\n<p>* Vui l\u00f2ng s\u1eed d\u1ee5ng keo\u00a0Free Chack 2,\u00a0Free Chack 2-L, Nori Sukesan, Finezip\u00a0cho s\u1ea3n ph\u1ea9m n\u00e0y<br \/>\n* B\u1ec1 m\u1eb7t s\u1ea3n ph\u1ea9m c\u00f3 l\u1edbp keo r\u1ea5t m\u1ecfng v\u00e0 r\u1ea5t d\u1ec5 b\u1ecb tr\u1ea7y x\u01b0\u1edbc. \u0110\u1ec3 b\u1ea3o v\u1ec7 b\u1ec1 m\u1eb7t m\u1eb7t v\u1ee3t, sau khi s\u1eed d\u1ee5ng, vui l\u00f2ng b\u1ea3o qu\u1ea3n b\u1eb1ng Film b\u1ea3o v\u1ec7 m\u1eb7t v\u1ee3t (k\u00e8m theo s\u1ea3n ph\u1ea9m)<br \/>\n* Sau khi g\u1ee1 Film b\u1ea3o v\u1ec7 m\u1eb7t v\u1ee3t ra, c\u00f3 th\u1ec3 b\u1ec1 m\u1eb7t m\u1eb7t v\u1ee3t v\u00e0 khu v\u1ef1c xung quanh logo, n\u01a1i mi\u1ebfng Film kh\u00f4ng \u00e9p \u0111\u01b0\u1ee3c h\u1ebft v\u00e0o m\u1eb7t v\u1ee3t s\u1ebd c\u00f3 m\u00e0u \u0111\u1ee5c nh\u01b0ng \u0111i\u1ec1u n\u00e0y kh\u00f4ng \u1ea3nh h\u01b0\u1edfng \u0111\u1ebfn ch\u1ea5t l\u01b0\u1ee3ng v\u00e0 t\u00ednh n\u0103ng s\u1ea3n ph\u1ea9m. Qu\u00fd kh\u00e1ch h\u00e3y y\u00ean t\u00e2m s\u1eed d\u1ee5ng.<\/p>\n","protected":false},"excerpt":{"rendered":"<p>M\u1eb6T V\u1ee2T\u00a0NITTAKU SIEGER S\u1ea3n xu\u1ea5t t\u1ea1i \u0110\u1ee9c SIEGER \u2013 ti\u1ebfng \u0110\u1ee9c c\u00f3 ngh\u0129a l\u00e0 \u201cNG\u01af\u1edcI CHI\u1ebeN TH\u1eaeNG\u201d SIEGER PK 50 \u2013\u00a0M\u1eb7t v\u1ee3t c\u00f3 \u0111\u01b0\u1eddng b\u00f3ng bay h\u00ecnh v\u00f2ng cung cao, gi\u00fap ng\u01b0\u1eddi ch\u01a1i t\u1ef1 tin h\u01a1n khi s\u1edf h\u1eefu. D\u00f9 \u0111\u1ed9ng t\u00e1c b\u1ecb m\u1ea5t nh\u1ecbp hay ch\u1eadm nh\u1ecbp v\u1eabn c\u00f3 th\u1ec3 ph\u00e1t huy h\u1ebft s\u1ee9c [&hellip;]<\/p>\n","protected":false},"featured_media":3341,"comment_status":"open","ping_status":"closed","template":"","meta":{"_eb_attr":""},"product_cat":[153,29],"product_tag":[],"class_list":["post-3347","product","type-product","status-publish","has-post-thumbnail","hentry","product_cat-matvot-nittaku","product_cat-mat-vot"],"_links":{"self":[{"href":"https:\/\/www.phivutabletennis.com\/index.php\/wp-json\/wp\/v2\/product\/3347","targetHints":{"allow":["GET"]}}],"collection":[{"href":"https:\/\/www.phivutabletennis.com\/index.php\/wp-json\/wp\/v2\/product"}],"about":[{"href":"https:\/\/www.phivutabletennis.com\/index.php\/wp-json\/wp\/v2\/types\/product"}],"replies":[{"embeddable":true,"href":"https:\/\/www.phivutabletennis.com\/index.php\/wp-json\/wp\/v2\/comments?post=3347"}],"wp:featuredmedia":[{"embeddable":true,"href":"https:\/\/www.phivutabletennis.com\/index.php\/wp-json\/wp\/v2\/media\/3341"}],"wp:attachment":[{"href":"https:\/\/www.phivutabletennis.com\/index.php\/wp-json\/wp\/v2\/media?parent=3347"}],"wp:term":[{"taxonomy":"product_cat","embeddable":true,"href":"https:\/\/www.phivutabletennis.com\/index.php\/wp-json\/wp\/v2\/product_cat?post=3347"},{"taxonomy":"product_tag","embeddable":true,"href":"https:\/\/www.phivutabletennis.com\/index.php\/wp-json\/wp\/v2\/product_tag?post=3347"}],"curies":[{"name":"wp","href":"https:\/\/api.w.org\/{rel}","templated":true}]}}