{"id":3351,"date":"2023-07-05T21:40:21","date_gmt":"2023-07-05T14:40:21","guid":{"rendered":"https:\/\/www.phivutabletennis.com\/?post_type=product&#038;p=3351"},"modified":"2023-07-05T21:40:21","modified_gmt":"2023-07-05T14:40:21","slug":"fastarc-p1","status":"publish","type":"product","link":"https:\/\/www.phivutabletennis.com\/index.php\/product\/fastarc-p1\/","title":{"rendered":"FASTARC P1"},"content":{"rendered":"<p><strong>M\u1eb6T V\u1ee2T\u00a0NITTAKU FASTARC P1<\/strong><br \/>\n<span style=\"color: #000000; font-family: arial, helvetica, sans-serif;\"><b>S\u1ea3n xu\u1ea5t t\u1ea1i \u0110\u1ee9c<\/b><\/span><\/p>\n<p>&#8211;\u00a0<strong>Fastarc P-1<\/strong>\u00a0d\u00f2ng s\u1ea3n ph\u1ea9m m\u1edbi trong chu\u1ed7i s\u1ea3n ph\u1ea9m Fastarc \u0111\u00e3\u00a0\u0111em l\u1ea1i th\u00e0nh c\u00f4ng cho nhi\u1ec1u v\u1eadn \u0111\u1ed9ng vi\u00ean b\u00f3ng b\u00e0n Nh\u1eadt B\u1ea3n, trong \u0111\u00f3 c\u00f3\u00a0<strong>V\u1eadn \u0111\u1ed9ng vi\u00ean Ishikawa Kasumi<\/strong>.<br \/>\n&#8211; M\u1eb7t l\u00f3t c\u00f4ng ngh\u1ec7 b\u1ecdt kh\u00ed, c\u1ee9ng, k\u1ebft h\u1ee3p v\u1edbi m\u1eb7t sheet c\u00f4ng ngh\u1ec7 \u0111\u00e0n h\u1ed3i cao, gi\u00fap ng\u01b0\u1eddi ch\u01a1i d\u1ec5 d\u00e0ng b\u1eaft b\u00f3ng, b\u00f3ng \u0111\u01b0\u1ee3c gi\u1eef v\u00e0 b\u1eafn \u0111i nh\u1edd l\u1ef1c \u0111\u1ea9y,\u00a0khi truy\u1ec1n l\u1ef1c v\u00e0o m\u1eb7t v\u1ee3t.<br \/>\n&#8211; Th\u00edch h\u1ee3p v\u1edbi b\u00f3ng plastic 40+<\/p>\n<table border=\"0\" cellspacing=\"1\" cellpadding=\"1\">\n<tbody>\n<tr>\n<td>T\u1ed1c \u0111\u1ed9<\/td>\n<td>: 15.50<\/td>\n<\/tr>\n<tr>\n<td>\u0110\u1ed9 xo\u00e1y<\/td>\n<td>: 12.25<\/td>\n<\/tr>\n<tr>\n<td>\u0110\u1ed9 c\u1ee9ng<\/td>\n<td>: 37.50<\/td>\n<\/tr>\n<tr>\n<td>\u0110\u1ed9 d\u00e0y<\/td>\n<td>: 2.0mm<\/td>\n<\/tr>\n<\/tbody>\n<\/table>\n<p><strong>Theo th\u00f4ng s\u1ed1 chu\u1ea9n c\u1ee7a h\u00e3ng Nittaku\u00a0<\/strong><\/p>\n<p><strong>H\u00c0NG CH\u00cdNH H\u00c3NG<\/strong>\u00a0&#8211;\u00a0<strong>GI\u00c1 TR\u1eca \u0110\u00cdCH TH\u1ef0C<\/strong><\/p>\n<p><img decoding=\"async\" src=\"https:\/\/bongban.asia\/image\/data\/product_big_9980.jpeg\" alt=\"\" \/><\/p>\n<p><strong>B\u1ea2NG T\u1ed4NG H\u1ee2P T\u00cdNH N\u0102NG NITTAKU\u00a0FASTARC\u00a0<\/strong><\/p>\n<p><img decoding=\"async\" src=\"https:\/\/bongban.asia\/image\/data\/2019\/TIN%20T%E1%BB%A8C%202019\/MV%20NITTAKU%20FASTARC.jpg\" alt=\"\" \/><\/p>\n","protected":false},"excerpt":{"rendered":"<p>M\u1eb6T V\u1ee2T\u00a0NITTAKU FASTARC P1 S\u1ea3n xu\u1ea5t t\u1ea1i \u0110\u1ee9c &#8211;\u00a0Fastarc P-1\u00a0d\u00f2ng s\u1ea3n ph\u1ea9m m\u1edbi trong chu\u1ed7i s\u1ea3n ph\u1ea9m Fastarc \u0111\u00e3\u00a0\u0111em l\u1ea1i th\u00e0nh c\u00f4ng cho nhi\u1ec1u v\u1eadn \u0111\u1ed9ng vi\u00ean b\u00f3ng b\u00e0n Nh\u1eadt B\u1ea3n, trong \u0111\u00f3 c\u00f3\u00a0V\u1eadn \u0111\u1ed9ng vi\u00ean Ishikawa Kasumi. &#8211; M\u1eb7t l\u00f3t c\u00f4ng ngh\u1ec7 b\u1ecdt kh\u00ed, c\u1ee9ng, k\u1ebft h\u1ee3p v\u1edbi m\u1eb7t sheet c\u00f4ng ngh\u1ec7 \u0111\u00e0n h\u1ed3i [&hellip;]<\/p>\n","protected":false},"featured_media":3342,"comment_status":"open","ping_status":"closed","template":"","meta":{"_eb_attr":""},"product_cat":[153,29],"product_tag":[],"class_list":["post-3351","product","type-product","status-publish","has-post-thumbnail","hentry","product_cat-matvot-nittaku","product_cat-mat-vot"],"_links":{"self":[{"href":"https:\/\/www.phivutabletennis.com\/index.php\/wp-json\/wp\/v2\/product\/3351","targetHints":{"allow":["GET"]}}],"collection":[{"href":"https:\/\/www.phivutabletennis.com\/index.php\/wp-json\/wp\/v2\/product"}],"about":[{"href":"https:\/\/www.phivutabletennis.com\/index.php\/wp-json\/wp\/v2\/types\/product"}],"replies":[{"embeddable":true,"href":"https:\/\/www.phivutabletennis.com\/index.php\/wp-json\/wp\/v2\/comments?post=3351"}],"wp:featuredmedia":[{"embeddable":true,"href":"https:\/\/www.phivutabletennis.com\/index.php\/wp-json\/wp\/v2\/media\/3342"}],"wp:attachment":[{"href":"https:\/\/www.phivutabletennis.com\/index.php\/wp-json\/wp\/v2\/media?parent=3351"}],"wp:term":[{"taxonomy":"product_cat","embeddable":true,"href":"https:\/\/www.phivutabletennis.com\/index.php\/wp-json\/wp\/v2\/product_cat?post=3351"},{"taxonomy":"product_tag","embeddable":true,"href":"https:\/\/www.phivutabletennis.com\/index.php\/wp-json\/wp\/v2\/product_tag?post=3351"}],"curies":[{"name":"wp","href":"https:\/\/api.w.org\/{rel}","templated":true}]}}