{"id":3392,"date":"2023-07-05T22:00:34","date_gmt":"2023-07-05T15:00:34","guid":{"rendered":"https:\/\/www.phivutabletennis.com\/?post_type=product&#038;p=3392"},"modified":"2023-07-05T22:00:34","modified_gmt":"2023-07-05T15:00:34","slug":"nuoc-rua-mat-vot-dang-phun-suong-yasaka-dry-san","status":"publish","type":"product","link":"https:\/\/www.phivutabletennis.com\/index.php\/product\/nuoc-rua-mat-vot-dang-phun-suong-yasaka-dry-san\/","title":{"rendered":"N\u01af\u1edaC R\u1eecA M\u1eb6T V\u1ee2T D\u1ea0NG PHUN S\u01af\u01a0NG YASAKA DRY SAN"},"content":{"rendered":"<p><strong>H\u00c0NG CH\u00cdNH H\u00c3NG YASAKA S\u1ea2N XU\u1ea4T T\u1ea0I NH\u1eacT B\u1ea2N &#8211; MADE IN JAPAN<\/strong><\/p>\n<ul>\n<li>D\u1ea1ng x\u1ecbt phun s\u01b0\u01a1ng, lo\u1ea1i b\u1ecf \u0111\u1ed9 \u1ea9m cho m\u1eb7t v\u1ee3t gi\u00fap l\u00e0m s\u1ea1ch, c\u1ea3m gi\u00e1c ti\u1ebfp x\u00fac b\u00f3ng t\u1ed1t h\u01a1n<\/li>\n<li>Th\u00e0nh ph\u1ea7n dung m\u00f4i h\u1eefu c\u01a1 d\u1ec5 bay h\u01a1i (VOC) c\u00f3 t\u00e1c d\u1ee5ng h\u1ed7 tr\u1ee3\u00a0t\u1ed1c \u0111\u1ed9 cho m\u1eb7t v\u1ee3t<\/li>\n<li>\u0110\u1eb7c bi\u1ec7t c\u00f3 th\u1ec3 s\u1eed d\u1ee5ng tr\u01b0\u1edbc v\u00e0 trong khi ch\u01a1i b\u00f3ng.<\/li>\n<\/ul>\n<p><u><strong>H\u01b0\u1edbng d\u1eabn s\u1eed d\u1ee5ng<\/strong><\/u><\/p>\n<ul>\n<li>L\u1eafc nh\u1eb9 v\u00e0i l\u1ea7n, sau \u0111\u00f3 phun m\u1ed9t l\u01b0\u1ee3ng v\u1eeba \u0111\u1ee7 l\u00ean m\u1eb7t v\u1ee3t.<\/li>\n<li>D\u00f9ng m\u00fat chuy\u00ean d\u1ee5ng thoa \u0111\u1ec1u, sau \u0111\u00f3 lau s\u1ea1ch v\u00e0 \u0111\u1ee3i kh\u00f4.<\/li>\n<li>Dung t\u00edch: 110ml<\/li>\n<\/ul>\n<p><u><strong>Ch\u00fa \u00fd<\/strong><\/u><\/p>\n<ul>\n<li>Do c\u00f3 th\u00e0nh ph\u1ea7n dung m\u00f4i h\u1eefu c\u01a1 d\u1ec5 bay h\u01a1i (VOC) v\u00ec v\u1eady kh\u00f4ng n\u00ean s\u1eed d\u1ee5ng tr\u01b0\u1edbc c\u00e1c gi\u1ea3i thi \u0111\u1ea5u thu\u1ed9c h\u1ec7 th\u1ed1ng ITTF t\u1ed5 ch\u1ee9c.<\/li>\n<li>Kh\u00f4ng \u0111\u1ec3 g\u1ea7n l\u1eeda v\u00e0 n\u01a1i c\u00f3 nhi\u1ec7t \u0111\u1ed9 cao h\u01a1n 40 \u0111\u1ed9.<\/li>\n<li>Kh\u00f4ng \u0111\u1ec3 trong c\u1ed1p xe m\u00e1y.<\/li>\n<li>Kh\u00f4ng s\u1eed d\u1ee5ng cho m\u1ee5c \u0111\u00edch kh\u00e1c ngo\u00e0i m\u1eb7t v\u1ee3t cao su.<\/li>\n<li>Tr\u00e1nh xa t\u1ea7m tay tr\u1ebb em.<\/li>\n<\/ul>\n","protected":false},"excerpt":{"rendered":"<p>H\u00c0NG CH\u00cdNH H\u00c3NG YASAKA S\u1ea2N XU\u1ea4T T\u1ea0I NH\u1eacT B\u1ea2N &#8211; MADE IN JAPAN D\u1ea1ng x\u1ecbt phun s\u01b0\u01a1ng, lo\u1ea1i b\u1ecf \u0111\u1ed9 \u1ea9m cho m\u1eb7t v\u1ee3t gi\u00fap l\u00e0m s\u1ea1ch, c\u1ea3m gi\u00e1c ti\u1ebfp x\u00fac b\u00f3ng t\u1ed1t h\u01a1n Th\u00e0nh ph\u1ea7n dung m\u00f4i h\u1eefu c\u01a1 d\u1ec5 bay h\u01a1i (VOC) c\u00f3 t\u00e1c d\u1ee5ng h\u1ed7 tr\u1ee3\u00a0t\u1ed1c \u0111\u1ed9 cho m\u1eb7t v\u1ee3t \u0110\u1eb7c bi\u1ec7t [&hellip;]<\/p>\n","protected":false},"featured_media":3393,"comment_status":"open","ping_status":"closed","template":"","meta":{"_eb_attr":""},"product_cat":[67,146],"product_tag":[],"class_list":["post-3392","product","type-product","status-publish","has-post-thumbnail","hentry","product_cat-phu-kien","product_cat-phu-kien-yasaka"],"_links":{"self":[{"href":"https:\/\/www.phivutabletennis.com\/index.php\/wp-json\/wp\/v2\/product\/3392","targetHints":{"allow":["GET"]}}],"collection":[{"href":"https:\/\/www.phivutabletennis.com\/index.php\/wp-json\/wp\/v2\/product"}],"about":[{"href":"https:\/\/www.phivutabletennis.com\/index.php\/wp-json\/wp\/v2\/types\/product"}],"replies":[{"embeddable":true,"href":"https:\/\/www.phivutabletennis.com\/index.php\/wp-json\/wp\/v2\/comments?post=3392"}],"wp:featuredmedia":[{"embeddable":true,"href":"https:\/\/www.phivutabletennis.com\/index.php\/wp-json\/wp\/v2\/media\/3393"}],"wp:attachment":[{"href":"https:\/\/www.phivutabletennis.com\/index.php\/wp-json\/wp\/v2\/media?parent=3392"}],"wp:term":[{"taxonomy":"product_cat","embeddable":true,"href":"https:\/\/www.phivutabletennis.com\/index.php\/wp-json\/wp\/v2\/product_cat?post=3392"},{"taxonomy":"product_tag","embeddable":true,"href":"https:\/\/www.phivutabletennis.com\/index.php\/wp-json\/wp\/v2\/product_tag?post=3392"}],"curies":[{"name":"wp","href":"https:\/\/api.w.org\/{rel}","templated":true}]}}