{"id":3394,"date":"2023-07-05T22:01:48","date_gmt":"2023-07-05T15:01:48","guid":{"rendered":"https:\/\/www.phivutabletennis.com\/?post_type=product&#038;p=3394"},"modified":"2023-07-05T22:01:48","modified_gmt":"2023-07-05T15:01:48","slug":"vo-yasaka-yk302-xanh","status":"publish","type":"product","link":"https:\/\/www.phivutabletennis.com\/index.php\/product\/vo-yasaka-yk302-xanh\/","title":{"rendered":"V\u1eda YASAKA YK302 XANH"},"content":{"rendered":"<p><span class=\"fbPhotoCaptionText\"><strong>H\u00c0NG CH\u00cdNH H\u00c3NG YASAKA S\u1ea2N XU\u1ea4T T\u1ea0I TAIWAN &#8211; MADE IN TAIWAN<\/strong><\/span><\/p>\n<p>&#8211; S\u1ea3n xu\u1ea5t theo c\u00f4ng ngh\u1ec7 cao, s\u1ee3i d\u1ec7t m\u1ecbn.<\/p>\n<p><span class=\"fbPhotoCaptionText\">&#8211; Ch\u1ea5t li\u1ec7u d\u1ea7y, \u00eam ch\u00e2n, \u0111\u1ed9 b\u1ec1n cao (\u00edt gi\u00e3n)<\/span><\/p>\n<p><span class=\"fbPhotoCaptionText\">&#8211; \u0110\u1eb7t bi\u1ec7t kh\u00f4ng g\u00e2y m\u00f9i h\u00f4i ch\u00e2n<\/span><\/p>\n<ul>\n<li>M\u00e0u s\u1eafc: \u0110\u1ecf\u00a0v\u00e0 xanh<\/li>\n<li>K\u00edch th\u01b0\u1edbc: Size M<\/li>\n<\/ul>\n","protected":false},"excerpt":{"rendered":"<p>H\u00c0NG CH\u00cdNH H\u00c3NG YASAKA S\u1ea2N XU\u1ea4T T\u1ea0I TAIWAN &#8211; MADE IN TAIWAN &#8211; S\u1ea3n xu\u1ea5t theo c\u00f4ng ngh\u1ec7 cao, s\u1ee3i d\u1ec7t m\u1ecbn. &#8211; Ch\u1ea5t li\u1ec7u d\u1ea7y, \u00eam ch\u00e2n, \u0111\u1ed9 b\u1ec1n cao (\u00edt gi\u00e3n) &#8211; \u0110\u1eb7t bi\u1ec7t kh\u00f4ng g\u00e2y m\u00f9i h\u00f4i ch\u00e2n M\u00e0u s\u1eafc: \u0110\u1ecf\u00a0v\u00e0 xanh K\u00edch th\u01b0\u1edbc: Size M<\/p>\n","protected":false},"featured_media":3395,"comment_status":"open","ping_status":"closed","template":"","meta":{"_eb_attr":""},"product_cat":[59,149],"product_tag":[],"class_list":["post-3394","product","type-product","status-publish","has-post-thumbnail","hentry","product_cat-giay-vo","product_cat-giay-vo-yasaka"],"_links":{"self":[{"href":"https:\/\/www.phivutabletennis.com\/index.php\/wp-json\/wp\/v2\/product\/3394","targetHints":{"allow":["GET"]}}],"collection":[{"href":"https:\/\/www.phivutabletennis.com\/index.php\/wp-json\/wp\/v2\/product"}],"about":[{"href":"https:\/\/www.phivutabletennis.com\/index.php\/wp-json\/wp\/v2\/types\/product"}],"replies":[{"embeddable":true,"href":"https:\/\/www.phivutabletennis.com\/index.php\/wp-json\/wp\/v2\/comments?post=3394"}],"wp:featuredmedia":[{"embeddable":true,"href":"https:\/\/www.phivutabletennis.com\/index.php\/wp-json\/wp\/v2\/media\/3395"}],"wp:attachment":[{"href":"https:\/\/www.phivutabletennis.com\/index.php\/wp-json\/wp\/v2\/media?parent=3394"}],"wp:term":[{"taxonomy":"product_cat","embeddable":true,"href":"https:\/\/www.phivutabletennis.com\/index.php\/wp-json\/wp\/v2\/product_cat?post=3394"},{"taxonomy":"product_tag","embeddable":true,"href":"https:\/\/www.phivutabletennis.com\/index.php\/wp-json\/wp\/v2\/product_tag?post=3394"}],"curies":[{"name":"wp","href":"https:\/\/api.w.org\/{rel}","templated":true}]}}