{"id":3404,"date":"2023-07-05T22:06:17","date_gmt":"2023-07-05T15:06:17","guid":{"rendered":"https:\/\/www.phivutabletennis.com\/?post_type=product&#038;p=3404"},"modified":"2023-07-05T22:06:17","modified_gmt":"2023-07-05T15:06:17","slug":"alnade-inner","status":"publish","type":"product","link":"https:\/\/www.phivutabletennis.com\/index.php\/product\/alnade-inner\/","title":{"rendered":"ALNADE INNER"},"content":{"rendered":"<p><strong>H\u00c0NG CH\u00cdNH H\u00c3NG YASAKA S\u1ea2N XU\u1ea4T T\u1ea0I NH\u1eacT B\u1ea2N- MADE IN JAPAN<\/strong><\/p>\n<p><strong>ALNADE INNER\u00a0<\/strong>d\u1ef1a tr\u00ean t\u00ednh n\u0103ng \u01b0u vi\u1ec7t c\u1ee7a c\u1ed1t v\u1ee3t ALNADE phi\u00ean b\u1ea3n c\u0169, \u0111\u1ed3ng th\u1eddi\u00a0k\u1ebft h\u1ee3p 2 l\u1edbp s\u1ee3i PA Carbon n\u1eb1m g\u1ea7n l\u1edbp g\u1ed7 l\u00f5i trung t\u00e2m, c\u1ea3m gi\u00e1c b\u00f3ng m\u1ec1m, \u1ed5n \u0111\u1ecbnh, gi\u00fap c\u1ed1t v\u1ee3t ALNADE INNER ph\u00e1t huy \u01b0u \u0111i\u1ec3m c\u00e2n b\u1eb1ng l\u1ef1c \u0111\u1ea9y v\u1eeba ph\u1ea3i, hi\u1ec7u su\u1ea5t ki\u1ec3m so\u00e1t b\u00f3ng v\u00e0 \u0111\u1ed9 \u1ed5n \u0111\u1ecbnh cao trong c\u00e1c pha b\u00f3ng \u0111\u1ed1i kh\u00e1ng.<\/p>\n<table border=\"0\" cellspacing=\"1\" cellpadding=\"1\">\n<tbody>\n<tr>\n<td>C\u1ea5u t\u1ea1o<\/td>\n<td>: 5 l\u1edbp g\u1ed7 + 2 l\u1edbp s\u1ee3i PA Carbon g\u1ea7n l\u1edbp g\u1ed7 trung t\u00e2m<\/td>\n<\/tr>\n<tr>\n<td>T\u1ed1c \u0111\u1ed9<\/td>\n<td>: Trung b\u00ecnh<\/td>\n<\/tr>\n<tr>\n<td>C\u1ea3m gi\u00e1c<\/td>\n<td>:\u00a0Trung b\u00ecnh<\/td>\n<\/tr>\n<tr>\n<td>\u0110\u1ed9 d\u1ea7y<\/td>\n<td>: 5.8mm<\/td>\n<\/tr>\n<tr>\n<td>Tr\u1ecdng l\u01b0\u1ee3ng<\/td>\n<td>: \u00b185gr<\/td>\n<\/tr>\n<\/tbody>\n<\/table>\n<p><strong>H\u00e0ng ch\u00ednh h\u00e3ng b\u1ea3o h\u00e0nh 1 th\u00e1ng<\/strong><br \/>\n<strong>Theo th\u00f4ng s\u1ed1 chu\u1ea9n c\u1ee7a h\u00e3ng Yasaka<\/strong><\/p>\n","protected":false},"excerpt":{"rendered":"<p>H\u00c0NG CH\u00cdNH H\u00c3NG YASAKA S\u1ea2N XU\u1ea4T T\u1ea0I NH\u1eacT B\u1ea2N- MADE IN JAPAN ALNADE INNER\u00a0d\u1ef1a tr\u00ean t\u00ednh n\u0103ng \u01b0u vi\u1ec7t c\u1ee7a c\u1ed1t v\u1ee3t ALNADE phi\u00ean b\u1ea3n c\u0169, \u0111\u1ed3ng th\u1eddi\u00a0k\u1ebft h\u1ee3p 2 l\u1edbp s\u1ee3i PA Carbon n\u1eb1m g\u1ea7n l\u1edbp g\u1ed7 l\u00f5i trung t\u00e2m, c\u1ea3m gi\u00e1c b\u00f3ng m\u1ec1m, \u1ed5n \u0111\u1ecbnh, gi\u00fap c\u1ed1t v\u1ee3t ALNADE INNER ph\u00e1t huy \u01b0u [&hellip;]<\/p>\n","protected":false},"featured_media":3405,"comment_status":"open","ping_status":"closed","template":"","meta":{"_eb_attr":""},"product_cat":[150,26],"product_tag":[],"class_list":["post-3404","product","type-product","status-publish","has-post-thumbnail","hentry","product_cat-cot-vot-yasaka","product_cat-cot-vot"],"_links":{"self":[{"href":"https:\/\/www.phivutabletennis.com\/index.php\/wp-json\/wp\/v2\/product\/3404","targetHints":{"allow":["GET"]}}],"collection":[{"href":"https:\/\/www.phivutabletennis.com\/index.php\/wp-json\/wp\/v2\/product"}],"about":[{"href":"https:\/\/www.phivutabletennis.com\/index.php\/wp-json\/wp\/v2\/types\/product"}],"replies":[{"embeddable":true,"href":"https:\/\/www.phivutabletennis.com\/index.php\/wp-json\/wp\/v2\/comments?post=3404"}],"wp:featuredmedia":[{"embeddable":true,"href":"https:\/\/www.phivutabletennis.com\/index.php\/wp-json\/wp\/v2\/media\/3405"}],"wp:attachment":[{"href":"https:\/\/www.phivutabletennis.com\/index.php\/wp-json\/wp\/v2\/media?parent=3404"}],"wp:term":[{"taxonomy":"product_cat","embeddable":true,"href":"https:\/\/www.phivutabletennis.com\/index.php\/wp-json\/wp\/v2\/product_cat?post=3404"},{"taxonomy":"product_tag","embeddable":true,"href":"https:\/\/www.phivutabletennis.com\/index.php\/wp-json\/wp\/v2\/product_tag?post=3404"}],"curies":[{"name":"wp","href":"https:\/\/api.w.org\/{rel}","templated":true}]}}