{"id":3416,"date":"2023-07-05T22:12:00","date_gmt":"2023-07-05T15:12:00","guid":{"rendered":"https:\/\/www.phivutabletennis.com\/?post_type=product&#038;p=3416"},"modified":"2023-07-05T22:12:00","modified_gmt":"2023-07-05T15:12:00","slug":"earlest-carbon","status":"publish","type":"product","link":"https:\/\/www.phivutabletennis.com\/index.php\/product\/earlest-carbon\/","title":{"rendered":"EARLEST CARBON+"},"content":{"rendered":"<p>&#8211; C\u1ed1t v\u1ee3t\u00a0<strong>EARLEST CARBON+\u00a0<\/strong>d\u1ef1a tr\u00ean t\u00ednh n\u0103ng \u01b0u vi\u1ec7t c\u1ee7a\u00a0<strong>EARLEST CARBON<\/strong>\u00a0b\u1eb1ng c\u00f4ng ngh\u1ec7 \u0111an xen c\u00e1c l\u1edbp g\u1ed7 Veneer v\u00e0 2 l\u1edbp s\u1ee3i Carbon, \u0111\u1ed3ng th\u1eddi \u0111i\u1ec1u ch\u1ec9nh \u0111\u1ed9 d\u00e0y c\u1ed1t v\u1ee3t, nh\u1eb1m t\u0103ng th\u00eam l\u1ef1c \u0111\u1ea9y trong l\u1ed1i \u0111\u00e1nh t\u1ea5n c\u00f4ng t\u1ed1c \u0111\u1ed9. \u0110\u00e2y l\u00e0 s\u1ea3n ph\u1ea9m c\u1ea1nh tranh v\u1ec1 gi\u00e1 trong d\u00f2ng c\u1ed1t v\u1ee3t c\u00f3 s\u1ee3i Carbon.<\/p>\n<p>&#8211; C\u1ed1t v\u1ee3t\u00a0<strong>EARLEST CARBON+<\/strong>\u00a0th\u00edch h\u1ee3p cho ng\u01b0\u1eddi ch\u01a1i mu\u1ed1n chuy\u1ec3n t\u1eeb v\u1ee3t thu\u1ea7n g\u1ed7 sang v\u1ee3t c\u00f3 s\u1ee3i Carbon.<\/p>\n<table border=\"0\" cellspacing=\"1\" cellpadding=\"1\">\n<tbody>\n<tr>\n<td>\u00a0C\u1ea5u t\u1ea1o<\/td>\n<td>:\u00a05\u00a0l\u1edbp g\u1ed7 + 2 l\u1edbp s\u1ee3i Carbon<\/td>\n<\/tr>\n<tr>\n<td>\u00a0T\u1ed1c \u0111\u1ed9<\/td>\n<td>:\u00a0Trung b\u00ecnh nhanh<\/td>\n<\/tr>\n<tr>\n<td>\u00a0C\u1ea3m gi\u00e1c<\/td>\n<td>:\u00a0C\u1ee9ng<\/td>\n<\/tr>\n<tr>\n<td>\u00a0\u0110\u1ed9 d\u1ea7y<\/td>\n<td>:\u00a06.9mm<\/td>\n<\/tr>\n<tr>\n<td>\u00a0B\u1ea3ng v\u1ee3t<\/td>\n<td>:\u00a0157 x 150mm<\/td>\n<\/tr>\n<tr>\n<td>\u00a0Tr\u1ecdng l\u01b0\u1ee3ng<\/td>\n<td>:\u00a082gr\u00b1<\/td>\n<\/tr>\n<\/tbody>\n<\/table>\n<p><strong>Theo th\u00f4ng s\u1ed1 chu\u1ea9n c\u1ee7a h\u00e3ng Yasaka<\/strong><br \/>\n<strong>H\u00e0ng ch\u00ednh h\u00e3ng b\u1ea3o h\u00e0nh 1 th\u00e1ng<\/strong><br \/>\n<strong>H\u00c0NG CH\u00cdNH H\u00c3NG YASAKA S\u1ea2N XU\u1ea4T T\u1ea0I TRUNG QU\u1ed0C &#8211; MADE IN CHINA<\/strong><\/p>\n","protected":false},"excerpt":{"rendered":"<p>&#8211; C\u1ed1t v\u1ee3t\u00a0EARLEST CARBON+\u00a0d\u1ef1a tr\u00ean t\u00ednh n\u0103ng \u01b0u vi\u1ec7t c\u1ee7a\u00a0EARLEST CARBON\u00a0b\u1eb1ng c\u00f4ng ngh\u1ec7 \u0111an xen c\u00e1c l\u1edbp g\u1ed7 Veneer v\u00e0 2 l\u1edbp s\u1ee3i Carbon, \u0111\u1ed3ng th\u1eddi \u0111i\u1ec1u ch\u1ec9nh \u0111\u1ed9 d\u00e0y c\u1ed1t v\u1ee3t, nh\u1eb1m t\u0103ng th\u00eam l\u1ef1c \u0111\u1ea9y trong l\u1ed1i \u0111\u00e1nh t\u1ea5n c\u00f4ng t\u1ed1c \u0111\u1ed9. \u0110\u00e2y l\u00e0 s\u1ea3n ph\u1ea9m c\u1ea1nh tranh v\u1ec1 gi\u00e1 trong d\u00f2ng c\u1ed1t [&hellip;]<\/p>\n","protected":false},"featured_media":3417,"comment_status":"open","ping_status":"closed","template":"","meta":{"_eb_attr":""},"product_cat":[150,26],"product_tag":[],"class_list":["post-3416","product","type-product","status-publish","has-post-thumbnail","hentry","product_cat-cot-vot-yasaka","product_cat-cot-vot"],"_links":{"self":[{"href":"https:\/\/www.phivutabletennis.com\/index.php\/wp-json\/wp\/v2\/product\/3416","targetHints":{"allow":["GET"]}}],"collection":[{"href":"https:\/\/www.phivutabletennis.com\/index.php\/wp-json\/wp\/v2\/product"}],"about":[{"href":"https:\/\/www.phivutabletennis.com\/index.php\/wp-json\/wp\/v2\/types\/product"}],"replies":[{"embeddable":true,"href":"https:\/\/www.phivutabletennis.com\/index.php\/wp-json\/wp\/v2\/comments?post=3416"}],"wp:featuredmedia":[{"embeddable":true,"href":"https:\/\/www.phivutabletennis.com\/index.php\/wp-json\/wp\/v2\/media\/3417"}],"wp:attachment":[{"href":"https:\/\/www.phivutabletennis.com\/index.php\/wp-json\/wp\/v2\/media?parent=3416"}],"wp:term":[{"taxonomy":"product_cat","embeddable":true,"href":"https:\/\/www.phivutabletennis.com\/index.php\/wp-json\/wp\/v2\/product_cat?post=3416"},{"taxonomy":"product_tag","embeddable":true,"href":"https:\/\/www.phivutabletennis.com\/index.php\/wp-json\/wp\/v2\/product_tag?post=3416"}],"curies":[{"name":"wp","href":"https:\/\/api.w.org\/{rel}","templated":true}]}}