{"id":3420,"date":"2023-07-05T22:13:21","date_gmt":"2023-07-05T15:13:21","guid":{"rendered":"https:\/\/www.phivutabletennis.com\/?post_type=product&#038;p=3420"},"modified":"2023-07-05T22:13:21","modified_gmt":"2023-07-05T15:13:21","slug":"mark-carbon","status":"publish","type":"product","link":"https:\/\/www.phivutabletennis.com\/index.php\/product\/mark-carbon\/","title":{"rendered":"MARK CARBON"},"content":{"rendered":"<p><strong>H\u00c0NG CH\u00cdNH H\u00c3NG YASAKA S\u1ea2N XU\u1ea4T T\u1ea0I\u00a0<\/strong><strong>TH\u1ee4Y \u0110I\u1ec2N &#8211; MADE IN SWEDEN<\/strong><\/p>\n<p><strong>MARK CARBON\u00a0<\/strong>d\u1ef1a tr\u00ean t\u00ednh n\u0103ng \u01b0u vi\u1ec7t c\u1ee7a c\u1ed1t v\u1ee3t MARK WOOD\u00a0trang b\u1ecb th\u00eam 2 l\u1edbp s\u1ee3i Carbon m\u1ecfng c\u00f3 hi\u1ec7u su\u1ea5t \u0111i\u1ec1u khi\u1ec3n cao, \u0111\u1ed3ng th\u1eddi t\u0103ng l\u1ef1c \u0111\u1ea9y b\u00f3ng t\u1ea1o s\u1ef1 \u1ed5n \u0111\u1ecbnh v\u00e0 t\u1ea5n c\u00f4ng h\u01a1n.<br \/>\n<strong>MARK CARBON<\/strong>\u00a0c\u1ed1t v\u1ee3t \u0111a n\u0103ng, s\u1ef1 l\u1ef1a ch\u1ecdn \u0111\u01b0\u1ee3c \u0111\u1ec1 xu\u1ea5t cho nhi\u1ec1u ng\u01b0\u1eddi ch\u01a1i.<\/p>\n<table border=\"0\" cellspacing=\"1\" cellpadding=\"1\">\n<tbody>\n<tr>\n<td>C\u1ea5u t\u1ea1o<\/td>\n<td>: 5 l\u1edbp g\u1ed7 + 2 l\u1edbp Carbon<\/td>\n<\/tr>\n<tr>\n<td>T\u1ed1c \u0111\u1ed9<\/td>\n<td>: Trung b\u00ecnh nhanh<\/td>\n<\/tr>\n<tr>\n<td>C\u1ea3m gi\u00e1c<\/td>\n<td>: Trung b\u00ecnh<\/td>\n<\/tr>\n<tr>\n<td>\u0110\u1ed9 d\u1ea7y<\/td>\n<td>: 5.7mm<\/td>\n<\/tr>\n<tr>\n<td>Tr\u1ecdng l\u01b0\u1ee3ng<\/td>\n<td>: \u00b186gr<\/td>\n<\/tr>\n<\/tbody>\n<\/table>\n<p><strong>H\u00e0ng ch\u00ednh h\u00e3ng b\u1ea3o h\u00e0nh 1 th\u00e1ng<\/strong><br \/>\n<strong>Theo th\u00f4ng s\u1ed1 chu\u1ea9n c\u1ee7a h\u00e3ng Yasaka<\/strong><\/p>\n","protected":false},"excerpt":{"rendered":"<p>H\u00c0NG CH\u00cdNH H\u00c3NG YASAKA S\u1ea2N XU\u1ea4T T\u1ea0I\u00a0TH\u1ee4Y \u0110I\u1ec2N &#8211; MADE IN SWEDEN MARK CARBON\u00a0d\u1ef1a tr\u00ean t\u00ednh n\u0103ng \u01b0u vi\u1ec7t c\u1ee7a c\u1ed1t v\u1ee3t MARK WOOD\u00a0trang b\u1ecb th\u00eam 2 l\u1edbp s\u1ee3i Carbon m\u1ecfng c\u00f3 hi\u1ec7u su\u1ea5t \u0111i\u1ec1u khi\u1ec3n cao, \u0111\u1ed3ng th\u1eddi t\u0103ng l\u1ef1c \u0111\u1ea9y b\u00f3ng t\u1ea1o s\u1ef1 \u1ed5n \u0111\u1ecbnh v\u00e0 t\u1ea5n c\u00f4ng h\u01a1n. MARK CARBON\u00a0c\u1ed1t v\u1ee3t \u0111a [&hellip;]<\/p>\n","protected":false},"featured_media":3421,"comment_status":"open","ping_status":"closed","template":"","meta":{"_eb_attr":""},"product_cat":[150,26],"product_tag":[],"class_list":["post-3420","product","type-product","status-publish","has-post-thumbnail","hentry","product_cat-cot-vot-yasaka","product_cat-cot-vot"],"_links":{"self":[{"href":"https:\/\/www.phivutabletennis.com\/index.php\/wp-json\/wp\/v2\/product\/3420","targetHints":{"allow":["GET"]}}],"collection":[{"href":"https:\/\/www.phivutabletennis.com\/index.php\/wp-json\/wp\/v2\/product"}],"about":[{"href":"https:\/\/www.phivutabletennis.com\/index.php\/wp-json\/wp\/v2\/types\/product"}],"replies":[{"embeddable":true,"href":"https:\/\/www.phivutabletennis.com\/index.php\/wp-json\/wp\/v2\/comments?post=3420"}],"wp:featuredmedia":[{"embeddable":true,"href":"https:\/\/www.phivutabletennis.com\/index.php\/wp-json\/wp\/v2\/media\/3421"}],"wp:attachment":[{"href":"https:\/\/www.phivutabletennis.com\/index.php\/wp-json\/wp\/v2\/media?parent=3420"}],"wp:term":[{"taxonomy":"product_cat","embeddable":true,"href":"https:\/\/www.phivutabletennis.com\/index.php\/wp-json\/wp\/v2\/product_cat?post=3420"},{"taxonomy":"product_tag","embeddable":true,"href":"https:\/\/www.phivutabletennis.com\/index.php\/wp-json\/wp\/v2\/product_tag?post=3420"}],"curies":[{"name":"wp","href":"https:\/\/api.w.org\/{rel}","templated":true}]}}