{"id":3454,"date":"2023-07-05T22:25:30","date_gmt":"2023-07-05T15:25:30","guid":{"rendered":"https:\/\/www.phivutabletennis.com\/?post_type=product&#038;p=3454"},"modified":"2023-07-05T22:25:30","modified_gmt":"2023-07-05T15:25:30","slug":"trick-anti","status":"publish","type":"product","link":"https:\/\/www.phivutabletennis.com\/index.php\/product\/trick-anti\/","title":{"rendered":"TRICK ANTI"},"content":{"rendered":"<div><strong>M\u1eb6T V\u1ee2T YASAKA TRICK ANTI<\/strong><\/div>\n<div><strong>S\u1ea3n xu\u1ea5t t\u1ea1i Nh\u1eadt B\u1ea3n<\/strong><\/div>\n<p><strong>M\u1eb7t v\u1ee3t Trick Anti \u2013<\/strong>\u00a0k\u1ebft h\u1ee3p gi\u1eefa b\u1ec1 m\u1eb7t sheet c\u1ee9ng c\u00f3 \u00edt ma s\u00e1t v\u00e0 sponge c\u00f3 \u0111\u1ed9 \u0111\u00e0n h\u1ed3i th\u1ea5p gi\u00fap ng\u01b0\u1eddi ch\u01a1i d\u1ec5 d\u00e0ng v\u00f4 hi\u1ec7u h\u00f3a uy l\u1ef1c t\u1ea5n c\u00f4ng v\u00e0 \u0111\u1ed9 xo\u00e1y c\u1ee7a \u0111\u1ed1i ph\u01b0\u01a1ng, \u0111\u1ed3ng th\u1eddi d\u1ec5 d\u00e0ng ph\u1ea3n c\u00f4ng l\u1ea1i b\u1eb1ng c\u00fa \u0111\u00e1nh t\u1ea5n c\u00f4ng m\u1ea1nh.<br \/>\nNgo\u00e0i t\u00ednh n\u0103ng \u0111\u00e1nh tr\u1ea3 b\u00f3ng v\u1edbi nhi\u1ec1u lo\u1ea1i b\u00f3ng bi\u1ebfn h\u00f3a kh\u00e1c nhau, m\u1eb7t Trick Anti c\u00f4ng ngh\u1ec7 m\u1edbi c\u00f2n c\u00f3 th\u1ec3 th\u1ef1c hi\u1ec7n c\u00e1c k\u1ef9 thu\u1eadt c\u1eaft b\u00f3ng, ch\u1ee5p v\u00e0 ch\u1eb7n \u0111\u1ea9y nh\u01b0 c\u00e1c m\u1eb7t v\u1ee3t gai th\u1ee7 nh\u1edd cao su c\u00f3 \u0111\u1ed9 \u0111\u00e0n h\u1ed3i th\u1ea5p.<\/p>\n<p><strong>Th\u00f4ng s\u1ed1 theo chu\u1ea9n c\u1ee7a H\u00e3ng Yasaka<\/strong><\/p>\n","protected":false},"excerpt":{"rendered":"<p>M\u1eb6T V\u1ee2T YASAKA TRICK ANTI S\u1ea3n xu\u1ea5t t\u1ea1i Nh\u1eadt B\u1ea3n M\u1eb7t v\u1ee3t Trick Anti \u2013\u00a0k\u1ebft h\u1ee3p gi\u1eefa b\u1ec1 m\u1eb7t sheet c\u1ee9ng c\u00f3 \u00edt ma s\u00e1t v\u00e0 sponge c\u00f3 \u0111\u1ed9 \u0111\u00e0n h\u1ed3i th\u1ea5p gi\u00fap ng\u01b0\u1eddi ch\u01a1i d\u1ec5 d\u00e0ng v\u00f4 hi\u1ec7u h\u00f3a uy l\u1ef1c t\u1ea5n c\u00f4ng v\u00e0 \u0111\u1ed9 xo\u00e1y c\u1ee7a \u0111\u1ed1i ph\u01b0\u01a1ng, \u0111\u1ed3ng th\u1eddi d\u1ec5 d\u00e0ng ph\u1ea3n [&hellip;]<\/p>\n","protected":false},"featured_media":3451,"comment_status":"open","ping_status":"closed","template":"","meta":{"_eb_attr":""},"product_cat":[154,29],"product_tag":[],"class_list":["post-3454","product","type-product","status-publish","has-post-thumbnail","hentry","product_cat-matvot-yasaka","product_cat-mat-vot"],"_links":{"self":[{"href":"https:\/\/www.phivutabletennis.com\/index.php\/wp-json\/wp\/v2\/product\/3454","targetHints":{"allow":["GET"]}}],"collection":[{"href":"https:\/\/www.phivutabletennis.com\/index.php\/wp-json\/wp\/v2\/product"}],"about":[{"href":"https:\/\/www.phivutabletennis.com\/index.php\/wp-json\/wp\/v2\/types\/product"}],"replies":[{"embeddable":true,"href":"https:\/\/www.phivutabletennis.com\/index.php\/wp-json\/wp\/v2\/comments?post=3454"}],"wp:featuredmedia":[{"embeddable":true,"href":"https:\/\/www.phivutabletennis.com\/index.php\/wp-json\/wp\/v2\/media\/3451"}],"wp:attachment":[{"href":"https:\/\/www.phivutabletennis.com\/index.php\/wp-json\/wp\/v2\/media?parent=3454"}],"wp:term":[{"taxonomy":"product_cat","embeddable":true,"href":"https:\/\/www.phivutabletennis.com\/index.php\/wp-json\/wp\/v2\/product_cat?post=3454"},{"taxonomy":"product_tag","embeddable":true,"href":"https:\/\/www.phivutabletennis.com\/index.php\/wp-json\/wp\/v2\/product_tag?post=3454"}],"curies":[{"name":"wp","href":"https:\/\/api.w.org\/{rel}","templated":true}]}}