{"id":3458,"date":"2023-07-05T22:28:09","date_gmt":"2023-07-05T15:28:09","guid":{"rendered":"https:\/\/www.phivutabletennis.com\/?post_type=product&#038;p=3458"},"modified":"2023-07-05T22:28:09","modified_gmt":"2023-07-05T15:28:09","slug":"mark-v-hps","status":"publish","type":"product","link":"https:\/\/www.phivutabletennis.com\/index.php\/product\/mark-v-hps\/","title":{"rendered":"MARK V HPS"},"content":{"rendered":"<p><strong>M\u1eb6T V\u1ee2T YASAKA RAKZA MARK V HPS<\/strong><br \/>\n<span style=\"color: #000000;\"><b>S\u1ea3n xu\u1ea5t t\u1ea1i Nh\u1eadt B\u1ea3n<\/b><\/span><\/p>\n<p>Nh\u1eb1m \u0111\u00e1p \u1ee9ng nhu c\u1ea7u c\u1ee7a ng\u01b0\u1eddi ch\u01a1i b\u00f3ng b\u00e0n hi\u1ec7n \u0111\u1ea1i, kh\u00f4ng s\u1eed d\u1ee5ng keo t\u0103ng l\u1ef1c, t\u0103ng c\u01b0\u1eddng t\u1ed1c \u0111\u1ed9 v\u00e0 s\u1ef1 \u1ed5n \u0111\u1ecbnh nh\u01b0ng v\u1eabn \u0111\u1ea3m b\u1ea3o s\u1ef1 hi\u1ec7n h\u1eefu nh\u1eefng t\u00ednh n\u0103ng \u01b0u vi\u1ec7t c\u1ee7a d\u00f2ng Mark\u00a0V c\u1ed5 \u0111i\u1ec3n, H\u00e3ng Yasaka\u00a0\u0111\u00e3 nghi\u00ean c\u1ee9u v\u00e0 cho ra \u0111\u1eddi d\u00f2ng s\u1ea3n ph\u1ea9m Mark\u00a0V HPS .<\/p>\n<p><strong>Mark\u00a0V HPS \u2013 chu\u1ea9n m\u1edbi nh\u1ea5t c\u1ee7a d\u00f2ng HPS v\u1edbi c\u00f4ng\u00a0ngh\u1ec7 m\u1edbi \u201c Hybrid Power Sponge \u201d t\u0103ng c\u01b0\u1eddng l\u1ef1c\u00a0l\u00ean m\u1eb7t l\u00f3t, gi\u00fap ng\u01b0\u1eddi ch\u01a1i d\u1ec5 d\u00e0ng x\u1eed l\u00fd nh\u1eefng qu\u1ea3 b\u00f3ng t\u1ea5n c\u00f4ng \u0111\u1ea7y uy l\u1ef1c.<\/strong><\/p>\n<table border=\"0\" cellspacing=\"1\" cellpadding=\"1\">\n<tbody>\n<tr>\n<td>T\u1ed1c \u0111\u1ed9<\/td>\n<td>:\u00a012<\/td>\n<td><\/td>\n<\/tr>\n<tr>\n<td>\u0110\u1ed9 xo\u00e1y<\/td>\n<td>:\u00a010<\/td>\n<td><\/td>\n<\/tr>\n<tr>\n<td>C\u1ea3m gi\u00e1c<\/td>\n<td>: 10<\/td>\n<td><\/td>\n<\/tr>\n<tr>\n<td>\u0110\u1ed9 c\u1ee9ng<\/td>\n<td>: 40~45<strong>\u00a0<\/strong>\u0111\u1ed9<\/td>\n<\/tr>\n<\/tbody>\n<\/table>\n<p><strong>Th\u00f4ng s\u1ed1 tr\u00ean theo chu\u1ea9n c\u1ee7a H\u00e3ng Yasaka<\/strong><\/p>\n","protected":false},"excerpt":{"rendered":"<p>M\u1eb6T V\u1ee2T YASAKA RAKZA MARK V HPS S\u1ea3n xu\u1ea5t t\u1ea1i Nh\u1eadt B\u1ea3n Nh\u1eb1m \u0111\u00e1p \u1ee9ng nhu c\u1ea7u c\u1ee7a ng\u01b0\u1eddi ch\u01a1i b\u00f3ng b\u00e0n hi\u1ec7n \u0111\u1ea1i, kh\u00f4ng s\u1eed d\u1ee5ng keo t\u0103ng l\u1ef1c, t\u0103ng c\u01b0\u1eddng t\u1ed1c \u0111\u1ed9 v\u00e0 s\u1ef1 \u1ed5n \u0111\u1ecbnh nh\u01b0ng v\u1eabn \u0111\u1ea3m b\u1ea3o s\u1ef1 hi\u1ec7n h\u1eefu nh\u1eefng t\u00ednh n\u0103ng \u01b0u vi\u1ec7t c\u1ee7a d\u00f2ng Mark\u00a0V c\u1ed5 \u0111i\u1ec3n, [&hellip;]<\/p>\n","protected":false},"featured_media":3443,"comment_status":"open","ping_status":"closed","template":"","meta":{"_eb_attr":""},"product_cat":[154,29],"product_tag":[],"class_list":["post-3458","product","type-product","status-publish","has-post-thumbnail","hentry","product_cat-matvot-yasaka","product_cat-mat-vot"],"_links":{"self":[{"href":"https:\/\/www.phivutabletennis.com\/index.php\/wp-json\/wp\/v2\/product\/3458","targetHints":{"allow":["GET"]}}],"collection":[{"href":"https:\/\/www.phivutabletennis.com\/index.php\/wp-json\/wp\/v2\/product"}],"about":[{"href":"https:\/\/www.phivutabletennis.com\/index.php\/wp-json\/wp\/v2\/types\/product"}],"replies":[{"embeddable":true,"href":"https:\/\/www.phivutabletennis.com\/index.php\/wp-json\/wp\/v2\/comments?post=3458"}],"wp:featuredmedia":[{"embeddable":true,"href":"https:\/\/www.phivutabletennis.com\/index.php\/wp-json\/wp\/v2\/media\/3443"}],"wp:attachment":[{"href":"https:\/\/www.phivutabletennis.com\/index.php\/wp-json\/wp\/v2\/media?parent=3458"}],"wp:term":[{"taxonomy":"product_cat","embeddable":true,"href":"https:\/\/www.phivutabletennis.com\/index.php\/wp-json\/wp\/v2\/product_cat?post=3458"},{"taxonomy":"product_tag","embeddable":true,"href":"https:\/\/www.phivutabletennis.com\/index.php\/wp-json\/wp\/v2\/product_tag?post=3458"}],"curies":[{"name":"wp","href":"https:\/\/api.w.org\/{rel}","templated":true}]}}