{"id":3703,"date":"2023-07-07T23:42:36","date_gmt":"2023-07-07T16:42:36","guid":{"rendered":"https:\/\/www.phivutabletennis.com\/?post_type=product&#038;p=3703"},"modified":"2023-07-07T23:42:37","modified_gmt":"2023-07-07T16:42:37","slug":"carbonado-45","status":"publish","type":"product","link":"https:\/\/www.phivutabletennis.com\/index.php\/product\/carbonado-45\/","title":{"rendered":"Carbonado 45"},"content":{"rendered":"<div>Th\u00f4ng tin s\u1ea3n ph\u1ea9m:<\/div>\n<div><\/div>\n<div>Control: 47<\/div>\n<div><\/div>\n<div>Speed :140<\/div>\n<div><\/div>\n<div>Veneer : 5+2<\/div>\n<div><\/div>\n<div>Style : Off<\/div>\n<div>\n<div>Carbonado 45 \u0111\u01b0\u1ee3c c\u1ea5u t\u1ea1o v\u1edbi c\u00e1c l\u1edbp Carbon \u1edf g\u00f3c 45 \u0111\u1ed9 .<\/div>\n<div><\/div>\n<div>*G\u00f3c 45 \u0111\u1ed9 cung c\u1ea5p kh\u1ea3 n\u0103ng u\u1ed1n xo\u1eafn ,gi\u00fap cho\u00a0 c\u1ed1t v\u1ee3t linh ho\u1ea1t h\u01a1n v\u00e0 t\u0103ng \u0111\u1ed9 c\u1ee9ng .<\/div>\n<div><\/div>\n<div>* Q\u0169y \u0111\u1ea1o cao khi\u1ebfn\u00a0 n\u00f3 tr\u1edf th\u00e0nh l\u1ef1a ch\u1ecdn ho\u00e0n h\u1ea3o cho ng\u01b0\u1eddi ch\u01a1i t\u1ea5n c\u00f4ng , nh\u1eefng ng\u01b0\u1eddi t\u00ecm ki\u1ebfm t\u1ed1c \u0111\u1ed9 t\u1ed1t v\u00e0 s\u1ef1 \u1ed5n \u0111\u1ecbnh k\u1ebft h\u1ee3p v\u1edbi kh\u1ea3 n\u0103ng ki\u1ec3m so\u00e1t tuy\u1ec7t v\u1eddi .<\/div>\n<div><\/div>\n<div>*64 gram s\u1ee3i Carbon tr\u00ean m\u1ed7i m2 . S\u1ee3i Carbon TeXtreme m\u1ecfng h\u01a1n \u0111\u1ec3 t\u0103ng c\u1ea3m gi\u00e1c v\u00e0 c\u1ea3m gi\u00e1c g\u1ed7 .<\/div>\n<div><\/div>\n<div>*\u0110i\u1ec3m ng\u1ecdt \u0111\u01b0\u1ee3c c\u00e1 nh\u00e2n ho\u00e1 r\u1ed9ng.<\/div>\n<div><\/div>\n<div>*\u0110\u01b0\u1ee3c s\u1eed d\u1ee5ng b\u1edfi Zhu Yuling v\u00e0 Chen Meng.<\/div>\n<div><\/div>\n<div>*V\u1edbi c\u1ed1t v\u1ee3t Carbonado,ch\u00fang t\u00f4i \u0111\u00e3 \u0111\u01b0a quy tr\u00ecnh s\u1ea3n xu\u1ea5t c\u1ed1t v\u1ee3t Carbonado l\u00ean m\u1ed9t t\u1ea7m cao m\u1edbi b\u1eb1ng c\u00e1ch s\u1eed d\u1ee5ng c\u00f4ng ngh\u1ec7 Carbon s\u1ea3n xu\u1ea5t t\u1ea1i Th\u1ee5y \u0110i\u1ec3n \u0111\u01b0\u1ee3c g\u1ecdi l\u00e0 TeXtreme .<\/div>\n<div><\/div>\n<div>C\u00e1c c\u1ed1t v\u1ee3t \u0111\u01b0\u1ee3c \u0111\u01b0\u1ee3c ch\u1ebf t\u1ea1i b\u1eb1ng 5 l\u1edbp g\u1ed7 v\u00e0 hai l\u1edbp s\u1ee3i TeXtreme Spread Tow Carbon nh\u1eb9 . Lo\u1ea1i Carbon \u0111\u1ed9c \u0111\u00e1o v\u00e0 \u0111\u01b0\u1ee3c c\u1ea5p b\u1eb1ng s\u00e1ng ch\u1ebf n\u00e0y l\u00e0 lo\u1ea1i Carbon \u0111\u1ea7u ti\u00ean thu\u1ed9c lo\u1ea1i n\u00e0y v\u00e0 ch\u01b0a t\u1eebng \u0111\u01b0\u1ee3c tr\u1ea3i nghi\u1ec7m trong m\u00f4n b\u00f3ng b\u00e0n tr\u01b0\u1edbc \u0111\u00e2y.<\/div>\n<\/div>\n","protected":false},"excerpt":{"rendered":"<p>Th\u00f4ng tin s\u1ea3n ph\u1ea9m: Control: 47 Speed :140 Veneer : 5+2 Style : Off Carbonado 45 \u0111\u01b0\u1ee3c c\u1ea5u t\u1ea1o v\u1edbi c\u00e1c l\u1edbp Carbon \u1edf g\u00f3c 45 \u0111\u1ed9 . *G\u00f3c 45 \u0111\u1ed9 cung c\u1ea5p kh\u1ea3 n\u0103ng u\u1ed1n xo\u1eafn ,gi\u00fap cho\u00a0 c\u1ed1t v\u1ee3t linh ho\u1ea1t h\u01a1n v\u00e0 t\u0103ng \u0111\u1ed9 c\u1ee9ng . * Q\u0169y \u0111\u1ea1o cao khi\u1ebfn\u00a0 n\u00f3 [&hellip;]<\/p>\n","protected":false},"featured_media":3706,"comment_status":"open","ping_status":"closed","template":"","meta":{"_eb_attr":""},"product_cat":[77,26],"product_tag":[],"class_list":["post-3703","product","type-product","status-publish","has-post-thumbnail","hentry","product_cat-stiga-cot-vot","product_cat-cot-vot"],"_links":{"self":[{"href":"https:\/\/www.phivutabletennis.com\/index.php\/wp-json\/wp\/v2\/product\/3703","targetHints":{"allow":["GET"]}}],"collection":[{"href":"https:\/\/www.phivutabletennis.com\/index.php\/wp-json\/wp\/v2\/product"}],"about":[{"href":"https:\/\/www.phivutabletennis.com\/index.php\/wp-json\/wp\/v2\/types\/product"}],"replies":[{"embeddable":true,"href":"https:\/\/www.phivutabletennis.com\/index.php\/wp-json\/wp\/v2\/comments?post=3703"}],"wp:featuredmedia":[{"embeddable":true,"href":"https:\/\/www.phivutabletennis.com\/index.php\/wp-json\/wp\/v2\/media\/3706"}],"wp:attachment":[{"href":"https:\/\/www.phivutabletennis.com\/index.php\/wp-json\/wp\/v2\/media?parent=3703"}],"wp:term":[{"taxonomy":"product_cat","embeddable":true,"href":"https:\/\/www.phivutabletennis.com\/index.php\/wp-json\/wp\/v2\/product_cat?post=3703"},{"taxonomy":"product_tag","embeddable":true,"href":"https:\/\/www.phivutabletennis.com\/index.php\/wp-json\/wp\/v2\/product_tag?post=3703"}],"curies":[{"name":"wp","href":"https:\/\/api.w.org\/{rel}","templated":true}]}}