{"id":3746,"date":"2023-07-08T00:05:56","date_gmt":"2023-07-07T17:05:56","guid":{"rendered":"https:\/\/www.phivutabletennis.com\/?post_type=product&#038;p=3746"},"modified":"2023-07-08T00:05:56","modified_gmt":"2023-07-07T17:05:56","slug":"inspira-ccf","status":"publish","type":"product","link":"https:\/\/www.phivutabletennis.com\/index.php\/product\/inspira-ccf\/","title":{"rendered":"Inspira CCF"},"content":{"rendered":"<div class=\"grid relative align-middle px-3 lg:px-3 py-3 lg:py-6 max-w-screen-xl mx-auto w-full grid-cols-1 lg:grid-cols-1 gap-x-0 lg:gap-x-0\">\n<div class=\"relative flex w-full lg:row-start-auto\">\n<div class=\"relative flex w-full  flex-col\">\n<div class=\"flex justify-center\">\n<div class=\"flex w-full flex-col border-b\">\n<div class=\"w-full\">\n<div class=\"py-3 flex justify-between w-full border-t cursor-pointer\">\n<p class=\"font-medium text-base\">th\u00f4ng s\u1ed1 k\u1ef9 thu\u1eadt<\/p>\n<\/div>\n<div class=\"pb-3\">\n<table class=\"w-full table-auto text-sm\">\n<tbody>\n<tr class=\"bg-gray-100\">\n<td class=\"font-bold p-2\">S\u1ed1 b\u00e0i vi\u1ebft:<\/td>\n<td class=\"p-2 flex justify-end\">1600-01<\/td>\n<\/tr>\n<tr class=\"\">\n<td class=\"font-bold p-2\">\u0110i\u1ec1u khi\u1ec3n:<\/td>\n<td class=\"p-2 flex justify-end\">45<\/td>\n<\/tr>\n<tr class=\"bg-gray-100\">\n<td class=\"font-bold p-2\">V\u00e1n l\u1ea1ng:<\/td>\n<td class=\"p-2 flex justify-end\">5+2<\/td>\n<\/tr>\n<tr class=\"\">\n<td class=\"font-bold p-2\">T\u1ed1c \u0111\u1ed9:<\/td>\n<td class=\"p-2 flex justify-end\">144<\/td>\n<\/tr>\n<\/tbody>\n<\/table>\n<\/div>\n<\/div>\n<\/div>\n<\/div>\n<\/div>\n<\/div>\n<\/div>\n<div class=\"grid relative align-middle px-0 lg:px-0 py-0 lg:py-0 w-full grid-cols-1 lg:grid-cols-1 gap-x-0 lg:gap-x-0\">\n<div class=\"relative flex w-full lg:row-start-auto\">\n<div class=\"relative flex w-full  flex-col\"><\/div>\n<\/div>\n<\/div>\n<div class=\"relative flex w-full lg:row-start-auto\">\n<div class=\"relative flex w-full  flex-col\">\n<div class=\"grid relative align-middle px-0 lg:px-0 py-6 lg:py-6 max-w-screen-xl mx-auto w-full grid-cols-2 lg:grid-cols-4 gap-x-0 lg:gap-x-0 gap-y-6 lg:gap-y-0\">\n<div class=\"relative flex w-full lg:row-start-auto\">\n<div class=\"text-sm leading-6 mb-3 mt-6 overflow-hidden \">\n<div>\n<ul class=\"list-disc ml-6\">\n<li>C\u1ed1t v\u1ee3t b\u00f3ng b\u00e0n t\u1ea5n c\u00f4ng nhanh v\u1edbi c\u00f4ng ngh\u1ec7 CCF (Close Core Fiber).<\/li>\n<li>M\u1ed9t l\u1edbp s\u1ee3i carbon tr\u00ean l\u00f5i g\u1ed7 cho c\u1ea3m gi\u00e1c ch\u1ea1m nh\u1eb9 nh\u00e0ng h\u01a1n v\u00e0 kh\u1ea3 n\u0103ng ki\u1ec3m so\u00e1t t\u1ed1t h\u01a1n.<\/li>\n<li>M\u1ed9t c\u1ed1t v\u1ee3t gi\u00fap b\u1ea1n c\u1ea3i thi\u1ec7n c\u1ea3m gi\u00e1c v\u00e0 ti\u1ebfp x\u00fac b\u00f3ng l\u00e2u h\u01a1n trong nh\u1eefng c\u00fa tr\u1ea3 b\u00f3ng c\u1ee7a b\u1ea1n.<\/li>\n<li>S\u1ef1 k\u1ebft h\u1ee3p ho\u00e0n h\u1ea3o gi\u1eefa s\u1ee3i carbon v\u00e0 g\u1ed7 \u0111\u1ec3 t\u1ea1o ra m\u1ed9t c\u1ed1t v\u1ee3t \u1ed5n \u0111\u1ecbnh v\u1edbi \u0111i\u1ec3m ng\u1ecdt l\u1edbn h\u01a1n.<\/li>\n<li>\u0110\u01b0\u1ee3c ph\u00e1t tri\u1ec3n v\u1edbi s\u1ef1 h\u1ee3p t\u00e1c c\u1ee7a nh\u1eefng ng\u01b0\u1eddi ch\u01a1i h\u00e0ng \u0111\u1ea7u c\u1ee7a Th\u1ee5y \u0110i\u1ec3n v\u00e0 Trung Qu\u1ed1c<\/li>\n<li>Inspira CCF l\u00e0 m\u1ed9t c\u1ed1t v\u1ee3t b\u1eb1ng s\u1ee3i carbon k\u1ebft h\u1ee3p t\u1ed1c \u0111\u1ed9 v\u00e0 \u0111\u1ed9 \u1ed5n \u0111\u1ecbnh do s\u1ee3i carbon mang l\u1ea1i v\u1edbi kh\u1ea3 n\u0103ng ki\u1ec3m so\u00e1t \u01b0u vi\u1ec7t do g\u1ed7 mang l\u1ea1i.\n<p>C\u1ed1t v\u1ee3t b\u00f3ng b\u00e0n t\u1ea5n c\u00f4ng n\u00e0y bao g\u1ed3m 5 l\u1edbp g\u1ed7 v\u00e0 2 l\u1edbp s\u1ee3i carbon, th\u01b0\u1eddng \u0111\u01b0\u1ee3c g\u1ecdi l\u00e0 c\u1ed1t v\u1ee3t 5+2 l\u1edbp.\u00a0C\u1ed1t v\u1ee3t \u0111\u01b0\u1ee3c thi\u1ebft k\u1ebf theo c\u00f4ng ngh\u1ec7 CCF (Close Core Fibre), ngh\u0129a l\u00e0 l\u1edbp s\u1ee3i carbon n\u1eb1m ngay tr\u00ean l\u00f5i g\u1ed7.\u00a0K\u1ebft qu\u1ea3 l\u00e0 b\u1ea1n c\u00f3 nhi\u1ec1u quy\u1ec1n ki\u1ec3m so\u00e1t v\u00e0 t\u1ed1c \u0111\u1ed9 h\u01a1n trong tr\u00f2 ch\u01a1i c\u1ee7a m\u00ecnh.\u00a0C\u00f4ng ngh\u1ec7 n\u00e0y mang l\u1ea1i m\u1ed9t s\u1ed1 l\u1ee3i th\u1ebf l\u1edbn trong qu\u1ea3 giao b\u00f3ng tr\u1ea3 l\u1ea1i th\u00f4ng qua ti\u1ebfp x\u00fac b\u00f3ng m\u1edf r\u1ed9ng v\u00e0 c\u1ea3i thi\u1ec7n c\u1ea3m gi\u00e1c, \u0111i\u1ec1u n\u00e0y c\u00f3 th\u1ec3 r\u1ea5t quan tr\u1ecdng trong c\u00e1c t\u00ecnh hu\u1ed1ng kh\u00f3 kh\u0103n.<\/p>\n<p>S\u1ee3i carbon \u0111\u01b0\u1ee3c s\u1eed d\u1ee5ng trong Inspira CCF \u0111\u01b0\u1ee3c s\u1ea3n xu\u1ea5t t\u1ea1i \u0110\u1ee9c, qu\u1ed1c gia n\u1ed5i ti\u1ebfng v\u1ec1 s\u1ea3n xu\u1ea5t v\u1eadt li\u1ec7u composite s\u1ee3i.\u00a0M\u1ed9t k\u1ef9 thu\u1eadt ti\u00ean ti\u1ebfn v\u1edbi nhi\u1ec7t \u0111\u1ed9 cao \u0111\u01b0\u1ee3c s\u1eed d\u1ee5ng \u0111\u1ec3 chuy\u1ec3n \u0111\u1ed5i s\u1ee3i carbon th\u00f4 th\u00e0nh v\u1eadt li\u1ec7u gi\u1ed1ng nh\u01b0 than ch\u00ec c\u1ef1c k\u1ef3 b\u1ec1n v\u00e0 c\u1ee9ng, mang l\u1ea1i t\u1ed1c \u0111\u1ed9 nhanh h\u01a1n v\u00e0 \u0111i\u1ec3m ng\u1ecdt l\u1edbn h\u01a1n.<\/p>\n<p>L\u1edbp veneer b\u00ean ngo\u00e0i c\u1ee7a koto \u0111\u00e3 tr\u1ea3i qua qu\u00e1 tr\u00ecnh x\u1eed l\u00fd b\u1ec1 m\u1eb7t \u0111\u1ed9c \u0111\u00e1o, c\u00f9ng v\u1edbi c\u00f4ng ngh\u1ec7 CCF, gi\u00fap b\u1ea1n t\u0103ng th\u1eddi gian d\u1eebng.<\/li>\n<\/ul>\n<\/div>\n<\/div>\n<\/div>\n<\/div>\n<\/div>\n<\/div>\n","protected":false},"excerpt":{"rendered":"<p>th\u00f4ng s\u1ed1 k\u1ef9 thu\u1eadt S\u1ed1 b\u00e0i vi\u1ebft: 1600-01 \u0110i\u1ec1u khi\u1ec3n: 45 V\u00e1n l\u1ea1ng: 5+2 T\u1ed1c \u0111\u1ed9: 144 C\u1ed1t v\u1ee3t b\u00f3ng b\u00e0n t\u1ea5n c\u00f4ng nhanh v\u1edbi c\u00f4ng ngh\u1ec7 CCF (Close Core Fiber). M\u1ed9t l\u1edbp s\u1ee3i carbon tr\u00ean l\u00f5i g\u1ed7 cho c\u1ea3m gi\u00e1c ch\u1ea1m nh\u1eb9 nh\u00e0ng h\u01a1n v\u00e0 kh\u1ea3 n\u0103ng ki\u1ec3m so\u00e1t t\u1ed1t h\u01a1n. M\u1ed9t c\u1ed1t v\u1ee3t [&hellip;]<\/p>\n","protected":false},"featured_media":3748,"comment_status":"open","ping_status":"closed","template":"","meta":{"_eb_attr":""},"product_cat":[77,26],"product_tag":[],"class_list":["post-3746","product","type-product","status-publish","has-post-thumbnail","hentry","product_cat-stiga-cot-vot","product_cat-cot-vot"],"_links":{"self":[{"href":"https:\/\/www.phivutabletennis.com\/index.php\/wp-json\/wp\/v2\/product\/3746","targetHints":{"allow":["GET"]}}],"collection":[{"href":"https:\/\/www.phivutabletennis.com\/index.php\/wp-json\/wp\/v2\/product"}],"about":[{"href":"https:\/\/www.phivutabletennis.com\/index.php\/wp-json\/wp\/v2\/types\/product"}],"replies":[{"embeddable":true,"href":"https:\/\/www.phivutabletennis.com\/index.php\/wp-json\/wp\/v2\/comments?post=3746"}],"wp:featuredmedia":[{"embeddable":true,"href":"https:\/\/www.phivutabletennis.com\/index.php\/wp-json\/wp\/v2\/media\/3748"}],"wp:attachment":[{"href":"https:\/\/www.phivutabletennis.com\/index.php\/wp-json\/wp\/v2\/media?parent=3746"}],"wp:term":[{"taxonomy":"product_cat","embeddable":true,"href":"https:\/\/www.phivutabletennis.com\/index.php\/wp-json\/wp\/v2\/product_cat?post=3746"},{"taxonomy":"product_tag","embeddable":true,"href":"https:\/\/www.phivutabletennis.com\/index.php\/wp-json\/wp\/v2\/product_tag?post=3746"}],"curies":[{"name":"wp","href":"https:\/\/api.w.org\/{rel}","templated":true}]}}