{"id":3976,"date":"2023-07-11T23:41:15","date_gmt":"2023-07-11T16:41:15","guid":{"rendered":"https:\/\/www.phivutabletennis.com\/?post_type=product&#038;p=3976"},"modified":"2023-07-11T23:41:15","modified_gmt":"2023-07-11T16:41:15","slug":"ban-bong-ban-kamito-premium","status":"publish","type":"product","link":"https:\/\/www.phivutabletennis.com\/index.php\/product\/ban-bong-ban-kamito-premium\/","title":{"rendered":"B\u00c0N B\u00d3NG B\u00c0N KAMITO PREMIUM"},"content":{"rendered":"<div class=\"title-bl\">\n<h2>M\u00d4 T\u1ea2<\/h2>\n<\/div>\n<div class=\"description-content\">\n<div class=\"description-productdetail\">\n<p><strong>\u00a0 \u00a0GI\u1edaI THI\u1ec6U B\u00c0N B\u00d3NG B\u00c0N KAMITO PREMIUM<\/strong><\/p>\n<p>Xu\u1ea5t ph\u00e1t l\u00e0 nh\u1eefng ng\u01b0\u1eddi ch\u01a1i v\u00e0 t\u1eadp luy\u1ec7n b\u00f3ng b\u00e0n nhi\u1ec1u n\u0103m n\u00ean ngay t\u1eeb khi th\u00e0nh l\u1eadp, Kamito lu\u00f4n ch\u00fa tr\u1ecdng v\u00e0o c\u00e1c s\u1ea3n ph\u1ea9m b\u00f3ng b\u00e0n, \u0111\u1eb7c bi\u1ec7t l\u00e0 b\u00e0n b\u00f3ng b\u00e0n, d\u1ee5ng c\u1ee5 quan tr\u1ecdng h\u00e0ng \u0111\u1ea7u trong b\u1ed9 m\u00f4n n\u00e0y.<\/p>\n<p>Ba d\u00f2ng s\u1ea3n ph\u1ea9m b\u00e0n b\u00f3ng b\u00e0n \u0111\u1ea7u ti\u00ean c\u1ee7a Kamito \u0111\u00f3 l\u00e0 6815 6818 v\u00e0 6825 ngay t\u1eeb khi xu\u1ea5t hi\u1ec7n \u0111\u00e3 g\u00e2y ti\u1ebfng vang l\u1edbn trong c\u1ed9ng \u0111\u1ed3ng b\u00f3ng b\u00e0n khi \u0111\u01b0\u1ee3c s\u1eed d\u1ee5ng \u1edf r\u1ea5t nhi\u1ec1u CLB v\u00e0 c\u00e1c gi\u1ea3i \u0111\u1ea5u tr\u00ean To\u00e0n qu\u1ed1c.<\/p>\n<p>B\u01b0\u1edbc sang n\u0103m 2021, v\u1edbi mong mu\u1ed1n n\u00e2ng t\u1ea7m tr\u1ea3i nghi\u1ec7m c\u1ee7a ng\u01b0\u1eddi d\u00f9ng l\u00ean m\u1ed9t t\u1ea7m cao m\u1edbi, \u0111\u1ed9i ng\u0169 c\u1ee7a Kamito \u0111\u00e3 d\u00e0y c\u00f4ng nghi\u00ean c\u1ee9u nhi\u1ec1u th\u00e1ng \u0111\u1ec3 cho ra m\u1eaft s\u1ea3n ph\u1ea9m m\u1edbi: B\u00e0n b\u00f3ng b\u00e0n KAMITO PREMIUM v\u1edbi r\u1ea5t nhi\u1ec1u \u0111i\u1ec3m \u0111\u1eb7c bi\u1ec7t:<\/p>\n<p>&#8211; C\u00e1c th\u00f4ng s\u1ed1 k\u0129 thu\u1eadt \u0111\u1ea1t chu\u1ea9n c\u1ee7a m\u1ed9t b\u00e0n thi \u0111\u1ea5u Qu\u1ed1c t\u1ebf.<\/p>\n<p>&#8211; B\u00e0n Kamito Premium \u0111\u01b0\u1ee3c l\u00e0m t\u1eeb g\u1ed7 MDF cao c\u1ea5p v\u00e0 r\u1ea5t \u1ed5n \u0111\u1ecbnh, b\u1ec1n b\u1ec9 theo th\u1eddi gian. B\u1ec1 m\u1eb7t b\u00e0n \u0111\u01b0\u1ee3c ph\u1ee7 l\u1edbp s\u01a1n ch\u1ed1ng l\u00f3a si\u00eau m\u1ecbn, mang t\u1edbi tr\u1ea3i nghi\u1ec7m \u1ea5n t\u01b0\u1ee3ng cho c\u00e1c V\u0110V khi thi \u0111\u1ea5u.<\/p>\n<p>&#8211; \u0110\u1ed9 d\u00e0y n\u1eb9p b\u00e0n \u0111\u01b0\u1ee3c n\u00e2ng l\u00ean m\u1ee9c 60mm mang t\u1edbi s\u1ef1 v\u1eefng ch\u00e3i v\u00e0 ch\u1eafc ch\u1eafn cho m\u1eb7t b\u00e0n.<\/p>\n<p>&#8211; B\u1ed9 ch\u00e2n \u0111\u1ebf \u0111\u01b0\u1ee3c l\u00e0m t\u1eeb th\u00e9p cao c\u1ea5p ch\u1ecbu l\u1ef1c, \u0111\u1eb7c bi\u1ec7t \u1ed5n \u0111\u1ecbnh, mang t\u1edbi s\u1ef1 v\u1eefng ch\u1eafc v\u00e0 c\u00e2n b\u1eb1ng cho b\u00e0n. B\u00ean c\u1ea1nh \u0111\u00f3, ph\u1ea7n crossbar n\u1ed1i gi\u1eefa hai ch\u00e2n \u0111\u1ebf \u0111\u01b0\u1ee3c l\u00e0m r\u1ed9ng b\u1ea3n v\u00e0 trang tr\u00ed h\u1ecda ti\u1ebft, t\u1ea1o n\u00ean s\u1ef1 \u0111\u1ed9c \u0111\u00e1o v\u00e0 \u0111\u1eb9p m\u1eaft cho t\u1ed5ng th\u1ec3 s\u1ea3n ph\u1ea9m.<\/p>\n<p>&#8211; Kamito Premium c\u00f3 th\u1ec3 g\u1eadp \u0111\u00f4i l\u1ea1i, d\u1ec5 d\u00e0ng di chuy\u1ec3n v\u00e0 ti\u1ebft ki\u1ec7m di\u1ec7n t\u00edch. B\u1ed9 ch\u1ed1t \u0111\u00f4i c\u1ef1c k\u1ef3 an to\u00e0n cho ng\u01b0\u1eddi s\u1eed d\u1ee5ng m\u1ed7i l\u1ea7n g\u1eadp b\u00e0n.<\/p>\n<p>&#8211; B\u00e1nh xe c\u1ee7a Kamito Premium \u0111\u01b0\u1ee3c l\u00e0m d\u1ea1ng b\u00e1nh \u0111\u00f4i v\u1edbi k\u00edch th\u01b0\u1edbc l\u1edbn 120mm mang t\u1edbi s\u1ef1 ch\u1eafc ch\u1eafn, tr\u01a1n tru khi d\u1ecbch chuy\u1ec3n v\u00e0 g\u00f3p ph\u1ea7n gi\u00fap b\u00e0n v\u1eefng ch\u1eafc khi s\u1eed d\u1ee5ng.<\/p>\n<p>V\u1edbi r\u1ea5t nhi\u1ec1u s\u1ef1 n\u00e2ng c\u1ea5p \u0111\u00e1ng ch\u00fa \u00fd v\u00e0 c\u00e1c th\u00f4ng s\u1ed1 k\u0129 thu\u1eadt \u0111\u1ea1t chu\u1ea9n c\u1ee7a m\u1ed9t b\u00e0n thi \u0111\u1ea5u Qu\u1ed1c t\u1ebf, Kamito hy v\u1ecdng r\u1eb1ng b\u00e0n b\u00f3ng b\u00e0n Kamito Premium s\u1ebd mang t\u1edbi nh\u1eefng tr\u1ea3i nghi\u1ec7m tuy\u1ec7t v\u1eddi cho ng\u01b0\u1eddi ch\u01a1i b\u00f3ng b\u00e0n c\u1ea3 n\u01b0\u1edbc, \u0111\u1eb7c bi\u1ec7t l\u00e0 c\u00e1c V\u0110V khi thi \u0111\u1ea5u c\u00e1c gi\u1ea3i \u0111\u1ea5u. \u1ede m\u1ee5c ti\u00eau xa h\u01a1n, ch\u00fang t\u00f4i mong mu\u1ed1n b\u00e0n Kamito Premium s\u1ebd \u0111\u01b0\u1ee3c s\u1eed d\u1ee5ng r\u1ed9ng r\u00e3i \u1edf c\u00e1c gi\u1ea3i \u0111\u1ea5u Qu\u1ed1c t\u1ebf l\u1edbn v\u00e0 uy t\u00edn.<\/p>\n<p>&nbsp;<\/p>\n<p>&gt; Th\u00f4ng s\u1ed1 k\u0129 thu\u1eadt b\u00e0n b\u00f3ng b\u00e0n Kamito Premium:<\/p>\n<p>&#8211; K\u00edch th\u01b0\u1edbc: 2740mm x 1525mm x 760mm<\/p>\n<p>&#8211; Ch\u1ea5t li\u1ec7u MDF cao c\u1ea5p.<\/p>\n<p>&#8211; \u0110\u1ed9 d\u00e0y m\u1eb7t b\u00e0n: 25mm<\/p>\n<p>&#8211; \u0110\u1ed9 d\u00e0y n\u1eb9p b\u00e0n: 60mm.<\/p>\n<p>&#8211; K\u00edch th\u01b0\u1edbc ch\u00e2n b\u00e0n: 50*50mm<\/p>\n<p>&#8211; K\u00edch th\u01b0\u1edbc b\u00e1nh xe: 120mm<\/p>\n<p>&#8211; Tr\u1ecdng l\u01b0\u1ee3ng: 125Kg<\/p>\n<\/div>\n<\/div>\n","protected":false},"excerpt":{"rendered":"<p>M\u00d4 T\u1ea2 \u00a0 \u00a0GI\u1edaI THI\u1ec6U B\u00c0N B\u00d3NG B\u00c0N KAMITO PREMIUM Xu\u1ea5t ph\u00e1t l\u00e0 nh\u1eefng ng\u01b0\u1eddi ch\u01a1i v\u00e0 t\u1eadp luy\u1ec7n b\u00f3ng b\u00e0n nhi\u1ec1u n\u0103m n\u00ean ngay t\u1eeb khi th\u00e0nh l\u1eadp, Kamito lu\u00f4n ch\u00fa tr\u1ecdng v\u00e0o c\u00e1c s\u1ea3n ph\u1ea9m b\u00f3ng b\u00e0n, \u0111\u1eb7c bi\u1ec7t l\u00e0 b\u00e0n b\u00f3ng b\u00e0n, d\u1ee5ng c\u1ee5 quan tr\u1ecdng h\u00e0ng \u0111\u1ea7u trong b\u1ed9 m\u00f4n n\u00e0y. [&hellip;]<\/p>\n","protected":false},"featured_media":3977,"comment_status":"open","ping_status":"closed","template":"","meta":{"_eb_attr":""},"product_cat":[165],"product_tag":[],"class_list":["post-3976","product","type-product","status-publish","has-post-thumbnail","hentry","product_cat-ban-bong-ban"],"_links":{"self":[{"href":"https:\/\/www.phivutabletennis.com\/index.php\/wp-json\/wp\/v2\/product\/3976","targetHints":{"allow":["GET"]}}],"collection":[{"href":"https:\/\/www.phivutabletennis.com\/index.php\/wp-json\/wp\/v2\/product"}],"about":[{"href":"https:\/\/www.phivutabletennis.com\/index.php\/wp-json\/wp\/v2\/types\/product"}],"replies":[{"embeddable":true,"href":"https:\/\/www.phivutabletennis.com\/index.php\/wp-json\/wp\/v2\/comments?post=3976"}],"wp:featuredmedia":[{"embeddable":true,"href":"https:\/\/www.phivutabletennis.com\/index.php\/wp-json\/wp\/v2\/media\/3977"}],"wp:attachment":[{"href":"https:\/\/www.phivutabletennis.com\/index.php\/wp-json\/wp\/v2\/media?parent=3976"}],"wp:term":[{"taxonomy":"product_cat","embeddable":true,"href":"https:\/\/www.phivutabletennis.com\/index.php\/wp-json\/wp\/v2\/product_cat?post=3976"},{"taxonomy":"product_tag","embeddable":true,"href":"https:\/\/www.phivutabletennis.com\/index.php\/wp-json\/wp\/v2\/product_tag?post=3976"}],"curies":[{"name":"wp","href":"https:\/\/api.w.org\/{rel}","templated":true}]}}