{"id":3978,"date":"2023-07-11T23:42:04","date_gmt":"2023-07-11T16:42:04","guid":{"rendered":"https:\/\/www.phivutabletennis.com\/?post_type=product&#038;p=3978"},"modified":"2023-07-11T23:42:04","modified_gmt":"2023-07-11T16:42:04","slug":"ban-kamito-km6818","status":"publish","type":"product","link":"https:\/\/www.phivutabletennis.com\/index.php\/product\/ban-kamito-km6818\/","title":{"rendered":"B\u00c0N KAMITO KM6818"},"content":{"rendered":"<div class=\"title-bl\">\n<h2>M\u00d4 T\u1ea2<\/h2>\n<\/div>\n<div class=\"description-content\">\n<div class=\"description-productdetail\">\n<p>B\u00c0N B\u00d3NG B\u00c0N KAMITO KM6818<\/p>\n<p><strong>&#8211; K\u00edch th\u01b0\u1edbc:<\/strong>\u00a02740mm x 1525mm x 760mm<br \/>\n<strong>&#8211; Ch\u1ea5t li\u1ec7u<\/strong>\u00a0MDF cao c\u1ea5p.<br \/>\n<strong>&#8211; \u0110\u1ed9 d\u00e0y m\u1eb7t b\u00e0n:<\/strong>\u00a018mm<br \/>\n<strong>&#8211; \u0110\u1ed9 d\u00e0y n\u1eb9p b\u00e0n:<\/strong>\u00a040mm.<br \/>\n<strong>&#8211; K\u00edch th\u01b0\u1edbc ch\u00e2n b\u00e0n:<\/strong>\u00a040*40mm<br \/>\n<strong>&#8211; K\u00edch th\u01b0\u1edbc b\u00e1nh xe:<\/strong>\u00a075mm<br \/>\nG. W. 85Kg N. W.88Kg<\/p>\n<\/div>\n<\/div>\n","protected":false},"excerpt":{"rendered":"<p>M\u00d4 T\u1ea2 B\u00c0N B\u00d3NG B\u00c0N KAMITO KM6818 &#8211; K\u00edch th\u01b0\u1edbc:\u00a02740mm x 1525mm x 760mm &#8211; Ch\u1ea5t li\u1ec7u\u00a0MDF cao c\u1ea5p. &#8211; \u0110\u1ed9 d\u00e0y m\u1eb7t b\u00e0n:\u00a018mm &#8211; \u0110\u1ed9 d\u00e0y n\u1eb9p b\u00e0n:\u00a040mm. &#8211; K\u00edch th\u01b0\u1edbc ch\u00e2n b\u00e0n:\u00a040*40mm &#8211; K\u00edch th\u01b0\u1edbc b\u00e1nh xe:\u00a075mm G. W. 85Kg N. W.88Kg<\/p>\n","protected":false},"featured_media":3979,"comment_status":"open","ping_status":"closed","template":"","meta":{"_eb_attr":""},"product_cat":[165],"product_tag":[],"class_list":["post-3978","product","type-product","status-publish","has-post-thumbnail","hentry","product_cat-ban-bong-ban"],"_links":{"self":[{"href":"https:\/\/www.phivutabletennis.com\/index.php\/wp-json\/wp\/v2\/product\/3978","targetHints":{"allow":["GET"]}}],"collection":[{"href":"https:\/\/www.phivutabletennis.com\/index.php\/wp-json\/wp\/v2\/product"}],"about":[{"href":"https:\/\/www.phivutabletennis.com\/index.php\/wp-json\/wp\/v2\/types\/product"}],"replies":[{"embeddable":true,"href":"https:\/\/www.phivutabletennis.com\/index.php\/wp-json\/wp\/v2\/comments?post=3978"}],"wp:featuredmedia":[{"embeddable":true,"href":"https:\/\/www.phivutabletennis.com\/index.php\/wp-json\/wp\/v2\/media\/3979"}],"wp:attachment":[{"href":"https:\/\/www.phivutabletennis.com\/index.php\/wp-json\/wp\/v2\/media?parent=3978"}],"wp:term":[{"taxonomy":"product_cat","embeddable":true,"href":"https:\/\/www.phivutabletennis.com\/index.php\/wp-json\/wp\/v2\/product_cat?post=3978"},{"taxonomy":"product_tag","embeddable":true,"href":"https:\/\/www.phivutabletennis.com\/index.php\/wp-json\/wp\/v2\/product_tag?post=3978"}],"curies":[{"name":"wp","href":"https:\/\/api.w.org\/{rel}","templated":true}]}}