{"id":417,"date":"2023-04-02T00:00:37","date_gmt":"2023-04-01T17:00:37","guid":{"rendered":"http:\/\/www.phivutabletennis.com\/?post_type=product&#038;p=417"},"modified":"2023-04-02T00:35:09","modified_gmt":"2023-04-01T17:35:09","slug":"dignics-05","status":"publish","type":"product","link":"https:\/\/www.phivutabletennis.com\/index.php\/product\/dignics-05\/","title":{"rendered":"DIGNICS 05"},"content":{"rendered":"<p class=\"p1\"><b>M\u1eb6T\u00a0V\u1ee2T BUTTERFLY DIGNICS 05<\/b><\/p>\n<p class=\"p1\"><b>S\u1ea3n xu\u1ea5t t\u1ea1i Nh\u1eadt B\u1ea3n<\/b><\/p>\n<p>\u0110i\u1ec3m n\u1ed5i b\u1eadt c\u00f4ng ngh\u1ec7 &#8220;<strong>Spring sponge\u00a0<\/strong><strong>X&#8221;<\/strong>\u00a0 &#8211;\u00a0Tr\u00ecnh \u0111\u1ed9 \u0111\u1ec9nh cao v\u1edbi\u00a0<strong>\u0111\u01b0\u1eddng b\u00f3ng xo\u00e1y tuy\u1ec7t v\u1eddi<\/strong>.<\/p>\n<p><img decoding=\"async\" src=\"https:\/\/bongban.asia\/image\/data\/BUTTERFLY\/mat-vot-lan\/D05%201.jpg\" alt=\"\" \/><\/p>\n<p>Dignics 05\u00a0h\u01b0\u1edbng \u0111\u1ebfn l\u1ed1i \u0111\u00e1nh k\u1ef9 thu\u1eadt \u0111\u1ec9nh cao, t\u0103ng c\u01b0\u1eddng \u0111\u1ed9 \u0111\u00e0n h\u1ed3i b\u1eb1ng c\u00e1ch\u00a0<strong>c\u1ea3i ti\u1ebfn c\u00f4ng ngh\u1ec7 \u201cSpring sponge\u201d th\u00e0nh\u00a0\u201cSpring Sponge X\u201d<\/strong>, k\u1ebft h\u1ee3p m\u1eb7t l\u00f3t\u00a0<strong>c\u00f4ng ngh\u1ec7 \u0111\u1ed9c quy\u1ec1n gi\u00fap b\u1ec1 m\u1eb7t m\u1eb7t v\u1ee3t Dignics 05 c\u00f3 t\u00ednh \u0111\u00e0n h\u1ed3i v\u00e0 c\u00f3 \u0111\u1ed9 b\u1ec1n v\u01b0\u1ee3t tr\u1ed9i<\/strong>.<\/p>\n<p>Dignics 05 \u0111\u01b0\u1ee3c ph\u00e1t tri\u1ec3n \u1ee9ng d\u1ee5ng h\u00ecnh d\u00e1ng gai m\u00e3 s\u1ed1 No.05, t\u00ednh n\u0103ng \u0111\u1eb7c tr\u01b0ng v\u1ec1 \u0111\u1ed9 xo\u00e1y cao. V\u1edbi \u01b0u \u0111i\u1ec3m n\u00e0y, m\u1eb7t v\u1ee3t Dignics 05\u00a0h\u01b0\u1edbng t\u1edbi l\u1ed1i \u0111\u00e1nh \u00f4m b\u00e0n, gi\u1eadt t\u1ed1c \u0111\u1ed9 hay t\u1ea5n c\u00f4ng t\u1ed1c \u0111\u1ed9 hai c\u00e0ng&#8230; Th\u00edch h\u1ee3p v\u1edbi ng\u01b0\u1eddi ch\u01a1i mu\u1ed1n n\u00e2ng cao tr\u00ecnh \u0111\u1ed9, ph\u00e1t huy uy l\u1ef1c t\u1ea5n c\u00f4ng \u0111\u1ec9nh cao b\u1eb1ng c\u00e1ch t\u0103ng c\u01b0\u1eddng k\u1ef9 thu\u1eadt t\u1ea1o xo\u00e1y.<\/p>\n<p><img decoding=\"async\" src=\"https:\/\/bongban.asia\/image\/data\/06040_07.jpg\" alt=\"\" \/><\/p>\n<p>Dignics 05\u00a0v\u1edbi t\u00ednh n\u0103ng v\u01b0\u1ee3t tr\u1ed9i v\u1ec1 \u0111\u1ed9 xo\u00e1y v\u00e0 t\u1ed1c \u0111\u1ed9, th\u1eddi gian l\u01b0u b\u00f3ng l\u00e2u n\u00ean \u0111i\u1ec3m ti\u1ebfp x\u00fac r\u1ed9ng, b\u00f3ng ch\u1ea1m b\u00e0n \u0111\u1ed1i ph\u01b0\u01a1ng v\u1edbi qu\u1ef9 \u0111\u1ea1o b\u00f3ng b\u1ed5ng v\u00e0 d\u00e0i.<\/p>\n<p><img decoding=\"async\" src=\"https:\/\/bongban.asia\/image\/data\/TSP\/cot-vot-thang\/DIGNICS%20LINH.jpg\" alt=\"\" \/><\/p>\n<p>Dignics 05\u00a0kh\u00f4ng nh\u1eefng s\u1edf h\u1eefu nh\u1eefng t\u00ednh n\u0103ng \u0111\u1eb7c tr\u01b0ng c\u1ee7a Tenergy 05, h\u01a1n th\u1ebf n\u1eefa, c\u00f4ng ngh\u1ec7 m\u1edbi c\u1ea3i ti\u1ebfn h\u01a1n, hi\u1ec7u su\u1ea5t t\u1ea1o xo\u00e1y cao khi b\u00f3ng v\u1eeba ch\u1ea1m v\u00e0o m\u1eb7t v\u1ee3t gi\u00fap ng\u01b0\u1eddi ch\u01a1i c\u00f3 th\u1ec3 ph\u00e1t huy k\u1ef9 thu\u1eadt h\u1ea5t b\u00f3ng, t\u0103ng l\u1ef1c \u0111\u1ee1 giao b\u00f3ng nhanh, m\u1ea1nh\u00a0v\u00e0 ch\u00ednh x\u00e1c hay nh\u1eefng k\u1ef9 thu\u1eadt t\u1ea5n c\u00f4ng t\u1ed1c \u0111\u1ed9 \u00f4m b\u00e0n b\u1eb1ng nh\u1eefng c\u00fa \u0111\u00e1nh b\u00f3ng xo\u00e1y \u0111\u1ea7y uy l\u1ef1c.<\/p>\n<p><img decoding=\"async\" src=\"https:\/\/bongban.asia\/image\/data\/2019\/SO%20SANH%20DIGNICS%20VA%20TENERGY%2005%20HOAN%20CHINH.png\" alt=\"\" \/><\/p>\n<p>Ngo\u00e0i ra, c\u00f4ng ngh\u1ec7 m\u1edbi gi\u00fap ng\u01b0\u1eddi ch\u01a1i c\u00f3 th\u1ec3 k\u1ebft h\u1ee3p th\u1ef1c hi\u1ec7n nh\u1eefng c\u00fa \u0111\u00e1nh b\u00f3ng nhanh, m\u1ea1nh v\u00e0 t\u1ed1c \u0111\u1ed9 ngay c\u1ea3 khi \u0111\u00f4i c\u00f4ng, \u0111i\u1ec1u n\u00e0y l\u00e0 m\u1ed9t l\u1ee3i th\u1ebf s\u1ee9c m\u1ea1nh cho ng\u01b0\u1eddi ch\u01a1i.<\/p>\n<p>\u25cf\u00a0Dignics 05 khuy\u00ean d\u00f9ng cho ng\u01b0\u1eddi ch\u01a1i n\u00e0o ???<\/p>\n<p>&#8211;\u00a0 T\u00f4i mu\u1ed1n \u0111\u1ee1 giao b\u00f3ng nhanh, m\u1ea1nh v\u00e0 ch\u00ednh x\u00e1c.<\/p>\n<p>\u25cf\u00a0Ph\u00e1t huy t\u1ed1i \u0111a uy l\u1ef1c c\u1ee7a k\u1ef9 thu\u1eadt h\u1ea5t b\u00f3ng b\u1eb1ng c\u00e1ch ti\u1ebfp x\u00fac b\u00f3ng m\u1ecfng tr\u00ean m\u1eb7t v\u1ee3t&#8221;<\/p>\n<p>&#8211; T\u00f4i mu\u1ed1n n\u00e2ng cao k\u1ef9 thu\u1eadt t\u1ea5n c\u00f4ng \u00f4m b\u00e0n.<\/p>\n<p>\u25cf\u00a0Dignics 05 d\u1ec5 d\u00e0ng b\u1eaft b\u00f3ng v\u00e0 th\u1ef1c hi\u1ec7n k\u1ef9 thu\u1eadt gi\u1eadt t\u1ea5n c\u00f4ng \u00f4m b\u00e0n v\u1edbi \u0111\u1ed9 ch\u00ednh x\u00e1c cao.<\/p>\n<p>&#8211; T\u00f4i mu\u1ed1n ch\u01a1i t\u1ea5n c\u00f4ng to\u00e0n di\u1ec7n trong ph\u1ea1m vi r\u1ed9ng.<\/p>\n<p>\u25cf\u00a0S\u1ee9c m\u1ea1nh \u0111\u01b0\u1ee3c truy\u1ec1n \u0111\u1ebfn qu\u1ea3 b\u00f3ng v\u1edbi \u0111i\u1ec3m ti\u1ebfp x\u00fac b\u00f3ng r\u1ed9ng, bao g\u1ed3m c\u00e1c \u0111i\u1ec3m ti\u1ebfp x\u00fac quanh c\u1ea1nh v\u1ee3t gi\u00fap ng\u01b0\u1eddi ch\u01a1i c\u00f3 c\u1ea3m gi\u00e1c \u1ed5n \u0111\u1ecbnh.<\/p>\n<p>&#8211; T\u00f4i kh\u00f4ng t\u1ef1 tin v\u1ec1 s\u1ee9c m\u1ea1nh<\/p>\n<p>\u25cf\u00a0D\u00f9 ch\u1ec9 m\u1ed9t c\u00fa \u0111\u00e1nh demi, l\u1ef1c b\u00f3ng \u0111i v\u1eabn \u0111\u1ea7y uy l\u1ef1c, v\u00ec v\u1eady ngay c\u1ea3 nh\u1eefng v\u1eadn \u0111\u1ed9ng vi\u00ean kh\u00f4ng t\u1ef1 tin v\u00e0o s\u1ee9c m\u1ea1nh c\u1ee7a m\u00ecnh v\u1eabn c\u00f3 th\u1ec3 ph\u00e1t huy l\u1ee3i th\u1ebf n\u00e0y m\u1ed9t c\u00e1ch to\u00e0n di\u1ec7n.<\/p>\n<p>&#8211; T\u00f4i kh\u00f4ng d\u1ec5 d\u00e0ng th\u1ef1c hi\u1ec7n k\u1ef9 thu\u1eadt t\u1ea1o xo\u00e1y.<br \/>\nC\u00f4ng ngh\u1ec7 mang l\u1ea1i hi\u1ec7u qu\u1ea3 \u0111\u1eb7c bi\u1ec7t v\u00e0 n\u1ed5i b\u1eadt v\u1ec1 t\u00ednh n\u0103ng t\u1ea1o xo\u00e1y.<\/p>\n<table border=\"0\" cellspacing=\"1\" cellpadding=\"1\">\n<tbody>\n<tr>\n<td>T\u1ed1c \u0111\u1ed9<\/td>\n<td>: 86<\/td>\n<\/tr>\n<tr>\n<td>\u0110\u00f4\u0323 xoa\u0301y<\/td>\n<td>: 85<\/td>\n<\/tr>\n<tr>\n<td>\u0110\u00f4\u0323 c\u01b0\u0301ng<\/td>\n<td>: 40<\/td>\n<\/tr>\n<tr>\n<td>Quy\u0303 \u0111a\u0323o bo\u0301ng<\/td>\n<td>: 88<\/td>\n<\/tr>\n<tr>\n<td>\u0110\u00f4\u0323 da\u0300y<\/td>\n<td>: 1.9 mm va\u0300 2.1 mm<\/td>\n<\/tr>\n<\/tbody>\n<\/table>\n<p><strong>***T\u1eeb th\u00e1ng 2 n\u0103m 2023 th\u01b0\u01a1ng hi\u00ea\u0323u Butterfly \u0111a\u0303 a\u0301p d\u1ee5ng nh\u1eefng c\u1ea3i ti\u1ebfn m\u01a1\u0301i trong ph\u01b0\u01a1ng ph\u00e1p \u0111o l\u01b0\u1eddng v\u00e0 \u0111\u00e1nh gi\u00e1 s\u1ea3n ph\u1ea9m. Ca\u0301ch th\u00ea\u0309 hi\u00ea\u0323n th\u00f4ng s\u00f4\u0301 \u0111\u01b0\u01a1\u0323c thay \u0111\u1ed5i nh\u01b0 tr\u00ean.\u00a0<\/strong><br \/>\n<strong>Theo th\u00f4ng s\u00f4\u0301 chu\u00e2\u0309n cu\u0309a ha\u0303ng Butterfly<\/strong><\/p>\n","protected":false},"excerpt":{"rendered":"<p>M\u1eb6T\u00a0V\u1ee2T BUTTERFLY DIGNICS 05 S\u1ea3n xu\u1ea5t t\u1ea1i Nh\u1eadt B\u1ea3n \u0110i\u1ec3m n\u1ed5i b\u1eadt c\u00f4ng ngh\u1ec7 &#8220;Spring sponge\u00a0X&#8221;\u00a0 &#8211;\u00a0Tr\u00ecnh \u0111\u1ed9 \u0111\u1ec9nh cao v\u1edbi\u00a0\u0111\u01b0\u1eddng b\u00f3ng xo\u00e1y tuy\u1ec7t v\u1eddi. Dignics 05\u00a0h\u01b0\u1edbng \u0111\u1ebfn l\u1ed1i \u0111\u00e1nh k\u1ef9 thu\u1eadt \u0111\u1ec9nh cao, t\u0103ng c\u01b0\u1eddng \u0111\u1ed9 \u0111\u00e0n h\u1ed3i b\u1eb1ng c\u00e1ch\u00a0c\u1ea3i ti\u1ebfn c\u00f4ng ngh\u1ec7 \u201cSpring sponge\u201d th\u00e0nh\u00a0\u201cSpring Sponge X\u201d, k\u1ebft h\u1ee3p m\u1eb7t l\u00f3t\u00a0c\u00f4ng ngh\u1ec7 \u0111\u1ed9c [&hellip;]<\/p>\n","protected":false},"featured_media":418,"comment_status":"open","ping_status":"closed","template":"","meta":{"_eb_attr":""},"product_cat":[48,49,29],"product_tag":[],"class_list":["post-417","product","type-product","status-publish","has-post-thumbnail","hentry","product_cat-butterfly-mv","product_cat-dignics","product_cat-mat-vot"],"_links":{"self":[{"href":"https:\/\/www.phivutabletennis.com\/index.php\/wp-json\/wp\/v2\/product\/417","targetHints":{"allow":["GET"]}}],"collection":[{"href":"https:\/\/www.phivutabletennis.com\/index.php\/wp-json\/wp\/v2\/product"}],"about":[{"href":"https:\/\/www.phivutabletennis.com\/index.php\/wp-json\/wp\/v2\/types\/product"}],"replies":[{"embeddable":true,"href":"https:\/\/www.phivutabletennis.com\/index.php\/wp-json\/wp\/v2\/comments?post=417"}],"wp:featuredmedia":[{"embeddable":true,"href":"https:\/\/www.phivutabletennis.com\/index.php\/wp-json\/wp\/v2\/media\/418"}],"wp:attachment":[{"href":"https:\/\/www.phivutabletennis.com\/index.php\/wp-json\/wp\/v2\/media?parent=417"}],"wp:term":[{"taxonomy":"product_cat","embeddable":true,"href":"https:\/\/www.phivutabletennis.com\/index.php\/wp-json\/wp\/v2\/product_cat?post=417"},{"taxonomy":"product_tag","embeddable":true,"href":"https:\/\/www.phivutabletennis.com\/index.php\/wp-json\/wp\/v2\/product_tag?post=417"}],"curies":[{"name":"wp","href":"https:\/\/api.w.org\/{rel}","templated":true}]}}