{"id":4899,"date":"2024-09-13T22:56:01","date_gmt":"2024-09-13T15:56:01","guid":{"rendered":"https:\/\/www.phivutabletennis.com\/?post_type=product&#038;p=4899"},"modified":"2024-09-20T00:09:56","modified_gmt":"2024-09-19T17:09:56","slug":"giay-asics-attack-excounter-2-red-purple","status":"publish","type":"product","link":"https:\/\/www.phivutabletennis.com\/index.php\/product\/giay-asics-attack-excounter-2-red-purple\/","title":{"rendered":"Gi\u00e0y Asics Attack Excounter 2"},"content":{"rendered":"<p>Gi\u00e0y Asics Attack Excounter 2<\/p>\n<p>\u0110\u01b0\u1ee3c nhi\u1ec1u ng\u01b0\u1eddi \u0111\u00e1nh gi\u00e1 cao t\u1eeb ch\u1ea5t l\u01b0\u1ee3ng \u0111\u1ebf gi\u00e0y \u0111\u1ebfn \u0111\u1ed9 b\u1ec1n.<\/p>\n<p>Gi\u00e0y \u0111\u01b0\u1ee3c ph\u1ed1i m\u00e0u tr\u1eafng xanh, ki\u1ec3u d\u00e1ng hi\u1ec7n \u0111\u1ea1i, phong c\u00e1ch m\u1ea1nh m\u1ebd r\u1ea5t b\u1eaft m\u1eaft, gi\u00fap mang l\u1ea1i s\u1ef1 t\u1ef1 tin cho ng\u01b0\u1eddi d\u00f9ng khi tham gia c\u00e1c b\u1ed9 m\u00f4n th\u1ec3 thao.<\/p>\n<p>Gi\u00e0y \u0111\u01b0\u1ee3c trang b\u1ecb l\u1edbp \u0111\u1ec7m \u1edf g\u00f3t ch\u00e2n gi\u00fap t\u1ef1 \u0111\u1ed9ng \u0111i\u1ec1u ch\u1ec9nh v\u1eeba kh\u00edt v\u1edbi c\u00e1c k\u00edch c\u1ee1 ch\u00e2n kh\u00e1c nhau m\u00e0 v\u1eabn \u0111\u1ea3m b\u1ea3o \u0111\u01b0\u1ee3c s\u1ef1 tho\u1ea3i m\u00e1i.<\/p>\n<p>Thi\u1ebft k\u1ebf \u0111\u1ebf cao su v\u1edbi c\u1ea5u tr\u00fac 3 l\u1edbp v\u00e0 c\u00e1c r\u00e3nh \u1edf \u0111\u1ebf gi\u00fap ch\u1ed1ng tr\u01b0\u1ee3t tuy\u1ec7t v\u1eddi v\u00e0 gi\u00fap b\u00e0n ch\u00e2n c\u00f3 th\u1ec3 u\u1ed1n cong d\u1ec5 d\u00e0ng.<\/p>\n<p>Xu\u1ea5t x\u1ee9: Nh\u1eadt B\u1ea3n<\/p>\n","protected":false},"excerpt":{"rendered":"<p>Gi\u00e0y Asics Attack Excounter 2 \u0110\u01b0\u1ee3c nhi\u1ec1u ng\u01b0\u1eddi \u0111\u00e1nh gi\u00e1 cao t\u1eeb ch\u1ea5t l\u01b0\u1ee3ng \u0111\u1ebf gi\u00e0y \u0111\u1ebfn \u0111\u1ed9 b\u1ec1n. Gi\u00e0y \u0111\u01b0\u1ee3c ph\u1ed1i m\u00e0u tr\u1eafng xanh, ki\u1ec3u d\u00e1ng hi\u1ec7n \u0111\u1ea1i, phong c\u00e1ch m\u1ea1nh m\u1ebd r\u1ea5t b\u1eaft m\u1eaft, gi\u00fap mang l\u1ea1i s\u1ef1 t\u1ef1 tin cho ng\u01b0\u1eddi d\u00f9ng khi tham gia c\u00e1c b\u1ed9 m\u00f4n th\u1ec3 thao. Gi\u00e0y \u0111\u01b0\u1ee3c [&hellip;]<\/p>\n","protected":false},"featured_media":4894,"comment_status":"open","ping_status":"closed","template":"","meta":{"_eb_attr":""},"product_cat":[63,59],"product_tag":[],"class_list":["post-4899","product","type-product","status-publish","has-post-thumbnail","hentry","product_cat-asics-giay","product_cat-giay-vo"],"_links":{"self":[{"href":"https:\/\/www.phivutabletennis.com\/index.php\/wp-json\/wp\/v2\/product\/4899","targetHints":{"allow":["GET"]}}],"collection":[{"href":"https:\/\/www.phivutabletennis.com\/index.php\/wp-json\/wp\/v2\/product"}],"about":[{"href":"https:\/\/www.phivutabletennis.com\/index.php\/wp-json\/wp\/v2\/types\/product"}],"replies":[{"embeddable":true,"href":"https:\/\/www.phivutabletennis.com\/index.php\/wp-json\/wp\/v2\/comments?post=4899"}],"wp:featuredmedia":[{"embeddable":true,"href":"https:\/\/www.phivutabletennis.com\/index.php\/wp-json\/wp\/v2\/media\/4894"}],"wp:attachment":[{"href":"https:\/\/www.phivutabletennis.com\/index.php\/wp-json\/wp\/v2\/media?parent=4899"}],"wp:term":[{"taxonomy":"product_cat","embeddable":true,"href":"https:\/\/www.phivutabletennis.com\/index.php\/wp-json\/wp\/v2\/product_cat?post=4899"},{"taxonomy":"product_tag","embeddable":true,"href":"https:\/\/www.phivutabletennis.com\/index.php\/wp-json\/wp\/v2\/product_tag?post=4899"}],"curies":[{"name":"wp","href":"https:\/\/api.w.org\/{rel}","templated":true}]}}