{"id":4929,"date":"2024-09-15T22:18:14","date_gmt":"2024-09-15T15:18:14","guid":{"rendered":"https:\/\/www.phivutabletennis.com\/?post_type=product&#038;p=4929"},"modified":"2024-09-19T23:54:03","modified_gmt":"2024-09-19T16:54:03","slug":"mat-vottenergy-05-fx","status":"publish","type":"product","link":"https:\/\/www.phivutabletennis.com\/index.php\/product\/mat-vottenergy-05-fx\/","title":{"rendered":"TENERGY 05 FX"},"content":{"rendered":"<p class=\"p1\"><b>M\u1eb6T\u00a0V\u1ee2T BUTTERFLY\u00a0<\/b><strong>TENERGY 05 FX<\/strong><\/p>\n<p class=\"p1\"><b>S\u1ea3n xu\u1ea5t t\u1ea1i Nh\u1eadt B\u1ea3n\u00a0<\/b><br \/>\nB\u1ea1n \u0111\u00e3 s\u1eed d\u1ee5ng v\u00e0 c\u1ea3m nh\u1eadn \u0111\u01b0\u1ee3c t\u00ednh n\u0103ng \u01b0u vi\u1ec7t c\u1ee7a d\u00f2ng s\u1ea3n ph\u1ea9m Tenergy 05?<br \/>\nB\u1ea1n mu\u1ed1n t\u00ecm ki\u1ebfm th\u00eam v\u1ec1 s\u1ef1 \u1ed5n \u0111\u1ecbnh v\u00e0 c\u1ea3m gi\u00e1c d\u1ec5 \u0111i\u1ec1u khi\u1ec3n h\u01a1n n\u1eefa nh\u01b0ng v\u1eabn \u0111\u1ea3m b\u1ea3o s\u1ef1 an to\u00e0n v\u00e0 \u0111\u1ed9 b\u00e1m xo\u00e1y?<\/p>\n<p>D\u00f2ng s\u1ea3n ph\u1ea9m\u00a0<strong>Tenergy 05 FX<\/strong>\u00a0s\u1ebd \u0111\u00e1p \u1ee9ng nhu c\u1ea7u c\u1ee7a B\u1ea1n v\u1edbi s\u1ef1 thay \u0111\u1ed5i v\u1ec1 c\u1ea5u t\u1ea1o c\u1ee7a m\u1eb7t l\u00f3t. M\u1eb7t l\u00f3t \u0111\u01b0\u1ee3c ch\u1ebf t\u1ea1o m\u1ec1m h\u01a1n so v\u1edbi m\u1eb7t l\u00f3t c\u1ee7a c\u00e1c d\u00f2ng Tenergy th\u00f4ng th\u01b0\u1eddng kh\u00e1c nh\u1eb1m t\u0103ng kh\u1ea3 n\u0103ng ki\u1ec3m so\u00e1t b\u00f3ng v\u00e0 s\u1ef1 \u1ed5n \u0111\u1ecbnh cho ng\u01b0\u1eddi ch\u01a1i.<\/p>\n<table border=\"0\" cellspacing=\"1\" cellpadding=\"1\">\n<tbody>\n<tr>\n<td>T\u1ed1c \u0111\u1ed9<\/td>\n<td>: 81<\/td>\n<\/tr>\n<tr>\n<td>\u0110\u00f4\u0323 xoa\u0301y<\/td>\n<td>: 64<\/td>\n<\/tr>\n<tr>\n<td>\u0110\u00f4\u0323 c\u01b0\u0301ng<\/td>\n<td>: 32<\/td>\n<\/tr>\n<tr>\n<td>Quy\u0303 \u0111a\u0323o bo\u0301ng<\/td>\n<td>: 65<\/td>\n<\/tr>\n<tr>\n<td>\u0110\u00f4\u0323 da\u0300y<\/td>\n<td>: 1.9 mm va\u0300 2.1 mm<\/td>\n<\/tr>\n<\/tbody>\n<\/table>\n","protected":false},"excerpt":{"rendered":"<p>M\u1eb6T\u00a0V\u1ee2T BUTTERFLY\u00a0TENERGY 05 FX S\u1ea3n xu\u1ea5t t\u1ea1i Nh\u1eadt B\u1ea3n\u00a0 B\u1ea1n \u0111\u00e3 s\u1eed d\u1ee5ng v\u00e0 c\u1ea3m nh\u1eadn \u0111\u01b0\u1ee3c t\u00ednh n\u0103ng \u01b0u vi\u1ec7t c\u1ee7a d\u00f2ng s\u1ea3n ph\u1ea9m Tenergy 05? B\u1ea1n mu\u1ed1n t\u00ecm ki\u1ebfm th\u00eam v\u1ec1 s\u1ef1 \u1ed5n \u0111\u1ecbnh v\u00e0 c\u1ea3m gi\u00e1c d\u1ec5 \u0111i\u1ec1u khi\u1ec3n h\u01a1n n\u1eefa nh\u01b0ng v\u1eabn \u0111\u1ea3m b\u1ea3o s\u1ef1 an to\u00e0n v\u00e0 \u0111\u1ed9 b\u00e1m xo\u00e1y? [&hellip;]<\/p>\n","protected":false},"featured_media":4930,"comment_status":"open","ping_status":"closed","template":"","meta":{"_eb_attr":""},"product_cat":[48,29],"product_tag":[],"class_list":["post-4929","product","type-product","status-publish","has-post-thumbnail","hentry","product_cat-butterfly-mv","product_cat-mat-vot"],"_links":{"self":[{"href":"https:\/\/www.phivutabletennis.com\/index.php\/wp-json\/wp\/v2\/product\/4929","targetHints":{"allow":["GET"]}}],"collection":[{"href":"https:\/\/www.phivutabletennis.com\/index.php\/wp-json\/wp\/v2\/product"}],"about":[{"href":"https:\/\/www.phivutabletennis.com\/index.php\/wp-json\/wp\/v2\/types\/product"}],"replies":[{"embeddable":true,"href":"https:\/\/www.phivutabletennis.com\/index.php\/wp-json\/wp\/v2\/comments?post=4929"}],"wp:featuredmedia":[{"embeddable":true,"href":"https:\/\/www.phivutabletennis.com\/index.php\/wp-json\/wp\/v2\/media\/4930"}],"wp:attachment":[{"href":"https:\/\/www.phivutabletennis.com\/index.php\/wp-json\/wp\/v2\/media?parent=4929"}],"wp:term":[{"taxonomy":"product_cat","embeddable":true,"href":"https:\/\/www.phivutabletennis.com\/index.php\/wp-json\/wp\/v2\/product_cat?post=4929"},{"taxonomy":"product_tag","embeddable":true,"href":"https:\/\/www.phivutabletennis.com\/index.php\/wp-json\/wp\/v2\/product_tag?post=4929"}],"curies":[{"name":"wp","href":"https:\/\/api.w.org\/{rel}","templated":true}]}}