{"id":5082,"date":"2024-09-29T21:04:36","date_gmt":"2024-09-29T14:04:36","guid":{"rendered":"https:\/\/www.phivutabletennis.com\/?post_type=product&#038;p=5082"},"modified":"2024-09-29T21:04:37","modified_gmt":"2024-09-29T14:04:37","slug":"wave-medal-neo-trang-den","status":"publish","type":"product","link":"https:\/\/www.phivutabletennis.com\/index.php\/product\/wave-medal-neo-trang-den\/","title":{"rendered":"WAVE MEDAL NEO &#8211; Tr\u1eafng\/ \u0110en"},"content":{"rendered":"<p><strong>GI\u00c0Y B\u00d3NG B\u00c0N MIZUNO WAVE MEDAL NEO\u00a0\u00a0<\/strong><\/p>\n<p><strong>Mizuno Wave Medal Neo<\/strong>\u00a0l\u00e0 m\u1eabu gi\u00e0y b\u00f3ng b\u00e0n v\u1eeba \u0111\u01b0\u1ee3c Mizuno cho ra m\u1eaft v\u00e0o m\u00f9a thu \u0111\u00f4ng 2023 v\u1edbi thi\u1ebft k\u1ebf v\u00f4 c\u00f9ng \u0111\u1eb9p m\u1eaft \u0111i k\u00e8m t\u00ednh n\u0103ng \u0111\u01b0\u1ee3c c\u1ea3i ti\u1ebfn v\u01b0\u1ee3t tr\u1ed9i h\u01a1n nhi\u1ec1u m\u1eabu gi\u00e0y tr\u01b0\u1edbc \u0111\u1ec3 mang \u0111\u1ebfn ng\u01b0\u1eddi ch\u01a1i m\u1ed9t c\u1ea3m gi\u00e1c \u0111\u1ec9nh cao m\u1edbi v\u00e0 ch\u1eafc ch\u1eafn tay v\u1ee3t n\u00e0o c\u0169ng s\u1ebd t\u00f2 m\u00f2 v\u00e0 mong mu\u1ed1n \u0111\u01b0\u1ee3c tr\u1ea3i nghi\u1ec7m.<\/p>\n<ul>\n<li>C\u00f4ng ngh\u1ec7 n\u1ed5i b\u1eadt:<\/li>\n<\/ul>\n<p><strong>Mizuno Wave:<\/strong>\u00a0C\u00f4ng ngh\u1ec7 Wave \u0111\u1ed9c quy\u1ec1n c\u1ee7a Mizuno v\u1edbi l\u1edbp \u0111\u1ebf d\u1ea1ng s\u00f3ng gi\u00fap d\u00e0n tr\u1ea3i l\u1ef1c khi b\u1ea1n ti\u1ebfp \u0111\u1ea5t ra to\u00e0n \u0111\u00f4i gi\u00e0y thay v\u00ec ch\u1ec9 g\u00f3t ch\u1ecbu \u00e1p l\u1ef1c, \u0111\u1ed3ng th\u1eddi t\u1ea1o n\u00ean s\u1ef1 \u1ed5n \u0111\u1ecbnh, an to\u00e0n cho ng\u01b0\u1eddi \u0111i, ph\u00f2ng tr\u00e1nh nh\u1eefng ch\u1ea5n th\u01b0\u01a1ng kh\u00f4ng \u0111\u00e1ng c\u00f3.<\/p>\n<p><strong>PoWnCe:<\/strong>\u00a0M\u1ed9t l\u1edbp \u0111\u1ec7m si\u00eau nh\u1eb9 \u1edf \u0111\u1ebf gi\u00e0y, \u00eam \u00e1i, gi\u1ea3m ch\u1ea5n r\u1ea5t t\u1ed1t.<\/p>\n<p><strong>XG Rubber:<\/strong>\u00a0Cao su XG \u0111\u01b0\u1ee3c \u00e1p d\u1ee5ng \u1edf m\u1eb7t ngo\u00e0i c\u1ee7a \u0111\u1ebf gi\u00e0y, b\u1ec1n b\u1ec9 v\u00e0 gi\u00fap b\u00e1m s\u00e2n c\u1ef1c t\u1ed1t.<\/p>\n<p><strong>DynaWrap Fit:<\/strong>\u00a0Thi\u1ebft k\u1ebf form gi\u00e0y \u00f4m s\u00e1t \u0111\u00f4i b\u00e0n ch\u00e2n ng\u01b0\u1eddi Ch\u00e2u \u00c1, mang \u0111\u1ebfn c\u1ea3m gi\u00e1c v\u1eeba v\u1eb7n nh\u01b0 \u0111\u01b0\u1ee3c ch\u01a1i b\u1eb1ng ch\u00e2n tr\u1ea7n. \u0110\u1ed3ng th\u1eddi \u0111\u1ea3m b\u1ea3o ch\u00e2n \u0111\u01b0\u1ee3c chuy\u1ec3n \u0111\u1ed9ng ch\u1eafc ch\u1eafn, ch\u00ednh x\u00e1c v\u00e0 an to\u00e0n trong b\u1ed9 m\u00f4n b\u00f3ng b\u00e0n, gi\u00fap ng\u0103n ng\u1eeba nh\u1eefng chuy\u1ec3n \u0111\u1ed9ng th\u1eeba g\u00e2y ch\u1ea5n th\u01b0\u01a1ng kh\u00f4ng \u0111\u00e1ng c\u00f3.<\/p>\n<p><strong>AeroVent:<\/strong>\u00a0Thi\u1ebft k\u1ebf s\u00e1ng t\u1ea1o v\u1edbi l\u1edbp v\u1ea3i l\u01b0\u1edbi AeroVent bao ph\u1ee7 th\u00e2n gi\u00e0y t\u1ea1o \u0111i\u1ec1u ki\u1ec7n tho\u00e1ng kh\u00ed, \u0111\u1ea3m b\u1ea3o b\u00e0n ch\u00e2n c\u1ee7a b\u1ea1n lu\u00f4n kh\u00f4 r\u00e1o v\u00e0 tho\u1ea3i m\u00e1i ngay c\u1ea3 trong nh\u1eefng tr\u1eadn \u0111\u1ea5u c\u0103ng th\u1eb3ng v\u1edbi c\u01b0\u1eddng \u0111\u1ed9 thi \u0111\u1ea5u li\u00ean t\u1ee5c.<\/p>\n<p><strong>Gi\u00e0y b\u00f3ng b\u00e0n Mizuno Wave Medal Neo<\/strong>\u00a0v\u1edbi c\u00f4ng ngh\u1ec7 Mizuno Wave \u0111\u01b0\u1ee3c c\u1ea3i ti\u1ebfn l\u00ean 1 t\u1ea7m cao m\u1edbi, s\u1ebd gi\u00fap b\u1ea1n th\u1ef1c hi\u1ec7n c\u00e1c chuy\u1ec3n \u0111\u1ed9ng ngang nhanh nh\u01b0 ch\u1edbp v\u00e0 t\u0103ng c\u01b0\u1eddng \u0111\u1ed9 \u1ed5n \u0111\u1ecbnh trong thi \u0111\u1ea5u.<\/p>\n<p>V\u1edbi thi\u1ebft k\u1ebf \u0111\u01b0\u1ee3c gia c\u1ed1 \u0111\u1ed9 b\u1ec1n, m\u1eabu gi\u00e0y n\u00e0y s\u1ebd l\u00e0 s\u1ef1 l\u1ef1a ch\u1ecdn tuy\u1ec7t v\u1eddi \u0111\u1ec3 v\u01b0\u1ee3t qua th\u1eed th\u00e1ch th\u1eddi gian v\u1edbi v\u00f4 s\u1ed1 tr\u1eadn \u0111\u1ea5u \u0111\u1ea7y th\u00e1ch th\u1ee9c.<\/p>\n<p>H\u00e3y \u0111\u1ec3\u00a0<strong>Mizuno Wave Medal Neo<\/strong>\u00a0n\u00e2ng t\u1ea7m tr\u1eadn \u0111\u1ea5u c\u1ee7a b\u1ea1n!<\/p>\n<p><strong>B\u1ea2NG SIZE GI\u00c0Y THAM KH\u1ea2O<\/strong><\/p>\n<p><img decoding=\"async\" src=\"https:\/\/file.hstatic.net\/1000313927\/file\/size_giay_mizuno_044277d528974ef48a4baf3595b78e6c.jpg\" \/><\/p>\n","protected":false},"excerpt":{"rendered":"<p>GI\u00c0Y B\u00d3NG B\u00c0N MIZUNO WAVE MEDAL NEO\u00a0\u00a0 Mizuno Wave Medal Neo\u00a0l\u00e0 m\u1eabu gi\u00e0y b\u00f3ng b\u00e0n v\u1eeba \u0111\u01b0\u1ee3c Mizuno cho ra m\u1eaft v\u00e0o m\u00f9a thu \u0111\u00f4ng 2023 v\u1edbi thi\u1ebft k\u1ebf v\u00f4 c\u00f9ng \u0111\u1eb9p m\u1eaft \u0111i k\u00e8m t\u00ednh n\u0103ng \u0111\u01b0\u1ee3c c\u1ea3i ti\u1ebfn v\u01b0\u1ee3t tr\u1ed9i h\u01a1n nhi\u1ec1u m\u1eabu gi\u00e0y tr\u01b0\u1edbc \u0111\u1ec3 mang \u0111\u1ebfn ng\u01b0\u1eddi ch\u01a1i m\u1ed9t c\u1ea3m gi\u00e1c [&hellip;]<\/p>\n","protected":false},"featured_media":5085,"comment_status":"open","ping_status":"closed","template":"","meta":{"_eb_attr":""},"product_cat":[59,62],"product_tag":[],"class_list":["post-5082","product","type-product","status-publish","has-post-thumbnail","hentry","product_cat-giay-vo","product_cat-mizuno-giay"],"_links":{"self":[{"href":"https:\/\/www.phivutabletennis.com\/index.php\/wp-json\/wp\/v2\/product\/5082","targetHints":{"allow":["GET"]}}],"collection":[{"href":"https:\/\/www.phivutabletennis.com\/index.php\/wp-json\/wp\/v2\/product"}],"about":[{"href":"https:\/\/www.phivutabletennis.com\/index.php\/wp-json\/wp\/v2\/types\/product"}],"replies":[{"embeddable":true,"href":"https:\/\/www.phivutabletennis.com\/index.php\/wp-json\/wp\/v2\/comments?post=5082"}],"wp:featuredmedia":[{"embeddable":true,"href":"https:\/\/www.phivutabletennis.com\/index.php\/wp-json\/wp\/v2\/media\/5085"}],"wp:attachment":[{"href":"https:\/\/www.phivutabletennis.com\/index.php\/wp-json\/wp\/v2\/media?parent=5082"}],"wp:term":[{"taxonomy":"product_cat","embeddable":true,"href":"https:\/\/www.phivutabletennis.com\/index.php\/wp-json\/wp\/v2\/product_cat?post=5082"},{"taxonomy":"product_tag","embeddable":true,"href":"https:\/\/www.phivutabletennis.com\/index.php\/wp-json\/wp\/v2\/product_tag?post=5082"}],"curies":[{"name":"wp","href":"https:\/\/api.w.org\/{rel}","templated":true}]}}