{"id":5410,"date":"2024-10-17T16:47:57","date_gmt":"2024-10-17T09:47:57","guid":{"rendered":"https:\/\/www.phivutabletennis.com\/?post_type=product&#038;p=5410"},"modified":"2024-10-17T17:01:09","modified_gmt":"2024-10-17T10:01:09","slug":"balo-vloop-essentials","status":"publish","type":"product","link":"https:\/\/www.phivutabletennis.com\/index.php\/product\/balo-vloop-essentials\/","title":{"rendered":"BALO VLOOP ESSENTIALS"},"content":{"rendered":"<ul>\n<li>\u0110\u00e2y c\u00f3 ph\u1ea3i l\u00e0 chi\u1ebfc Balo b\u1ea1n \u0111ang t\u00ecm ki\u1ebfm v\u1edbi ch\u1ee9c n\u0103ng v\u01b0\u1ee3t tr\u1ed9i:<\/li>\n<\/ul>\n<p>\u2705 Ng\u0103n \u0111\u1ef1ng gi\u00e0y ri\u00eang<br \/>\n\u2705 Ng\u0103n \u0111\u1ef1ng v\u1ee3t\/ Laptop<br \/>\n\u2705 Ng\u0103n l\u01b0\u1edbi b\u00ean h\u00f4ng<br \/>\n\u2705 Ng\u0103n ch\u00ednh g\u1ed3m 4 ng\u0103n ph\u1ee5 \ud83e\udd70<\/p>\n<p>\u2705 K\u00edch th\u01b0\u1edbc: 32 x 43 x 14cm<br \/>\n\u2705 M\u00e0u s\u1eafc: S\u1ecdc \u0110\u1ecf v\u00e0 S\u1ecdc Xanh D\u01b0\u01a1ng<\/p>\n","protected":false},"excerpt":{"rendered":"<p>\u0110\u00e2y c\u00f3 ph\u1ea3i l\u00e0 chi\u1ebfc Balo b\u1ea1n \u0111ang t\u00ecm ki\u1ebfm v\u1edbi ch\u1ee9c n\u0103ng v\u01b0\u1ee3t tr\u1ed9i: \u2705 Ng\u0103n \u0111\u1ef1ng gi\u00e0y ri\u00eang \u2705 Ng\u0103n \u0111\u1ef1ng v\u1ee3t\/ Laptop \u2705 Ng\u0103n l\u01b0\u1edbi b\u00ean h\u00f4ng \u2705 Ng\u0103n ch\u00ednh g\u1ed3m 4 ng\u0103n ph\u1ee5 \ud83e\udd70 \u2705 K\u00edch th\u01b0\u1edbc: 32 x 43 x 14cm \u2705 M\u00e0u s\u1eafc: S\u1ecdc \u0110\u1ecf v\u00e0 S\u1ecdc Xanh D\u01b0\u01a1ng<\/p>\n","protected":false},"featured_media":5411,"comment_status":"open","ping_status":"closed","template":"","meta":{"_eb_attr":""},"product_cat":[85,194],"product_tag":[],"class_list":["post-5410","product","type-product","status-publish","has-post-thumbnail","hentry","product_cat-balo-bao-vot","product_cat-vloop"],"_links":{"self":[{"href":"https:\/\/www.phivutabletennis.com\/index.php\/wp-json\/wp\/v2\/product\/5410","targetHints":{"allow":["GET"]}}],"collection":[{"href":"https:\/\/www.phivutabletennis.com\/index.php\/wp-json\/wp\/v2\/product"}],"about":[{"href":"https:\/\/www.phivutabletennis.com\/index.php\/wp-json\/wp\/v2\/types\/product"}],"replies":[{"embeddable":true,"href":"https:\/\/www.phivutabletennis.com\/index.php\/wp-json\/wp\/v2\/comments?post=5410"}],"wp:featuredmedia":[{"embeddable":true,"href":"https:\/\/www.phivutabletennis.com\/index.php\/wp-json\/wp\/v2\/media\/5411"}],"wp:attachment":[{"href":"https:\/\/www.phivutabletennis.com\/index.php\/wp-json\/wp\/v2\/media?parent=5410"}],"wp:term":[{"taxonomy":"product_cat","embeddable":true,"href":"https:\/\/www.phivutabletennis.com\/index.php\/wp-json\/wp\/v2\/product_cat?post=5410"},{"taxonomy":"product_tag","embeddable":true,"href":"https:\/\/www.phivutabletennis.com\/index.php\/wp-json\/wp\/v2\/product_tag?post=5410"}],"curies":[{"name":"wp","href":"https:\/\/api.w.org\/{rel}","templated":true}]}}